{"id":753884,"date":"2025-08-28T05:55:26","date_gmt":"2025-08-28T02:55:26","guid":{"rendered":"https:\/\/roveyayinevi.com.tr\/index.php\/urun\/omurden-sayfalar\/"},"modified":"2026-04-16T03:07:21","modified_gmt":"2026-04-16T00:07:21","slug":"omurden-sayfalar","status":"publish","type":"product","link":"https:\/\/roveyayinevi.com.tr\/index.php\/urun\/omurden-sayfalar\/","title":{"rendered":"\u00d6m\u00fcrden Sayfalar"},"content":{"rendered":"<p>Azerbaycanl\u0131 \u015fair ve yazar Bahtiyar Vahapzade, 16 A\u011fustos 1925 y\u0131l\u0131nda Azerbaycan\u2019\u0131n kuzeyinde bulunan \u015eeki \u015fehrinde d\u00fcnyaya gelmi\u015ftir. Azerbaycanl\u0131 \u015fair ve yazarlar\u0131n T\u00fcrkiyede en \u00e7ok tan\u0131nan\u0131d\u0131r. Ba\u015fta T\u00fcrk Edebiyat\u0131 olmak \u00fczere bir\u00e7ok dergide \u015fiir ve makaleleri yay\u0131nlanm\u0131\u015f, \u015fu ana dek \u00fclkemizde onlarca kitab\u0131 bas\u0131lm\u0131\u015ft\u0131r. Elinizdeki kitap 10 b\u00f6l\u00fcmden meydana gelmektedir. \u0130lk b\u00f6l\u00fcmde Vahapzade\u2019nin \u201cOtobiyografim\u201d ve \u201c\u00d6m\u00fcrden Sayfalar\u201d isimli iki yaz\u0131s\u0131 bulunmaktad\u0131r. Bu yaz\u0131larda Vahapzade \u00e7ocuklu\u011fuyla beraber devrinin iktisadi, siyasi ve sosyal panoramas\u0131n\u0131 da vermi\u015ftir. Di\u011fer b\u00f6l\u00fcmler ise \u015funlard\u0131r: Sanat g\u00f6r\u00fc\u015f\u00fcm, ana, vatan, dil, din, tarih, edebiyat, seyahat ve musiki. Vahapzade\u2019nin ilgi \u00e7ekici g\u00f6r\u00fc\u015f ve d\u00fc\u015f\u00fcncelerini yans\u0131tan bu 10 b\u00f6l\u00fcmde toplam 25 makale mevcuttur. Kanaatimizce Vahapzade\u2019yi \u00e7e\u015fitli y\u00f6nleriyle tan\u0131tan bu kitap, bug\u00fcne kadar sanat\u00e7\u0131n\u0131n \u00fclkemizde yay\u0131nlanan en g\u00fczel ve en faydal\u0131 eseridir. Vahapzade\u2019nin m\u00fcspet taraflar\u0131ndan biri de dilinin ve \u00fcslubunun a\u00e7\u0131k, sade, anla\u015f\u0131l\u0131r ve ak\u0131c\u0131 olmas\u0131d\u0131r. \u00d6yle inan\u0131yoruz ki, T\u00fcrk okuyucusu bu kitab\u0131 sevecek ve yazar\u0131n\u0131 daha yak\u0131ndan tan\u0131yacakt\u0131r. <\/p>\n","protected":false},"excerpt":{"rendered":"<p>Azerbaycanl\u0131 \u015fair ve yazar Bahtiyar Vahapzade, 16 A\u011fustos 1925 y\u0131l\u0131nda Azerbaycan\u2019\u0131n kuzeyinde bulunan \u015eeki \u015fehrinde d\u00fcnyaya gelmi\u015ftir. Azerbaycanl\u0131 \u015fair ve yazarlar\u0131n T\u00fcrkiyede en \u00e7ok tan\u0131nan\u0131d\u0131r. Ba\u015fta<span class=\"excerpt-hellip\"> [\u2026]<\/span><\/p>\n","protected":false},"featured_media":0,"template":"","meta":{"_monsterinsights_skip_tracking":false,"_monsterinsights_sitenote_active":false,"_monsterinsights_sitenote_note":"","_monsterinsights_sitenote_category":0},"product_brand":[],"product_cat":[52477],"product_tag":[],"class_list":{"0":"post-753884","1":"product","2":"type-product","3":"status-publish","5":"product_cat-arastirma","6":"pa_cilt-ciltsiz","7":"pa_tur-kitap","8":"pa_yayinevi-bilge-tonyukuk-yayinlari","9":"pa_yazar-bahtiyar-vahapzade","11":"first","12":"instock","13":"sale","14":"shipping-taxable","15":"purchasable","16":"product-type-simple"},"_links":{"self":[{"href":"https:\/\/roveyayinevi.com.tr\/index.php\/wp-json\/wp\/v2\/product\/753884","targetHints":{"allow":["GET"]}}],"collection":[{"href":"https:\/\/roveyayinevi.com.tr\/index.php\/wp-json\/wp\/v2\/product"}],"about":[{"href":"https:\/\/roveyayinevi.com.tr\/index.php\/wp-json\/wp\/v2\/types\/product"}],"wp:attachment":[{"href":"https:\/\/roveyayinevi.com.tr\/index.php\/wp-json\/wp\/v2\/media?parent=753884"}],"wp:term":[{"taxonomy":"product_brand","embeddable":true,"href":"https:\/\/roveyayinevi.com.tr\/index.php\/wp-json\/wp\/v2\/product_brand?post=753884"},{"taxonomy":"product_cat","embeddable":true,"href":"https:\/\/roveyayinevi.com.tr\/index.php\/wp-json\/wp\/v2\/product_cat?post=753884"},{"taxonomy":"product_tag","embeddable":true,"href":"https:\/\/roveyayinevi.com.tr\/index.php\/wp-json\/wp\/v2\/product_tag?post=753884"}],"curies":[{"name":"wp","href":"https:\/\/api.w.org\/{rel}","templated":true}]}}