{"id":753877,"date":"2025-08-28T05:55:12","date_gmt":"2025-08-28T02:55:12","guid":{"rendered":"https:\/\/roveyayinevi.com.tr\/index.php\/urun\/memo-ile-boncuk-dunyayi-geziyor-ara-bul-kitabi\/"},"modified":"2026-04-16T03:07:21","modified_gmt":"2026-04-16T00:07:21","slug":"memo-ile-boncuk-dunyayi-geziyor-ara-bul-kitabi","status":"publish","type":"product","link":"https:\/\/roveyayinevi.com.tr\/index.php\/urun\/memo-ile-boncuk-dunyayi-geziyor-ara-bul-kitabi\/","title":{"rendered":"Memo ile Boncuk D\u00fcnya\u2019y\u0131 Geziyor &#8211; Ara Bul Kitab\u0131"},"content":{"rendered":"<p>Bu kitap, 3-6 ya\u015f \u00e7ocuklar\u0131m\u0131z\u0131n dikkat ve odaklanma becerilerini geli\u015ftirecek e\u011flenceli sayfalardan olu\u015fur. G\u00f6rsel alg\u0131, g\u00f6rme duyumuzla edindi\u011fimiz verilerin beynimiz taraf\u0131ndan alg\u0131lanmas\u0131d\u0131r. \u00d6zenle haz\u0131rlanm\u0131\u015f Ara-Bul kitaplar\u0131 \u00e7ocuklar\u0131n becerilerini kullanarak objeleri bulmaya \u00e7al\u0131\u015f\u0131rken; odaklanma, k\u0131yas yapma ve alg\u0131 yeteneklerinin geli\u015fmesine, dolay\u0131s\u0131yla hazf\u0131zalar\u0131n\u0131n da geli\u015fmesine yard\u0131mc\u0131 olmaktad\u0131r. <\/p>\n","protected":false},"excerpt":{"rendered":"<p>Bu kitap, 3-6 ya\u015f \u00e7ocuklar\u0131m\u0131z\u0131n dikkat ve odaklanma becerilerini geli\u015ftirecek e\u011flenceli sayfalardan olu\u015fur. G\u00f6rsel alg\u0131, g\u00f6rme duyumuzla edindi\u011fimiz verilerin beynimiz taraf\u0131ndan alg\u0131lanmas\u0131d\u0131r. \u00d6zenle haz\u0131rlanm\u0131\u015f Ara-Bul kitaplar\u0131<span class=\"excerpt-hellip\"> [\u2026]<\/span><\/p>\n","protected":false},"featured_media":0,"template":"","meta":{"_monsterinsights_skip_tracking":false,"_monsterinsights_sitenote_active":false,"_monsterinsights_sitenote_note":"","_monsterinsights_sitenote_category":0},"product_brand":[],"product_cat":[12492,12274],"product_tag":[],"class_list":{"0":"post-753877","1":"product","2":"type-product","3":"status-publish","5":"product_cat-bilmece-bulmaca","6":"product_cat-cocuk-ve-genclik-kitaplari","7":"pa_cilt-ciltsiz","8":"pa_tur-kitap","9":"pa_yayinevi-eksik-parca-yayinlari","10":"pa_yazar-erdogan-ogultekin","12":"first","13":"instock","14":"sale","15":"shipping-taxable","16":"purchasable","17":"product-type-simple"},"_links":{"self":[{"href":"https:\/\/roveyayinevi.com.tr\/index.php\/wp-json\/wp\/v2\/product\/753877","targetHints":{"allow":["GET"]}}],"collection":[{"href":"https:\/\/roveyayinevi.com.tr\/index.php\/wp-json\/wp\/v2\/product"}],"about":[{"href":"https:\/\/roveyayinevi.com.tr\/index.php\/wp-json\/wp\/v2\/types\/product"}],"wp:attachment":[{"href":"https:\/\/roveyayinevi.com.tr\/index.php\/wp-json\/wp\/v2\/media?parent=753877"}],"wp:term":[{"taxonomy":"product_brand","embeddable":true,"href":"https:\/\/roveyayinevi.com.tr\/index.php\/wp-json\/wp\/v2\/product_brand?post=753877"},{"taxonomy":"product_cat","embeddable":true,"href":"https:\/\/roveyayinevi.com.tr\/index.php\/wp-json\/wp\/v2\/product_cat?post=753877"},{"taxonomy":"product_tag","embeddable":true,"href":"https:\/\/roveyayinevi.com.tr\/index.php\/wp-json\/wp\/v2\/product_tag?post=753877"}],"curies":[{"name":"wp","href":"https:\/\/api.w.org\/{rel}","templated":true}]}}