{"id":753867,"date":"2025-08-28T05:54:57","date_gmt":"2025-08-28T02:54:57","guid":{"rendered":"https:\/\/roveyayinevi.com.tr\/index.php\/urun\/ulysses-moore-4-maskeler-adasi\/"},"modified":"2026-03-23T21:56:55","modified_gmt":"2026-03-23T18:56:55","slug":"ulysses-moore-4-maskeler-adasi","status":"publish","type":"product","link":"https:\/\/roveyayinevi.com.tr\/index.php\/urun\/ulysses-moore-4-maskeler-adasi\/","title":{"rendered":"Ulysses Moore 4 &#8211; Maskeler Adas\u0131"},"content":{"rendered":"<p>Jason, Julia ve Rick yepyeni bir yolculu\u011fa \u00e7\u0131k\u0131yorlar. Zaman Kap\u0131s\u0131&#8217;ndan ge\u00e7ip kendini XVIII. y\u00fczy\u0131l Venedik&#8217;inde gizleyen saat ustas\u0131 Peter Dedalus&#8217;u bulmalar\u0131 gerek. Hain planlar yapan Oblivia Newton da \u00e7oktan Venedik&#8217;e ula\u015fm\u0131\u015f durumda. \u00c7ocuklar ellerini \u00e7abuk tutmal\u0131. Ancak \u00f6ncelikle \u00e7\u00f6z\u00fclmeyi bekleyen bir gizem var: Siyah Gondolcu&#8217;nun kim oldu\u011fu. <\/p>\n","protected":false},"excerpt":{"rendered":"<p>Jason, Julia ve Rick yepyeni bir yolculu\u011fa \u00e7\u0131k\u0131yorlar. Zaman Kap\u0131s\u0131&#8217;ndan ge\u00e7ip kendini XVIII. y\u00fczy\u0131l Venedik&#8217;inde gizleyen saat ustas\u0131 Peter Dedalus&#8217;u bulmalar\u0131 gerek. Hain planlar yapan Oblivia<span class=\"excerpt-hellip\"> [\u2026]<\/span><\/p>\n","protected":false},"featured_media":0,"template":"","meta":{"_monsterinsights_skip_tracking":false,"_monsterinsights_sitenote_active":false,"_monsterinsights_sitenote_note":"","_monsterinsights_sitenote_category":0},"product_brand":[],"product_cat":[12291,14777],"product_tag":[],"class_list":{"0":"post-753867","1":"product","2":"type-product","3":"status-publish","5":"product_cat-edebiyat","6":"product_cat-fantastik","7":"pa_cilt-ciltsiz","8":"pa_tur-kitap","9":"pa_yayinevi-x-libris","10":"pa_yazar-pierdomenico-baccalario","12":"first","13":"instock","14":"sale","15":"shipping-taxable","16":"purchasable","17":"product-type-simple"},"_links":{"self":[{"href":"https:\/\/roveyayinevi.com.tr\/index.php\/wp-json\/wp\/v2\/product\/753867","targetHints":{"allow":["GET"]}}],"collection":[{"href":"https:\/\/roveyayinevi.com.tr\/index.php\/wp-json\/wp\/v2\/product"}],"about":[{"href":"https:\/\/roveyayinevi.com.tr\/index.php\/wp-json\/wp\/v2\/types\/product"}],"wp:attachment":[{"href":"https:\/\/roveyayinevi.com.tr\/index.php\/wp-json\/wp\/v2\/media?parent=753867"}],"wp:term":[{"taxonomy":"product_brand","embeddable":true,"href":"https:\/\/roveyayinevi.com.tr\/index.php\/wp-json\/wp\/v2\/product_brand?post=753867"},{"taxonomy":"product_cat","embeddable":true,"href":"https:\/\/roveyayinevi.com.tr\/index.php\/wp-json\/wp\/v2\/product_cat?post=753867"},{"taxonomy":"product_tag","embeddable":true,"href":"https:\/\/roveyayinevi.com.tr\/index.php\/wp-json\/wp\/v2\/product_tag?post=753867"}],"curies":[{"name":"wp","href":"https:\/\/api.w.org\/{rel}","templated":true}]}}