{"id":753866,"date":"2025-08-28T05:54:55","date_gmt":"2025-08-28T02:54:55","guid":{"rendered":"https:\/\/roveyayinevi.com.tr\/index.php\/urun\/ulysses-moore-3-aynalar-evi\/"},"modified":"2026-04-16T03:07:20","modified_gmt":"2026-04-16T00:07:20","slug":"ulysses-moore-3-aynalar-evi","status":"publish","type":"product","link":"https:\/\/roveyayinevi.com.tr\/index.php\/urun\/ulysses-moore-3-aynalar-evi\/","title":{"rendered":"Ulysses Moore 3 &#8211; Aynalar Evi"},"content":{"rendered":"<p>Kilmore Koyu kasabas\u0131nda tuhaf \u015feyler meydana geliyor. Hi\u00e7 var olmam\u0131\u015f bir kral\u0131n heykelinin meydanda dikili durmas\u0131 ve tren raylar\u0131n\u0131n t\u00fcnelin di\u011fer ucunda yok olmas\u0131n\u0131n nedeni ne? Kasaba sanki b\u00fcy\u00fck bir s\u0131rr\u0131 saklamak u\u011fruna haritalardan silinmi\u015f gibi. \u0130pu\u00e7lar\u0131n\u0131 takip eden Julia, Jason ve Rick, kendilerini dahi bir mucit olan Peter Dedalus&#8217;un evinde buluyor. <\/p>\n","protected":false},"excerpt":{"rendered":"<p>Kilmore Koyu kasabas\u0131nda tuhaf \u015feyler meydana geliyor. Hi\u00e7 var olmam\u0131\u015f bir kral\u0131n heykelinin meydanda dikili durmas\u0131 ve tren raylar\u0131n\u0131n t\u00fcnelin di\u011fer ucunda yok olmas\u0131n\u0131n nedeni ne?<span class=\"excerpt-hellip\"> [\u2026]<\/span><\/p>\n","protected":false},"featured_media":0,"template":"","meta":{"_monsterinsights_skip_tracking":false,"_monsterinsights_sitenote_active":false,"_monsterinsights_sitenote_note":"","_monsterinsights_sitenote_category":0},"product_brand":[],"product_cat":[12291,14777],"product_tag":[],"class_list":{"0":"post-753866","1":"product","2":"type-product","3":"status-publish","5":"product_cat-edebiyat","6":"product_cat-fantastik","7":"pa_cilt-ciltsiz","8":"pa_tur-kitap","9":"pa_yayinevi-x-libris","10":"pa_yazar-pierdomenico-baccalario","12":"first","13":"instock","14":"sale","15":"shipping-taxable","16":"purchasable","17":"product-type-simple"},"_links":{"self":[{"href":"https:\/\/roveyayinevi.com.tr\/index.php\/wp-json\/wp\/v2\/product\/753866","targetHints":{"allow":["GET"]}}],"collection":[{"href":"https:\/\/roveyayinevi.com.tr\/index.php\/wp-json\/wp\/v2\/product"}],"about":[{"href":"https:\/\/roveyayinevi.com.tr\/index.php\/wp-json\/wp\/v2\/types\/product"}],"wp:attachment":[{"href":"https:\/\/roveyayinevi.com.tr\/index.php\/wp-json\/wp\/v2\/media?parent=753866"}],"wp:term":[{"taxonomy":"product_brand","embeddable":true,"href":"https:\/\/roveyayinevi.com.tr\/index.php\/wp-json\/wp\/v2\/product_brand?post=753866"},{"taxonomy":"product_cat","embeddable":true,"href":"https:\/\/roveyayinevi.com.tr\/index.php\/wp-json\/wp\/v2\/product_cat?post=753866"},{"taxonomy":"product_tag","embeddable":true,"href":"https:\/\/roveyayinevi.com.tr\/index.php\/wp-json\/wp\/v2\/product_tag?post=753866"}],"curies":[{"name":"wp","href":"https:\/\/api.w.org\/{rel}","templated":true}]}}