{"id":753862,"date":"2025-08-28T05:54:49","date_gmt":"2025-08-28T02:54:49","guid":{"rendered":"https:\/\/roveyayinevi.com.tr\/index.php\/urun\/gulag-takimadalari-1-cilt\/"},"modified":"2026-04-16T03:07:20","modified_gmt":"2026-04-16T00:07:20","slug":"gulag-takimadalari-1-cilt","status":"publish","type":"product","link":"https:\/\/roveyayinevi.com.tr\/index.php\/urun\/gulag-takimadalari-1-cilt\/","title":{"rendered":"Gulag Tak\u0131madalar\u0131 1.Cilt"},"content":{"rendered":"<p>Gulag Tak\u0131madalar\u0131, Rusya\u2019da 1917\u2019de Bol\u015fevikler\u2019in iktidara gelmesinden k\u0131sa s\u00fcre sonra ba\u015flayan tutuklamalar\u0131n, tutuklular\u0131n kondu\u011fu hapishanelerin ve onlar\u0131n zorla \u00e7al\u0131\u015ft\u0131r\u0131ld\u0131\u011f\u0131 \u00e7al\u0131\u015fma kamplar\u0131n\u0131n ve yok edilen milyonlarca hayat\u0131n Soljenits\u0131n\u2019\u0131n gayretleriyle tutulmu\u015f yaz\u0131l\u0131 tarihsel bir kayd\u0131d\u0131r. Bu sistem Stalin\u2019in 1924\u2019ten 1953\u2019e kadar s\u00fcren y\u00f6netiminde ola\u011fan\u00fcst\u00fc boyutlara ula\u015fm\u0131\u015ft\u0131r.   3 ciltteki de\u011fi\u015fik b\u00f6l\u00fcmler 40 y\u0131l\u0131n \u00fczerinde bir s\u00fcre boyunca Sovyet otoriteleri taraf\u0131ndan tutuklanm\u0131\u015f, sorgulanm\u0131\u015f, mahkum edilmi\u015f, s\u00fcrg\u00fcne g\u00f6nderilmi\u015f ve hapsedilmi\u015f Gulag ma\u011fdurlar\u0131n\u0131 anlat\u0131r. \u00c7al\u0131\u015fma Soljenits\u0131n\u2019\u0131n hapishane g\u00fcnleri boyunca kendi hat\u0131ralar\u0131ndan ve zul\u00fcm alt\u0131nda \u00f6len h\u00fccre arkada\u015flar\u0131n\u0131n ayr\u0131nt\u0131l\u0131 ifadelerinden toparlad\u0131klar\u0131yla tarihsel bir yorumu harmanlar.   Birinci cildin yay\u0131nlanmas\u0131ndan sonra Soljenits\u0131n derhal Sovyet bas\u0131n\u0131n\u0131n sald\u0131r\u0131s\u0131na maruz kalm\u0131\u015ft\u0131r. Bat\u0131\u2019da ba\u015f\u0131na gelenlere g\u00f6sterilen yo\u011fun ilgiye ra\u011fmen Soljenits\u0131n 12 \u015eubat 1974\u2019te tutukland\u0131 ve vatana ihanetle su\u00e7land\u0131. Ertesi g\u00fcn ise Sovyetler Birli\u011fi\u2019nden s\u00fcrg\u00fcn edildi. <\/p>\n","protected":false},"excerpt":{"rendered":"<p>Gulag Tak\u0131madalar\u0131, Rusya\u2019da 1917\u2019de Bol\u015fevikler\u2019in iktidara gelmesinden k\u0131sa s\u00fcre sonra ba\u015flayan tutuklamalar\u0131n, tutuklular\u0131n kondu\u011fu hapishanelerin ve onlar\u0131n zorla \u00e7al\u0131\u015ft\u0131r\u0131ld\u0131\u011f\u0131 \u00e7al\u0131\u015fma kamplar\u0131n\u0131n ve yok edilen milyonlarca hayat\u0131n<span class=\"excerpt-hellip\"> [\u2026]<\/span><\/p>\n","protected":false},"featured_media":0,"template":"","meta":{"_monsterinsights_skip_tracking":false,"_monsterinsights_sitenote_active":false,"_monsterinsights_sitenote_note":"","_monsterinsights_sitenote_category":0},"product_brand":[],"product_cat":[12312,12304],"product_tag":[],"class_list":{"0":"post-753862","1":"product","2":"type-product","3":"status-publish","5":"product_cat-diger","6":"product_cat-tarih","7":"pa_cilt-ciltsiz","8":"pa_tur-kitap","9":"pa_yayinevi-felix-kitap","10":"pa_yazar-aleksandr-soljenitsin","12":"first","13":"instock","14":"sale","15":"shipping-taxable","16":"purchasable","17":"product-type-simple"},"_links":{"self":[{"href":"https:\/\/roveyayinevi.com.tr\/index.php\/wp-json\/wp\/v2\/product\/753862","targetHints":{"allow":["GET"]}}],"collection":[{"href":"https:\/\/roveyayinevi.com.tr\/index.php\/wp-json\/wp\/v2\/product"}],"about":[{"href":"https:\/\/roveyayinevi.com.tr\/index.php\/wp-json\/wp\/v2\/types\/product"}],"wp:attachment":[{"href":"https:\/\/roveyayinevi.com.tr\/index.php\/wp-json\/wp\/v2\/media?parent=753862"}],"wp:term":[{"taxonomy":"product_brand","embeddable":true,"href":"https:\/\/roveyayinevi.com.tr\/index.php\/wp-json\/wp\/v2\/product_brand?post=753862"},{"taxonomy":"product_cat","embeddable":true,"href":"https:\/\/roveyayinevi.com.tr\/index.php\/wp-json\/wp\/v2\/product_cat?post=753862"},{"taxonomy":"product_tag","embeddable":true,"href":"https:\/\/roveyayinevi.com.tr\/index.php\/wp-json\/wp\/v2\/product_tag?post=753862"}],"curies":[{"name":"wp","href":"https:\/\/api.w.org\/{rel}","templated":true}]}}