{"id":753857,"date":"2025-08-28T05:54:43","date_gmt":"2025-08-28T02:54:43","guid":{"rendered":"https:\/\/roveyayinevi.com.tr\/index.php\/urun\/neoliberal-din-21-yuzyilda-inanc-ve-guc\/"},"modified":"2026-04-16T03:07:20","modified_gmt":"2026-04-16T00:07:20","slug":"neoliberal-din-21-yuzyilda-inanc-ve-guc","status":"publish","type":"product","link":"https:\/\/roveyayinevi.com.tr\/index.php\/urun\/neoliberal-din-21-yuzyilda-inanc-ve-guc\/","title":{"rendered":"Neoliberal Din &#8211; 21. Y\u00fczy\u0131lda \u0130nan\u00e7 ve G\u00fc\u00e7"},"content":{"rendered":"<p>K\u00fcreselle\u015fmenin ard\u0131ndaki ideoloji olan neoliberalizm, t\u00fcketicinin \u00f6zg\u00fcrl\u00fc\u011f\u00fcn\u00fc ortak kimliklere tercih eden abart\u0131l\u0131 bir bireycili\u011fi te\u015fvik etmesi, piyasa rekabetinin en iyi de\u011fer \u00f6l\u00e7\u00fcs\u00fc oldu\u011fu varsay\u0131m\u0131n\u0131 sorgusuz sualsiz kabul edip dayatmas\u0131 ve b\u00fct\u00fcn k\u00fclt\u00fcrel nesnelere meta muamelesi yapma e\u011filimiyle bug\u00fcn genellikle kar\u015f\u0131 kar\u015f\u0131ya oldu\u011fumuz bir\u00e7ok olumsuzlu\u011fun nedeni olarak g\u00f6r\u00fcl\u00fcyor. \u0130nsana dair her \u015fey gibi din de bu ku\u015fat\u0131c\u0131 ideolojiden kendi pay\u0131na d\u00fc\u015feni al\u0131yor. O h\u00e2lde neoliberal bir d\u00fcnyada dinin h\u00e2l\u00e2 yeri var m\u0131, varsa nedir? 21. y\u00fczy\u0131lda din bir \u00fcr\u00fcn, t\u00fcketiciyi hedefleyen, onun ihtiya\u00e7lar\u0131na ve taleplerine kar\u015f\u0131l\u0131k veren bir pazar mal\u0131 h\u00e2line gelmi\u015f olabilir mi? Dinin k\u00fcreselle\u015fen d\u00fcnyan\u0131n \u015fartlar\u0131na uyum sa\u011flad\u0131\u011f\u0131 ve d\u00f6n\u00fc\u015ft\u00fc\u011f\u00fc s\u00f6ylenebilir mi? D\u00f6n\u00fc\u015f\u00fcyorsa, bir toplumsal olgu olarak dini konu edinen \u00e7al\u0131\u015fma alanlar\u0131 bu d\u00f6n\u00fc\u015f\u00fcme uyum sa\u011flayacak yeni kavram \u00e7er\u00e7evelerine ve kuramsal ara\u00e7lara sahipler mi? Bu s\u00fcre\u00e7te g\u00fc\u00e7 ili\u015fkilerinin yeri nedir? Dinsel \u00f6rg\u00fctlerin neoliberal i\u015f modellerini benimsemeleri, dinsel hareketlerin g\u00fcn\u00fc yakalamalar\u0131na m\u0131 yar\u0131yor, yoksa mevcut etnik ayr\u0131mc\u0131l\u0131klar\u0131 ve cinsiyet e\u015fitsizliklerini mi per\u00e7inliyor? Bu itibarla, son yirmi y\u0131l i\u00e7inde k\u00f6kle\u015fen neoliberal d\u00fczen, dinsel kimlikler ve g\u00fc\u00e7 ili\u015fkiler hakk\u0131nda eskisinden daha farkl\u0131 d\u00fc\u015f\u00fcnmeyi mi gerektiriyor? Bu kitapta neoliberalizmi \u00e7a\u011fda\u015f toplumlar\u0131 anlamaya yarayan bir \u00e7er\u00e7eve olarak kullanan Mathew Guest, bu durumun bizim din anlay\u0131\u015f\u0131m\u0131zda hangi de\u011fi\u015fikliklere yol a\u00e7t\u0131\u011f\u0131n\u0131 soru\u015fturuyor. Neoliberal dinin ay\u0131rt edici \u00f6zelliklerini ortaya koyarak, sosyal bilimler ve etik a\u00e7\u0131s\u0131ndan hangi sonu\u00e7lar\u0131 do\u011furdu\u011funa dair bir tart\u0131\u015fma a\u00e7\u0131yor. <\/p>\n","protected":false},"excerpt":{"rendered":"<p>K\u00fcreselle\u015fmenin ard\u0131ndaki ideoloji olan neoliberalizm, t\u00fcketicinin \u00f6zg\u00fcrl\u00fc\u011f\u00fcn\u00fc ortak kimliklere tercih eden abart\u0131l\u0131 bir bireycili\u011fi te\u015fvik etmesi, piyasa rekabetinin en iyi de\u011fer \u00f6l\u00e7\u00fcs\u00fc oldu\u011fu varsay\u0131m\u0131n\u0131 sorgusuz sualsiz<span class=\"excerpt-hellip\"> [\u2026]<\/span><\/p>\n","protected":false},"featured_media":0,"template":"","meta":{"_monsterinsights_skip_tracking":false,"_monsterinsights_sitenote_active":false,"_monsterinsights_sitenote_note":"","_monsterinsights_sitenote_category":0},"product_brand":[],"product_cat":[12324],"product_tag":[],"class_list":{"0":"post-753857","1":"product","2":"type-product","3":"status-publish","5":"product_cat-sosyoloji","6":"pa_cilt-ciltsiz","7":"pa_tur-kitap","8":"pa_yayinevi-fol-kitap","9":"pa_yazar-mathew-guest","11":"first","12":"instock","13":"sale","14":"shipping-taxable","15":"purchasable","16":"product-type-simple"},"_links":{"self":[{"href":"https:\/\/roveyayinevi.com.tr\/index.php\/wp-json\/wp\/v2\/product\/753857","targetHints":{"allow":["GET"]}}],"collection":[{"href":"https:\/\/roveyayinevi.com.tr\/index.php\/wp-json\/wp\/v2\/product"}],"about":[{"href":"https:\/\/roveyayinevi.com.tr\/index.php\/wp-json\/wp\/v2\/types\/product"}],"wp:attachment":[{"href":"https:\/\/roveyayinevi.com.tr\/index.php\/wp-json\/wp\/v2\/media?parent=753857"}],"wp:term":[{"taxonomy":"product_brand","embeddable":true,"href":"https:\/\/roveyayinevi.com.tr\/index.php\/wp-json\/wp\/v2\/product_brand?post=753857"},{"taxonomy":"product_cat","embeddable":true,"href":"https:\/\/roveyayinevi.com.tr\/index.php\/wp-json\/wp\/v2\/product_cat?post=753857"},{"taxonomy":"product_tag","embeddable":true,"href":"https:\/\/roveyayinevi.com.tr\/index.php\/wp-json\/wp\/v2\/product_tag?post=753857"}],"curies":[{"name":"wp","href":"https:\/\/api.w.org\/{rel}","templated":true}]}}