{"id":753831,"date":"2025-08-28T05:53:59","date_gmt":"2025-08-28T02:53:59","guid":{"rendered":"https:\/\/roveyayinevi.com.tr\/index.php\/urun\/turlerin-kokeni-2\/"},"modified":"2026-04-16T03:07:20","modified_gmt":"2026-04-16T00:07:20","slug":"turlerin-kokeni-2","status":"publish","type":"product","link":"https:\/\/roveyayinevi.com.tr\/index.php\/urun\/turlerin-kokeni-2\/","title":{"rendered":"T\u00fcrlerin K\u00f6keni"},"content":{"rendered":"<p>Darwin\u2019in 150 y\u0131l kadar \u00f6nce yazd\u0131\u011f\u0131 T\u00fcrlerin K\u00f6keni kitab\u0131 t\u00fcrlerin evrimsel de\u011fi\u015fimini ve geli\u015fimini son derece yetkin g\u00f6zlemler ve titiz ak\u0131l y\u00fcr\u00fctmelerle sergilerken evrimle\u015fme mekanizmalar\u0131n\u0131n kimilerini \u00e7ok daha belirgin ve vurgulu resmetmektedir. Daha sonraki d\u00f6nemde kal\u0131t\u0131m\u0131n ilkelerinin ke\u015ffi, biyolojik \u00f6zelliklerin kal\u0131t\u0131m\u0131ndan sorumlu birimlerin ve bunlar\u0131n pop\u00fclasyonlardaki da\u011f\u0131l\u0131m\u0131n\u0131n ve zamanla de\u011fi\u015fiminin art\u0131k matematiksel olarak ifade edilmesi Darwin\u2019in ortaya koydu\u011fu evrimsel perspektiften \u00e7ok daha incelikli bir \u015fekilde do\u011faya bakmay\u0131 ve evrimsel yapbozun eksik kalan par\u00e7alar\u0131n\u0131n b\u00fcy\u00fck oranda tamamlanmas\u0131n\u0131 getirmi\u015ftir. Evrimsel biyoloji bir yandan molek\u00fcler biyoloji ve genetik alan\u0131ndaki ba\u015f d\u00f6nd\u00fcr\u00fcc\u00fc geli\u015fmeleri ko\u015fullarken bu alandaki geli\u015fmeler de evrimsel mekanizmalar\u0131 kavray\u0131\u015f\u0131m\u0131z\u0131 muazzam bir \u015fekilde derinle\u015ftirmi\u015ftir. Bu sayede modern biyoloji, evrimsel s\u00fcre\u00e7leri laboratuvar ko\u015fullar\u0131nda s\u0131namaya elveri\u015fli hale getirmi\u015ftir. Do\u011fal se\u00e7ilim, genetik s\u00fcr\u00fcklenme, mutasyonlar\u0131n etkileri, molek\u00fcler saat, allel frekanslar\u0131n\u0131n de\u011fi\u015fimi ve organizmalar\u0131n geli\u015fim s\u00fcreci yirminci y\u00fczy\u0131lda yo\u011fun tart\u0131\u015fmalara sebep olmu\u015f olgu ve mekanizmalar\u0131 son derece g\u00fc\u00e7l\u00fc bir \u015fekilde ayd\u0131nlatmaya, \u00e7ok daha mekanistik bir \u015fekilde a\u00e7\u0131klamaya devam etmektedir. <\/p>\n","protected":false},"excerpt":{"rendered":"<p>Darwin\u2019in 150 y\u0131l kadar \u00f6nce yazd\u0131\u011f\u0131 T\u00fcrlerin K\u00f6keni kitab\u0131 t\u00fcrlerin evrimsel de\u011fi\u015fimini ve geli\u015fimini son derece yetkin g\u00f6zlemler ve titiz ak\u0131l y\u00fcr\u00fctmelerle sergilerken evrimle\u015fme mekanizmalar\u0131n\u0131n kimilerini<span class=\"excerpt-hellip\"> [\u2026]<\/span><\/p>\n","protected":false},"featured_media":0,"template":"","meta":{"_monsterinsights_skip_tracking":false,"_monsterinsights_sitenote_active":false,"_monsterinsights_sitenote_note":"","_monsterinsights_sitenote_category":0},"product_brand":[],"product_cat":[13005,13006],"product_tag":[],"class_list":{"0":"post-753831","1":"product","2":"type-product","3":"status-publish","5":"product_cat-bilim-muhendislik","6":"product_cat-populer-bilim","7":"pa_cilt-ciltsiz","8":"pa_tur-kitap","9":"pa_yayinevi-ayrinti-yayinlari","10":"pa_yazar-charles-darwin","12":"first","13":"instock","14":"sale","15":"shipping-taxable","16":"purchasable","17":"product-type-simple"},"_links":{"self":[{"href":"https:\/\/roveyayinevi.com.tr\/index.php\/wp-json\/wp\/v2\/product\/753831","targetHints":{"allow":["GET"]}}],"collection":[{"href":"https:\/\/roveyayinevi.com.tr\/index.php\/wp-json\/wp\/v2\/product"}],"about":[{"href":"https:\/\/roveyayinevi.com.tr\/index.php\/wp-json\/wp\/v2\/types\/product"}],"wp:attachment":[{"href":"https:\/\/roveyayinevi.com.tr\/index.php\/wp-json\/wp\/v2\/media?parent=753831"}],"wp:term":[{"taxonomy":"product_brand","embeddable":true,"href":"https:\/\/roveyayinevi.com.tr\/index.php\/wp-json\/wp\/v2\/product_brand?post=753831"},{"taxonomy":"product_cat","embeddable":true,"href":"https:\/\/roveyayinevi.com.tr\/index.php\/wp-json\/wp\/v2\/product_cat?post=753831"},{"taxonomy":"product_tag","embeddable":true,"href":"https:\/\/roveyayinevi.com.tr\/index.php\/wp-json\/wp\/v2\/product_tag?post=753831"}],"curies":[{"name":"wp","href":"https:\/\/api.w.org\/{rel}","templated":true}]}}