{"id":753809,"date":"2025-08-28T05:53:19","date_gmt":"2025-08-28T02:53:19","guid":{"rendered":"https:\/\/roveyayinevi.com.tr\/index.php\/urun\/hilafeti-yeniden-dusunmek\/"},"modified":"2026-04-16T03:07:19","modified_gmt":"2026-04-16T00:07:19","slug":"hilafeti-yeniden-dusunmek","status":"publish","type":"product","link":"https:\/\/roveyayinevi.com.tr\/index.php\/urun\/hilafeti-yeniden-dusunmek\/","title":{"rendered":"Hilafeti Yeniden Du\u0308s\u0327u\u0308nmek"},"content":{"rendered":"<p>\u201cHilafet, salt emperyal, dini\u0302 ya da jeopolitik bir du\u0308zenin o\u0308tesinde, Mu\u0308slu\u0308man toplumun siyasi tes\u0327ekku\u0308lu\u0308nu\u0308n somutlas\u0327mas\u0131 idi; ayr\u0131ca, bir dizi kamu hizmetinin sag\u0306lanmas\u0131 ic\u0327in hukuki bir gereklilik, ideal gec\u0327mis\u0327le tarihsel bir bag\u0306 ve her s\u0327eyden o\u0308te u\u0308mmet ic\u0327in bir habitustu.\u201d Osmanl\u0131 hilafeti, tarihsel hilafet geleneg\u0306ini nas\u0131l do\u0308nu\u0308s\u0327tu\u0308rdu\u0308, onu nas\u0131l yorumlad\u0131 ve anlamland\u0131rd\u0131? Hilafeti Yeniden Du\u0308s\u0327u\u0308nmek\u2019in etraf\u0131nda do\u0308ndu\u0308g\u0306u\u0308 temel soru, budur. Hu\u0308seyin Y\u0131lmaz\u2019\u0131n c\u0327al\u0131s\u0327mas\u0131, Abbasi I\u0307mparatorlug\u0306u\u2019nun temsil ettig\u0306i emperyal \u201ctarihsel hilafetin\u201d 13. yu\u0308zy\u0131l ortalar\u0131nda sona ermesinin ard\u0131ndan I\u0307sla\u0302m du\u0308nyas\u0131n\u0131 saran travma, o\u0308zdu\u0308s\u0327u\u0308nme, kes\u0327fetme dalgas\u0131 ic\u0327inde Osmanl\u0131lar\u0131n hu\u0308ku\u0308mdarl\u0131k anlay\u0131s\u0327\u0131n\u0131n gelis\u0327imiyle bas\u0327l\u0131yor. Osmanl\u0131 I\u0307mparatorlug\u0306u\u2019nun yu\u0308kselis\u0327i ile hilafetin 16. yu\u0308zy\u0131lda tekrar emperyal ideolojinin temeli haline gelmesiyle devam ediyor. I\u0307s\u0327te bu evrede, hilafetin mutasavv\u0131flarca nas\u0131l yorumland\u0131g\u0306\u0131na odaklan\u0131yor. Osmanl\u0131lar\u0131n Abbasi tasavvurundan farkl\u0131las\u0327an yeni hilafet yorumu, \u201cahir zaman beklentileri\u201d, Mehdilik iddialar\u0131 ve gu\u0308ncel siyasi zorunluluklar\u0131n go\u0308lgesinde, saltanat\u0131n bask\u0131n dini\u0302 ve ku\u0308ltu\u0308rel kurgular\u0131yla ve tasavvuf so\u0308ylemiyle bag\u0306das\u0327t\u0131r\u0131larak gelis\u0327tirildi. Bir yandan hilafetin saltanata do\u0308nu\u0308s\u0327mesi mes\u0327rulas\u0327t\u0131r\u0131l\u0131rken; bir yandan da ahla\u0302ki bir o\u0308lc\u0327u\u0308 olarak halifelik, sultana da hiza verecek bir paradigma olarak korunmaya c\u0327al\u0131s\u0327\u0131l\u0131yordu. Hilafeti Yeniden Du\u0308s\u0327u\u0308nmek, Osmanl\u0131 siyaset du\u0308s\u0327u\u0308ncesinin evrimi ile hilafet du\u0308s\u0327u\u0308ncesinin do\u0308nu\u0308s\u0327u\u0308mu\u0308nu\u0308, ic\u0327 ic\u0327e gec\u0327en iki su\u0308rec\u0327 olarak, ince ince is\u0327leyerek inceliyor. <\/p>\n","protected":false},"excerpt":{"rendered":"<p>\u201cHilafet, salt emperyal, dini\u0302 ya da jeopolitik bir du\u0308zenin o\u0308tesinde, Mu\u0308slu\u0308man toplumun siyasi tes\u0327ekku\u0308lu\u0308nu\u0308n somutlas\u0327mas\u0131 idi; ayr\u0131ca, bir dizi kamu hizmetinin sag\u0306lanmas\u0131 ic\u0327in hukuki bir gereklilik,<span class=\"excerpt-hellip\"> [\u2026]<\/span><\/p>\n","protected":false},"featured_media":0,"template":"","meta":{"_monsterinsights_skip_tracking":false,"_monsterinsights_sitenote_active":false,"_monsterinsights_sitenote_note":"","_monsterinsights_sitenote_category":0},"product_brand":[],"product_cat":[13036,12718,12719],"product_tag":[],"class_list":{"0":"post-753809","1":"product","2":"type-product","3":"status-publish","5":"product_cat-arastirma-inceleme-islam","6":"product_cat-din","7":"product_cat-islam","8":"pa_cilt-ciltsiz","9":"pa_tur-kitap","10":"pa_yayinevi-iletisim-yayinlari","11":"pa_yazar-huseyin-yilmaz","13":"first","14":"instock","15":"sale","16":"shipping-taxable","17":"purchasable","18":"product-type-simple"},"_links":{"self":[{"href":"https:\/\/roveyayinevi.com.tr\/index.php\/wp-json\/wp\/v2\/product\/753809","targetHints":{"allow":["GET"]}}],"collection":[{"href":"https:\/\/roveyayinevi.com.tr\/index.php\/wp-json\/wp\/v2\/product"}],"about":[{"href":"https:\/\/roveyayinevi.com.tr\/index.php\/wp-json\/wp\/v2\/types\/product"}],"wp:attachment":[{"href":"https:\/\/roveyayinevi.com.tr\/index.php\/wp-json\/wp\/v2\/media?parent=753809"}],"wp:term":[{"taxonomy":"product_brand","embeddable":true,"href":"https:\/\/roveyayinevi.com.tr\/index.php\/wp-json\/wp\/v2\/product_brand?post=753809"},{"taxonomy":"product_cat","embeddable":true,"href":"https:\/\/roveyayinevi.com.tr\/index.php\/wp-json\/wp\/v2\/product_cat?post=753809"},{"taxonomy":"product_tag","embeddable":true,"href":"https:\/\/roveyayinevi.com.tr\/index.php\/wp-json\/wp\/v2\/product_tag?post=753809"}],"curies":[{"name":"wp","href":"https:\/\/api.w.org\/{rel}","templated":true}]}}