{"id":753808,"date":"2025-08-28T05:53:18","date_gmt":"2025-08-28T02:53:18","guid":{"rendered":"https:\/\/roveyayinevi.com.tr\/index.php\/urun\/chpnin-100-yili\/"},"modified":"2026-03-14T03:02:19","modified_gmt":"2026-03-14T00:02:19","slug":"chpnin-100-yili","status":"publish","type":"product","link":"https:\/\/roveyayinevi.com.tr\/index.php\/urun\/chpnin-100-yili\/","title":{"rendered":"CHP\u2019nin 100 Y\u0131l\u0131"},"content":{"rendered":"<p>Cumhuriyet Halk Partisi (CHP), 2023\u2019te 100. kurulus\u0327 y\u0131ldo\u0308nu\u0308mu\u0308nu\u0308 kutlarken bu\u0308tu\u0308n du\u0308nyada en uzun o\u0308mu\u0308rlu\u0308 siyasi partilerden biridir. Tu\u0308rkiye Cumhuriyeti\u2019nin kurucu partisi olarak su\u0308rdu\u0308rdu\u0308g\u0306u\u0308 tek parti iktidar\u0131n\u0131n ve onu izleyen \u201cdemokrasiye al\u0131s\u0327ma\u201d do\u0308neminin (1945-1950) ard\u0131ndan, k\u0131sa aral\u0131klar d\u0131s\u0327\u0131nda, hep muhalefette gec\u0327en bir siyasi o\u0308mu\u0308rdu\u0308r bu. Kuruculuktan Daimi Muhalefete: CHP\u2019nin 100 Y\u0131l\u0131\u2019nda, CHP\u2019nin uzun siyasi o\u0308mru\u0308nu\u0308n evreleri ayr\u0131 ayr\u0131 inceleniyor: Tek parti do\u0308nemi, DP do\u0308nemi, Ortan\u0131n Solu ak\u0131m\u0131, 12 Eylu\u0308l sonras\u0131 aray\u0131s\u0327lar (Halkc\u0327\u0131 Parti, Sosyaldemokrasi Partisi), Sosyal Demokrat Halkc\u0327\u0131 Parti deneyimi, Ecevit ayr\u0131l\u0131g\u0306\u0131 ve Demokratik Sol Parti, Baykal ve K\u0131l\u0131c\u0327darog\u0306lu do\u0308nemleri&#8230; CHP etraf\u0131ndaki tart\u0131s\u0327malar, \u201cKurultaylar partisi, hizipler partisi\u201d la\u0302kaplar\u0131&#8230; Partinin 100. y\u0131l\u0131nda ic\u0327inden gec\u0327tig\u0306i kriz de, tarihsel bag\u0306lam ic\u0327inde tart\u0131s\u0327\u0131l\u0131yor. Mustafa Kemal Atatu\u0308rk, I\u0307smet I\u0307no\u0308nu\u0308, Recep Peker, Kas\u0131m Gu\u0308lek, Nihat Erim, Turan Gu\u0308nes\u0327, Bu\u0308lent Ecevit, Rahs\u0327an Ecevit, Erdal I\u0307no\u0308nu\u0308, Murat Karayalc\u0327\u0131n, Altan O\u0308ymen, Deniz Baykal, Kemal K\u0131l\u0131c\u0327darog\u0306lu portreleri, kitaba s\u0327ahsiyetlerin-karakterlerin rengini kat\u0131yor. Ekin Kadir Selc\u0327uk\u2019un haz\u0131rlad\u0131g\u0306\u0131 derlemede onun yan\u0131 s\u0131ra Faruk Alpkaya, I\u0307hsan O\u0308mer Atagenc\u0327, P\u0131nar Aydog\u0306an, Bu\u0308s\u0327ra Bulut, H. Sec\u0327kin C\u0327elik, Kerem Hocaog\u0306lu, Derya Ko\u0308mu\u0308rcu\u0308, Celal Oral O\u0308zdemir, Selman Sac\u0327, Ali Duran Topuz, Sibel Utar, C\u0327ag\u0306han Uyar ve Onur Alp Y\u0131lmaz\u2019\u0131n yaz\u0131lar\u0131 yer al\u0131yor.<\/p>\n","protected":false},"excerpt":{"rendered":"<p>Cumhuriyet Halk Partisi (CHP), 2023\u2019te 100. kurulus\u0327 y\u0131ldo\u0308nu\u0308mu\u0308nu\u0308 kutlarken bu\u0308tu\u0308n du\u0308nyada en uzun o\u0308mu\u0308rlu\u0308 siyasi partilerden biridir. Tu\u0308rkiye Cumhuriyeti\u2019nin kurucu partisi olarak su\u0308rdu\u0308rdu\u0308g\u0306u\u0308 tek parti iktidar\u0131n\u0131n<span class=\"excerpt-hellip\"> [\u2026]<\/span><\/p>\n","protected":false},"featured_media":0,"template":"","meta":{"_monsterinsights_skip_tracking":false,"_monsterinsights_sitenote_active":false,"_monsterinsights_sitenote_note":"","_monsterinsights_sitenote_category":0},"product_brand":[],"product_cat":[13590,12337],"product_tag":[],"class_list":{"0":"post-753808","1":"product","2":"type-product","3":"status-publish","5":"product_cat-arastirma-inceleme-politika-siyaset","6":"product_cat-politika-siyaset","7":"pa_cilt-ciltsiz","8":"pa_tur-kitap","9":"pa_yayinevi-iletisim-yayinlari","10":"pa_yazar-ekin-kadir-selcuk","12":"first","13":"instock","14":"sale","15":"shipping-taxable","16":"purchasable","17":"product-type-simple"},"_links":{"self":[{"href":"https:\/\/roveyayinevi.com.tr\/index.php\/wp-json\/wp\/v2\/product\/753808","targetHints":{"allow":["GET"]}}],"collection":[{"href":"https:\/\/roveyayinevi.com.tr\/index.php\/wp-json\/wp\/v2\/product"}],"about":[{"href":"https:\/\/roveyayinevi.com.tr\/index.php\/wp-json\/wp\/v2\/types\/product"}],"wp:attachment":[{"href":"https:\/\/roveyayinevi.com.tr\/index.php\/wp-json\/wp\/v2\/media?parent=753808"}],"wp:term":[{"taxonomy":"product_brand","embeddable":true,"href":"https:\/\/roveyayinevi.com.tr\/index.php\/wp-json\/wp\/v2\/product_brand?post=753808"},{"taxonomy":"product_cat","embeddable":true,"href":"https:\/\/roveyayinevi.com.tr\/index.php\/wp-json\/wp\/v2\/product_cat?post=753808"},{"taxonomy":"product_tag","embeddable":true,"href":"https:\/\/roveyayinevi.com.tr\/index.php\/wp-json\/wp\/v2\/product_tag?post=753808"}],"curies":[{"name":"wp","href":"https:\/\/api.w.org\/{rel}","templated":true}]}}