{"id":753789,"date":"2025-08-28T05:52:50","date_gmt":"2025-08-28T02:52:50","guid":{"rendered":"https:\/\/roveyayinevi.com.tr\/index.php\/urun\/chi\/"},"modified":"2025-10-23T09:37:44","modified_gmt":"2025-10-23T06:37:44","slug":"chi","status":"publish","type":"product","link":"https:\/\/roveyayinevi.com.tr\/index.php\/urun\/chi\/","title":{"rendered":"Chi"},"content":{"rendered":"<p>Chi, evrende hem i\u00e7imizde hem d\u0131\u015f\u0131m\u0131zda akan g\u00f6r\u00fcnmez ya\u015fam enerjisidir. Ustaca kullan\u0131ld\u0131\u011f\u0131nda sa\u011fl\u0131k ve zindelik konular\u0131nda kayda de\u011fer bir etkisi olabilir hatta tamamen do\u011fal bir enerji olmas\u0131na ra\u011fmen bu enerjinin b\u00fcy\u00fcl\u00fc oldu\u011funu iddia edebilirsiniz. \u0130\u015fte bu kitap Chi\u2019nin ne oldu\u011funu, sa\u011fl\u0131kl\u0131 ve zinde bir ya\u015fam i\u00e7in gereklili\u011fini do\u011frudan ve yal\u0131n bir \u015fekilde a\u00e7\u0131klayan muhte\u015fem bir giri\u015f niteli\u011findedir.     Chi\u2019yi gayet kolay bir dille anlatan bu kitap sayesinde okurlar, yazar\u0131n g\u00f6sterdi\u011fi belirli nefes alma teknikleri ve temel egzersizler yoluyla kendi Chi\u2019lerini tan\u0131yabilecek, geli\u015ftirebilecek ve g\u00fc\u00e7lendirebilecektir. Bir yandan Chi enerjinizi geli\u015ftirirken, di\u011fer yandan onun temel ilkelerini anlamak i\u00e7in daha derinlere inebileceksiniz. <\/p>\n","protected":false},"excerpt":{"rendered":"<p>Chi, evrende hem i\u00e7imizde hem d\u0131\u015f\u0131m\u0131zda akan g\u00f6r\u00fcnmez ya\u015fam enerjisidir. Ustaca kullan\u0131ld\u0131\u011f\u0131nda sa\u011fl\u0131k ve zindelik konular\u0131nda kayda de\u011fer bir etkisi olabilir hatta tamamen do\u011fal bir enerji<span class=\"excerpt-hellip\"> [\u2026]<\/span><\/p>\n","protected":false},"featured_media":0,"template":"","meta":{"_monsterinsights_skip_tracking":false,"_monsterinsights_sitenote_active":false,"_monsterinsights_sitenote_note":"","_monsterinsights_sitenote_category":0},"product_brand":[],"product_cat":[18082,15563],"product_tag":[],"class_list":{"0":"post-753789","1":"product","2":"type-product","3":"status-publish","5":"product_cat-astroloji-fal-ruya","6":"product_cat-hobi","7":"pa_cilt-ciltsiz","8":"pa_tur-kitap","9":"pa_yayinevi-maya-kitap","10":"pa_yazar-waysun-liao","12":"first","13":"instock","14":"sale","15":"shipping-taxable","16":"purchasable","17":"product-type-simple"},"_links":{"self":[{"href":"https:\/\/roveyayinevi.com.tr\/index.php\/wp-json\/wp\/v2\/product\/753789","targetHints":{"allow":["GET"]}}],"collection":[{"href":"https:\/\/roveyayinevi.com.tr\/index.php\/wp-json\/wp\/v2\/product"}],"about":[{"href":"https:\/\/roveyayinevi.com.tr\/index.php\/wp-json\/wp\/v2\/types\/product"}],"wp:attachment":[{"href":"https:\/\/roveyayinevi.com.tr\/index.php\/wp-json\/wp\/v2\/media?parent=753789"}],"wp:term":[{"taxonomy":"product_brand","embeddable":true,"href":"https:\/\/roveyayinevi.com.tr\/index.php\/wp-json\/wp\/v2\/product_brand?post=753789"},{"taxonomy":"product_cat","embeddable":true,"href":"https:\/\/roveyayinevi.com.tr\/index.php\/wp-json\/wp\/v2\/product_cat?post=753789"},{"taxonomy":"product_tag","embeddable":true,"href":"https:\/\/roveyayinevi.com.tr\/index.php\/wp-json\/wp\/v2\/product_tag?post=753789"}],"curies":[{"name":"wp","href":"https:\/\/api.w.org\/{rel}","templated":true}]}}