{"id":753774,"date":"2025-08-28T05:52:24","date_gmt":"2025-08-28T02:52:24","guid":{"rendered":"https:\/\/roveyayinevi.com.tr\/index.php\/urun\/akpnin-yarattigi-mutlak-yoksullasma-ruzgar-eken-firtina-bicer\/"},"modified":"2026-04-16T03:07:18","modified_gmt":"2026-04-16T00:07:18","slug":"akpnin-yarattigi-mutlak-yoksullasma-ruzgar-eken-firtina-bicer","status":"publish","type":"product","link":"https:\/\/roveyayinevi.com.tr\/index.php\/urun\/akpnin-yarattigi-mutlak-yoksullasma-ruzgar-eken-firtina-bicer\/","title":{"rendered":"AKP\u2019nin Yaratt\u0131\u011f\u0131 Mutlak Yoksulla\u015fma \u201cR\u00fczgar Eken F\u0131rt\u0131na Bi\u00e7er\u201d"},"content":{"rendered":"<p>AKP, yirmi k\u00fcsur y\u0131ll\u0131k iktidar\u0131n\u0131 toplumun her kesimiyle organik ba\u011f kurmu\u015f olan tarikatlara sa\u011flad\u0131\u011f\u0131 imk\u00e2nlar ile dinsel ve milliyet\u00e7i ideoloji arac\u0131l\u0131\u011f\u0131yla devam ettiriyor: \u0130lk y\u0131llar\u0131nda kulland\u0131\u011f\u0131 her t\u00fcrden \u00f6zg\u00fcrl\u00fck\u00e7\u00fc\/liberal ideolojinin ard\u0131ndan son on y\u0131l\u0131nda da her t\u00fcrden dinsel ve milliyet\u00e7i ideolojiyi s\u0131n\u0131rs\u0131zca kulland\u0131. AKP tarikatlarla\/kitlelerine kendi kontrol\u00fcmde olmalar\u0131n\u0131 \u015fart ko\u015farak imk\u00e2nlar sa\u011flad\u0131, tarikatlar da arac\u0131s\u0131z-dolays\u0131zca ula\u015ft\u0131klar\u0131 ve kendilerine biat eden\/kendilerini y\u00fcce kabul eden dolay\u0131s\u0131yla s\u00f6z\u00fcnden \u00e7\u0131kmayan halka AKP\u2019nin nimetlerini\/vazge\u00e7ilmezli\u011fini anlatt\u0131. \u00dclkemizde, ya\u015fam\u0131n\u0131 emek g\u00fcc\u00fcn\u00fc satarak s\u00fcrd\u00fcrenlerden ba\u015fka esnaf-zanaatk\u00e2r da AKP\u2019nin politikalar\u0131 sonucunda bulundu\u011fumuz h\u00e2lihaz\u0131rdaki \u00e2nda kapitalizme has mutlak yoksulla\u015fma s\u00fcre\u00e7leriyle ilk defa tan\u0131\u015fmaya ba\u015flam\u0131\u015ft\u0131r. AKP\u2019nin izledi\u011fi politikalar\u0131n bankac\u0131l\u0131k\/finans sekt\u00f6r\u00fcn\u00fcn ve b\u00fcy\u00fck sermaye sahiplerinin k\u00e2r oranlar\u0131n\u0131 istikrarl\u0131 olarak art\u0131rd\u0131\u011f\u0131 bilinen bir ger\u00e7ektir. Ama ayn\u0131 politikalar\u0131n emek g\u00fcc\u00fcn\u00fc satarak ge\u00e7inenlerle, esnaf-zanaatk\u00e2r\u0131 derinden etkileyen bir h\u0131zl\u0131 yoksulla\u015fmay\u0131 \u00fcretti\u011fi de ger\u00e7ektir. AKP\u2019nin uzun y\u0131llard\u0131r izledi\u011fi ve uygulad\u0131\u011f\u0131 politikalar\u0131n i\u015f\u00e7i s\u0131n\u0131f\u0131 ve genel olarak \u00fccretliler \u00fczerindeki etkilerini ele alan AKP\u2019nin Yaratt\u0131\u011f\u0131 Mutlak Yoksulla\u015fma\u2019da ilk olarak, \u201ckitlelerin\u201d AKP\u2019ye nas\u0131l, ni\u00e7in oy ve destek verdi\u011fini, AKP\u2019nin de bu deste\u011fi alabilmek i\u00e7in hangi kaynaklar\u0131 nas\u0131l kulland\u0131\u011f\u0131n\u0131 ve uygulanan politikalar\u0131n g\u00fcn\u00fcm\u00fczde yaratt\u0131\u011f\u0131 b\u00fcy\u00fck sorunlar e\u015fli\u011finde ortaya \u00e7\u0131kan mutlak yoksulla\u015fma s\u00fcrecini; ikinci olarak ise AKP\u2019nin \u201cyeni d\u00f6neminde\u201d yoksulla\u015fma s\u00fcreci e\u015fli\u011finde g\u00fc\u00e7l\u00fc siyasal iktidar\u0131na dayanarak g\u00fcndeme getirece\u011fi yasal ve nihayet me\u015fru say\u0131lacak d\u00fczenlemelere ba\u015fta i\u015f\u00e7i s\u0131n\u0131f\u0131 olmak \u00fczere esnaf-sanatk\u00e2r ve k\u00f6yl\u00fclerin nas\u0131l tepki verebilece\u011fi incelenmektedir. AKP\u2019nin Yaratt\u0131\u011f\u0131 Mutlak Yoksulla\u015fma, halk\u0131n AKP\u2019ye verdi\u011fi \u201coy deste\u011fini\u201d, ve ayr\u0131ca tek tek bireylerin veya siyas\u00ee \u00f6rg\u00fctlerin\/partilerin de\u011fil, ba\u015fta i\u015f\u00e7i s\u0131n\u0131f\u0131 olmak \u00fczere t\u00fcm emek\u00e7i s\u0131n\u0131f ve tabakalar\u0131n AKP\u2019nin yaratt\u0131\u011f\u0131 yoksulla\u015fma s\u00fcre\u00e7leri kar\u015f\u0131s\u0131ndaki olas\u0131 tepkilerini spek\u00fclasyondan uzak duran \u201cger\u00e7ek\u00e7i ve madd\u00ee\u201d verilerle anlamaya \u00e7al\u0131\u015fmaktad\u0131r.<\/p>\n","protected":false},"excerpt":{"rendered":"<p>AKP, yirmi k\u00fcsur y\u0131ll\u0131k iktidar\u0131n\u0131 toplumun her kesimiyle organik ba\u011f kurmu\u015f olan tarikatlara sa\u011flad\u0131\u011f\u0131 imk\u00e2nlar ile dinsel ve milliyet\u00e7i ideoloji arac\u0131l\u0131\u011f\u0131yla devam ettiriyor: \u0130lk y\u0131llar\u0131nda kulland\u0131\u011f\u0131<span class=\"excerpt-hellip\"> [\u2026]<\/span><\/p>\n","protected":false},"featured_media":0,"template":"","meta":{"_monsterinsights_skip_tracking":false,"_monsterinsights_sitenote_active":false,"_monsterinsights_sitenote_note":"","_monsterinsights_sitenote_category":0},"product_brand":[],"product_cat":[12304],"product_tag":[],"class_list":{"0":"post-753774","1":"product","2":"type-product","3":"status-publish","5":"product_cat-tarih","6":"pa_cilt-ciltsiz","7":"pa_tur-kitap","8":"pa_yayinevi-epos-yayinlari","9":"pa_yazar-yildirim-koc","11":"first","12":"instock","13":"sale","14":"shipping-taxable","15":"purchasable","16":"product-type-simple"},"_links":{"self":[{"href":"https:\/\/roveyayinevi.com.tr\/index.php\/wp-json\/wp\/v2\/product\/753774","targetHints":{"allow":["GET"]}}],"collection":[{"href":"https:\/\/roveyayinevi.com.tr\/index.php\/wp-json\/wp\/v2\/product"}],"about":[{"href":"https:\/\/roveyayinevi.com.tr\/index.php\/wp-json\/wp\/v2\/types\/product"}],"wp:attachment":[{"href":"https:\/\/roveyayinevi.com.tr\/index.php\/wp-json\/wp\/v2\/media?parent=753774"}],"wp:term":[{"taxonomy":"product_brand","embeddable":true,"href":"https:\/\/roveyayinevi.com.tr\/index.php\/wp-json\/wp\/v2\/product_brand?post=753774"},{"taxonomy":"product_cat","embeddable":true,"href":"https:\/\/roveyayinevi.com.tr\/index.php\/wp-json\/wp\/v2\/product_cat?post=753774"},{"taxonomy":"product_tag","embeddable":true,"href":"https:\/\/roveyayinevi.com.tr\/index.php\/wp-json\/wp\/v2\/product_tag?post=753774"}],"curies":[{"name":"wp","href":"https:\/\/api.w.org\/{rel}","templated":true}]}}