{"id":753760,"date":"2025-08-28T05:52:04","date_gmt":"2025-08-28T02:52:04","guid":{"rendered":"https:\/\/roveyayinevi.com.tr\/index.php\/urun\/ekranlara-alerjisi-olan-cocuk\/"},"modified":"2026-04-16T03:07:18","modified_gmt":"2026-04-16T00:07:18","slug":"ekranlara-alerjisi-olan-cocuk","status":"publish","type":"product","link":"https:\/\/roveyayinevi.com.tr\/index.php\/urun\/ekranlara-alerjisi-olan-cocuk\/","title":{"rendered":"Ekranlara Alerjisi Olan \u00c7ocuk"},"content":{"rendered":"<p>TELEV\u0130ZYON YOK! TELEFON YOK! TABLET YOK! Bu m\u00fcmk\u00fcn m\u00fc?   \u00c7o\u011fu \u00e7ocuk gibi Milo da \u00e7ok k\u00fc\u00e7\u00fck ya\u015fta ve s\u0131k s\u0131k ekrana maruz kalm\u0131\u015ft\u0131. Eh, sonucu da \u00e7ok ge\u00e7meden ortaya \u00e7\u0131k\u0131verdi. Bir sabah uyand\u0131\u011f\u0131nda g\u00f6zleri kareydi ve etraf\u0131ndaki her \u015feyi piksel piksel g\u00f6rmeye ba\u015flam\u0131\u015ft\u0131. Bu \u00e7ocu\u011fun ekran alerjisi vard\u0131. Peki \u015fimdi bu iyi bir \u015fey miydi yoksa k\u00f6t\u00fc bir \u015fey mi?   Camille Pomerlo bu hik\u00e2yede herkesin \u015fik\u00e2yet edip de kimsenin tam anlam\u0131yla ka\u00e7amad\u0131\u011f\u0131 bir ger\u00e7e\u011fe, son zamanlar\u0131n en \u00f6nemli sorununa tatl\u0131l\u0131kla yakla\u015f\u0131yor. <\/p>\n","protected":false},"excerpt":{"rendered":"<p>TELEV\u0130ZYON YOK! TELEFON YOK! TABLET YOK! Bu m\u00fcmk\u00fcn m\u00fc? \u00c7o\u011fu \u00e7ocuk gibi Milo da \u00e7ok k\u00fc\u00e7\u00fck ya\u015fta ve s\u0131k s\u0131k ekrana maruz kalm\u0131\u015ft\u0131. Eh, sonucu da<span class=\"excerpt-hellip\"> [\u2026]<\/span><\/p>\n","protected":false},"featured_media":0,"template":"","meta":{"_monsterinsights_skip_tracking":false,"_monsterinsights_sitenote_active":false,"_monsterinsights_sitenote_note":"","_monsterinsights_sitenote_category":0},"product_brand":[],"product_cat":[12274,12284],"product_tag":[],"class_list":{"0":"post-753760","1":"product","2":"type-product","3":"status-publish","5":"product_cat-cocuk-ve-genclik-kitaplari","6":"product_cat-hikayeler","7":"pa_cilt-ciltsiz","8":"pa_tur-kitap","9":"pa_yayinevi-cinar-yayinlari","10":"pa_yazar-camille-polermo","12":"first","13":"instock","14":"sale","15":"shipping-taxable","16":"purchasable","17":"product-type-simple"},"_links":{"self":[{"href":"https:\/\/roveyayinevi.com.tr\/index.php\/wp-json\/wp\/v2\/product\/753760","targetHints":{"allow":["GET"]}}],"collection":[{"href":"https:\/\/roveyayinevi.com.tr\/index.php\/wp-json\/wp\/v2\/product"}],"about":[{"href":"https:\/\/roveyayinevi.com.tr\/index.php\/wp-json\/wp\/v2\/types\/product"}],"wp:attachment":[{"href":"https:\/\/roveyayinevi.com.tr\/index.php\/wp-json\/wp\/v2\/media?parent=753760"}],"wp:term":[{"taxonomy":"product_brand","embeddable":true,"href":"https:\/\/roveyayinevi.com.tr\/index.php\/wp-json\/wp\/v2\/product_brand?post=753760"},{"taxonomy":"product_cat","embeddable":true,"href":"https:\/\/roveyayinevi.com.tr\/index.php\/wp-json\/wp\/v2\/product_cat?post=753760"},{"taxonomy":"product_tag","embeddable":true,"href":"https:\/\/roveyayinevi.com.tr\/index.php\/wp-json\/wp\/v2\/product_tag?post=753760"}],"curies":[{"name":"wp","href":"https:\/\/api.w.org\/{rel}","templated":true}]}}