{"id":753748,"date":"2025-08-28T05:51:45","date_gmt":"2025-08-28T02:51:45","guid":{"rendered":"https:\/\/roveyayinevi.com.tr\/index.php\/urun\/iki-dunya-arasinda-2\/"},"modified":"2026-04-16T03:07:18","modified_gmt":"2026-04-16T00:07:18","slug":"iki-dunya-arasinda-2","status":"publish","type":"product","link":"https:\/\/roveyayinevi.com.tr\/index.php\/urun\/iki-dunya-arasinda-2\/","title":{"rendered":"\u0130ki D\u00fcnya Aras\u0131nda"},"content":{"rendered":"<p>\u0130ki D\u00fcnya Aras\u0131nda, be\u015f kad\u0131n\u0131n Hak yolculu\u011funu anlat\u0131yor.   Roman, birbirini tan\u0131mayan, ama bir kitab\u0131n ruhsal k\u00f6pr\u00fcs\u00fcyle hayatlar\u0131 birbirine ba\u011fl\u0131 be\u015f kad\u0131n, Firuze, H\u00fcrmet, Kadriye, Saadet ve Servet\u2019in hayatlar\u0131n\u0131n ritminde ya\u015fad\u0131klar\u0131yla, de\u011fi\u015fen ruh halleri, vicdan muhasebeleriyle manevi aray\u0131\u015f\u0131n farkl\u0131 yollar\u0131nda gezdiriyor bizi.   \u0130ffet Erdem \u00dcnal, ak\u0131c\u0131 \u00fcslubuyla bizi Vahyin ibretlerinde ve tasavvufun zengin d\u00fcnyas\u0131nda dola\u015ft\u0131r\u0131rken i\u00e7 d\u00fcnyam\u0131za \u0131\u015f\u0131k tutuyor. <\/p>\n","protected":false},"excerpt":{"rendered":"<p>\u0130ki D\u00fcnya Aras\u0131nda, be\u015f kad\u0131n\u0131n Hak yolculu\u011funu anlat\u0131yor. Roman, birbirini tan\u0131mayan, ama bir kitab\u0131n ruhsal k\u00f6pr\u00fcs\u00fcyle hayatlar\u0131 birbirine ba\u011fl\u0131 be\u015f kad\u0131n, Firuze, H\u00fcrmet, Kadriye, Saadet ve<span class=\"excerpt-hellip\"> [\u2026]<\/span><\/p>\n","protected":false},"featured_media":0,"template":"","meta":{"_monsterinsights_skip_tracking":false,"_monsterinsights_sitenote_active":false,"_monsterinsights_sitenote_note":"","_monsterinsights_sitenote_category":0},"product_brand":[],"product_cat":[12291,12711],"product_tag":[],"class_list":{"0":"post-753748","1":"product","2":"type-product","3":"status-publish","5":"product_cat-edebiyat","6":"product_cat-roman-oyku","7":"pa_cilt-ciltsiz","8":"pa_tur-kitap","9":"pa_yayinevi-feniks-yayinlari","10":"pa_yazar-iffet-erdem-unal","12":"first","13":"instock","14":"sale","15":"shipping-taxable","16":"purchasable","17":"product-type-simple"},"_links":{"self":[{"href":"https:\/\/roveyayinevi.com.tr\/index.php\/wp-json\/wp\/v2\/product\/753748","targetHints":{"allow":["GET"]}}],"collection":[{"href":"https:\/\/roveyayinevi.com.tr\/index.php\/wp-json\/wp\/v2\/product"}],"about":[{"href":"https:\/\/roveyayinevi.com.tr\/index.php\/wp-json\/wp\/v2\/types\/product"}],"wp:attachment":[{"href":"https:\/\/roveyayinevi.com.tr\/index.php\/wp-json\/wp\/v2\/media?parent=753748"}],"wp:term":[{"taxonomy":"product_brand","embeddable":true,"href":"https:\/\/roveyayinevi.com.tr\/index.php\/wp-json\/wp\/v2\/product_brand?post=753748"},{"taxonomy":"product_cat","embeddable":true,"href":"https:\/\/roveyayinevi.com.tr\/index.php\/wp-json\/wp\/v2\/product_cat?post=753748"},{"taxonomy":"product_tag","embeddable":true,"href":"https:\/\/roveyayinevi.com.tr\/index.php\/wp-json\/wp\/v2\/product_tag?post=753748"}],"curies":[{"name":"wp","href":"https:\/\/api.w.org\/{rel}","templated":true}]}}