{"id":753747,"date":"2025-08-28T05:51:43","date_gmt":"2025-08-28T02:51:43","guid":{"rendered":"https:\/\/roveyayinevi.com.tr\/index.php\/urun\/doktor-elmasi\/"},"modified":"2026-04-16T03:07:18","modified_gmt":"2026-04-16T00:07:18","slug":"doktor-elmasi","status":"publish","type":"product","link":"https:\/\/roveyayinevi.com.tr\/index.php\/urun\/doktor-elmasi\/","title":{"rendered":"Doktor Elmas\u0131"},"content":{"rendered":"<p>\u201c\u0130yi bir yazar oldu\u011funu kan\u0131tlam\u0131\u015f, romanlar\u0131 okuyucu kitlesini bulmu\u015f Serra Menekay, yine yapaca\u011f\u0131n\u0131 yapm\u0131\u015f ve sa\u011flam tarihi arka plan\u0131, ayr\u0131nt\u0131l\u0131 ara\u015ft\u0131rmac\u0131l\u0131\u011f\u0131, ustal\u0131kl\u0131 olay \u00f6rg\u00fcs\u00fc ve s\u00fcr\u00fckleyici diliyle tam da kendine yak\u0131\u015fan bir eser daha ortaya koymu\u015f. \u201cDoktor Elmas\u0131\u201d Cumhuriyetimizin 100. y\u0131l\u0131na \u00e7ok yak\u0131\u015fan bir arma\u011fand\u0131r. Menekay\u2019\u0131 y\u00fcrekten kutluyorum.\u201d                                                               ALEV \u00c7O\u015eKUN                \u201cHer eserinde, ge\u00e7mi\u015fimizin ya\u015fanm\u0131\u015fl\u0131klar\u0131n\u0131 ve g\u00fcn\u00fcm\u00fcz\u00fcn anlam aray\u0131\u015flar\u0131n\u0131 harmanlayarak okuyucuya muhte\u015fem bir hik\u00e2ye \u00f6rg\u00fcs\u00fc sunan Serra Menekay, \u201cDoktor Elmas\u0131\u201d adl\u0131 eserinde de yine, okuyucuyu zamanda unutulmaz bir yolculu\u011fa \u00e7\u0131kar\u0131yor. Tarihin uzak k\u00f6\u015felerinde b\u0131rakarak unuttu\u011fu kahramanlar\u0131na kar\u015f\u0131 vefa borcunu yeni nesiller ad\u0131na, kalemiyle \u00f6deyen Menekay bu defa hekim, asker, siyaset\u00e7i, devlet adam\u0131, baba, e\u015f ve halk adam\u0131 Doktor Mustafa \u015eevket Bey\u2019le yak\u0131nla\u015ft\u0131r\u0131yor bizi. Her bir icraat\u0131n\u0131 kurtulu\u015fa, kurulu\u015fa ve Cumhuriyet\u2019e adeta bir cansuyu verir gibi ger\u00e7ekle\u015ftiren Doktor Bey\u2019e \u201cBengisu\u201d (hayat suyu) soyad\u0131n\u0131 l\u00e2y\u0131k g\u00f6ren \u00d6demi\u015f halk\u0131na, bir as\u0131r \u00f6nce ona sahip \u00e7\u0131kt\u0131klar\u0131 i\u00e7in minnettar\u0131z. Bug\u00fcn de \u00d6demi\u015flilerin ve t\u00fcm \u00fclke sevdal\u0131lar\u0131n\u0131n ayn\u0131 hassasiyetle, ad\u0131m\u0131za \u00f6dedi\u011fi bedeller i\u00e7in bu kudretli isme sahip \u00e7\u0131kmalar\u0131n\u0131 beklemeliyiz. Bu konuda \u00e7ok k\u0131ymetli bir ad\u0131m atan Serra Menekay\u2019a, Doktor Mustafa \u015eevket Bengisu\u2019nun tarihe kaz\u0131nm\u0131\u015f ad\u0131n\u0131 bu denli g\u00fczel yazarak zihinlere ve kalplere daha da kal\u0131c\u0131 bir bi\u00e7imde nak\u015fetti\u011fi ve edebiyat d\u00fcnyas\u0131na arma\u011fan etti\u011fi i\u00e7in te\u015fekk\u00fcr\u00fc bor\u00e7 bilirim.\u201d PINAR AYHAN                                                                                                                                                                             <\/p>\n","protected":false},"excerpt":{"rendered":"<p>\u201c\u0130yi bir yazar oldu\u011funu kan\u0131tlam\u0131\u015f, romanlar\u0131 okuyucu kitlesini bulmu\u015f Serra Menekay, yine yapaca\u011f\u0131n\u0131 yapm\u0131\u015f ve sa\u011flam tarihi arka plan\u0131, ayr\u0131nt\u0131l\u0131 ara\u015ft\u0131rmac\u0131l\u0131\u011f\u0131, ustal\u0131kl\u0131 olay \u00f6rg\u00fcs\u00fc ve s\u00fcr\u00fckleyici<span class=\"excerpt-hellip\"> [\u2026]<\/span><\/p>\n","protected":false},"featured_media":0,"template":"","meta":{"_monsterinsights_skip_tracking":false,"_monsterinsights_sitenote_active":false,"_monsterinsights_sitenote_note":"","_monsterinsights_sitenote_category":0},"product_brand":[],"product_cat":[12291,12745],"product_tag":[],"class_list":{"0":"post-753747","1":"product","2":"type-product","3":"status-publish","5":"product_cat-edebiyat","6":"product_cat-tarihi-roman","7":"pa_cilt-ciltsiz","8":"pa_tur-kitap","9":"pa_yayinevi-galeati-yayincilik","10":"pa_yazar-serra-menekay","12":"first","13":"instock","14":"sale","15":"shipping-taxable","16":"purchasable","17":"product-type-simple"},"_links":{"self":[{"href":"https:\/\/roveyayinevi.com.tr\/index.php\/wp-json\/wp\/v2\/product\/753747","targetHints":{"allow":["GET"]}}],"collection":[{"href":"https:\/\/roveyayinevi.com.tr\/index.php\/wp-json\/wp\/v2\/product"}],"about":[{"href":"https:\/\/roveyayinevi.com.tr\/index.php\/wp-json\/wp\/v2\/types\/product"}],"wp:attachment":[{"href":"https:\/\/roveyayinevi.com.tr\/index.php\/wp-json\/wp\/v2\/media?parent=753747"}],"wp:term":[{"taxonomy":"product_brand","embeddable":true,"href":"https:\/\/roveyayinevi.com.tr\/index.php\/wp-json\/wp\/v2\/product_brand?post=753747"},{"taxonomy":"product_cat","embeddable":true,"href":"https:\/\/roveyayinevi.com.tr\/index.php\/wp-json\/wp\/v2\/product_cat?post=753747"},{"taxonomy":"product_tag","embeddable":true,"href":"https:\/\/roveyayinevi.com.tr\/index.php\/wp-json\/wp\/v2\/product_tag?post=753747"}],"curies":[{"name":"wp","href":"https:\/\/api.w.org\/{rel}","templated":true}]}}