{"id":753722,"date":"2025-08-28T05:51:02","date_gmt":"2025-08-28T02:51:02","guid":{"rendered":"https:\/\/roveyayinevi.com.tr\/index.php\/urun\/joker-80-yil-ozel\/"},"modified":"2026-04-16T03:07:17","modified_gmt":"2026-04-16T00:07:17","slug":"joker-80-yil-ozel","status":"publish","type":"product","link":"https:\/\/roveyayinevi.com.tr\/index.php\/urun\/joker-80-yil-ozel\/","title":{"rendered":"Joker: 80. Y\u0131l \u00d6zel"},"content":{"rendered":"<p>Su\u00e7un Palya\u00e7o Prensi, kaosun 80. y\u0131l d\u00f6n\u00fcm\u00fcn\u00fc kutluyor! Joker, ortaya \u00e7\u0131kt\u0131\u011f\u0131 g\u00fcnden bu yana \u00e7izgi roman d\u00fcnyas\u0131n\u0131n gelmi\u015f ge\u00e7mi\u015f en k\u00f6t\u00fc karakteri olmu\u015ftur. \u0130\u015fte bu d\u00fcnyan\u0131n en yetenekli sanat\u00e7\u0131lar\u0131, bu b\u00fcy\u00fck ba\u015far\u0131y\u0131 kutlamak ad\u0131na \u2018Nefret Dolu Soytar\u0131\u2019y\u0131 do\u011fum g\u00fcn\u00fcnde ac\u0131mas\u0131zca alaya al\u0131yor. Geni\u015f bir korku ve anar\u015fi yelpazesini kapsayan bu hik\u00e2yeler, polis te\u015fkilat\u0131ndan Arkham T\u0131marhanesi\u2019ne, yerel su\u00e7 d\u00fcnyas\u0131ndan Kara \u015e\u00f6valye ve onun m\u00fcttefiklerine kadar Gotham\u2019\u0131n her bir k\u00f6\u015fesinde Joker\u2019in b\u0131rakt\u0131\u011f\u0131 izleri g\u00f6zler \u00f6n\u00fcne seriyor! Bu \u015fatafatl\u0131 do\u011fum g\u00fcn\u00fc partisine kat\u0131l\u0131p kat\u0131lmayaca\u011f\u0131n\u0131z\u0131 l\u00fctfen bildirin&#8211; tabii uyand\u0131\u011f\u0131n\u0131zda kap\u0131n\u0131z\u0131n \u00f6n\u00fcnde bir Joker Bal\u0131\u011f\u0131 g\u00f6rmek istemiyorsan\u0131z! Bu ciltte ayr\u0131ca Joker\u2019in yeni sevgilisi Punchline\u2019n\u0131n orijin hik\u00e2yesi de bulunmaktad\u0131r<\/p>\n","protected":false},"excerpt":{"rendered":"<p>Su\u00e7un Palya\u00e7o Prensi, kaosun 80. y\u0131l d\u00f6n\u00fcm\u00fcn\u00fc kutluyor! Joker, ortaya \u00e7\u0131kt\u0131\u011f\u0131 g\u00fcnden bu yana \u00e7izgi roman d\u00fcnyas\u0131n\u0131n gelmi\u015f ge\u00e7mi\u015f en k\u00f6t\u00fc karakteri olmu\u015ftur. \u0130\u015fte bu d\u00fcnyan\u0131n<span class=\"excerpt-hellip\"> [\u2026]<\/span><\/p>\n","protected":false},"featured_media":0,"template":"","meta":{"_monsterinsights_skip_tracking":false,"_monsterinsights_sitenote_active":false,"_monsterinsights_sitenote_note":"","_monsterinsights_sitenote_category":0},"product_brand":[],"product_cat":[12416,12291],"product_tag":[],"class_list":{"0":"post-753722","1":"product","2":"type-product","3":"status-publish","5":"product_cat-cizgi-roman","6":"product_cat-edebiyat","7":"pa_cilt-ciltsiz","8":"pa_tur-kitap","9":"pa_yayinevi-jbc-yayincilik","10":"pa_yazar-kolektif","12":"first","13":"instock","14":"sale","15":"shipping-taxable","16":"purchasable","17":"product-type-simple"},"_links":{"self":[{"href":"https:\/\/roveyayinevi.com.tr\/index.php\/wp-json\/wp\/v2\/product\/753722","targetHints":{"allow":["GET"]}}],"collection":[{"href":"https:\/\/roveyayinevi.com.tr\/index.php\/wp-json\/wp\/v2\/product"}],"about":[{"href":"https:\/\/roveyayinevi.com.tr\/index.php\/wp-json\/wp\/v2\/types\/product"}],"wp:attachment":[{"href":"https:\/\/roveyayinevi.com.tr\/index.php\/wp-json\/wp\/v2\/media?parent=753722"}],"wp:term":[{"taxonomy":"product_brand","embeddable":true,"href":"https:\/\/roveyayinevi.com.tr\/index.php\/wp-json\/wp\/v2\/product_brand?post=753722"},{"taxonomy":"product_cat","embeddable":true,"href":"https:\/\/roveyayinevi.com.tr\/index.php\/wp-json\/wp\/v2\/product_cat?post=753722"},{"taxonomy":"product_tag","embeddable":true,"href":"https:\/\/roveyayinevi.com.tr\/index.php\/wp-json\/wp\/v2\/product_tag?post=753722"}],"curies":[{"name":"wp","href":"https:\/\/api.w.org\/{rel}","templated":true}]}}