{"id":753721,"date":"2025-08-28T05:51:00","date_gmt":"2025-08-28T02:51:00","guid":{"rendered":"https:\/\/roveyayinevi.com.tr\/index.php\/urun\/batman-vs-robin\/"},"modified":"2026-04-16T03:07:17","modified_gmt":"2026-04-16T00:07:17","slug":"batman-vs-robin","status":"publish","type":"product","link":"https:\/\/roveyayinevi.com.tr\/index.php\/urun\/batman-vs-robin\/","title":{"rendered":"Batman vs. Robin"},"content":{"rendered":"<p>Baba ve o\u011ful, d\u00fcnyay\u0131 sarsacak en \u00f6nemli hik\u00e2yelerden birinde birbirlerine kar\u015f\u0131 en b\u00fcy\u00fck sava\u015flar\u0131n\u0131 veriyorlar. Lazarus Adas\u0131\u2019n\u0131n kuytular\u0131nda, al Ghul ailesinin \u015feytani miras\u0131 nihayet zincirlerinden kurtuluyor ve \u015eeytan Nezha kan d\u00f6kmek i\u00e7in harekete ge\u00e7iyor. D\u00fcnya \u00fczerindeki mutlak h\u00e2kimiyetini geri kazanmak isteyen Nezha, gezegende bulunan b\u00fcy\u00fc g\u00fcc\u00fcn\u00fc art\u0131rarak \u00e7ok daha kuvvetli bir h\u00e2le getiriyor&#8211; b\u00f6ylelikle b\u00fcy\u00fc kullanmaya cesaret eden herkes, yeteneklerini tehlikeli, \u00f6ng\u00f6r\u00fclemez ve baz\u0131 durumlarda \u00f6l\u00fcmc\u00fcl seviyelere ta\u015f\u0131yan \u015feytani bir k\u00f6t\u00fcl\u00fck taraf\u0131ndan alt ediliyor! Damian, Nezha\u2019n\u0131n a\u011f\u0131na d\u00fc\u015fm\u00fc\u015f durumda ve Bruce, eski bir dostun zamans\u0131z d\u00f6n\u00fc\u015f\u00fcyle ba\u015fa \u00e7\u0131kmaya \u00e7al\u0131\u015f\u0131yor; Kara \u015e\u00f6valye ve Mucize \u00c7ocuk, asr\u0131n en b\u00fcy\u00fck sava\u015f\u0131nda kar\u015f\u0131 kar\u015f\u0131ya geliyor! Efsanevi yazar Mark Waid (Kingdom Come, Batman\/Superman: World\u2019s Finest), Batman tarihindeki bu yeni destan\u0131n ba\u015f\u0131n\u0131 \u00e7ekiyor ve s\u00fcperstar \u00e7izer Mahmud Asrar (X-Men, Supergirl), b\u00fcy\u00fck bir zaferle DC\u2019ye geri d\u00f6n\u00fcyor! <\/p>\n","protected":false},"excerpt":{"rendered":"<p>Baba ve o\u011ful, d\u00fcnyay\u0131 sarsacak en \u00f6nemli hik\u00e2yelerden birinde birbirlerine kar\u015f\u0131 en b\u00fcy\u00fck sava\u015flar\u0131n\u0131 veriyorlar. Lazarus Adas\u0131\u2019n\u0131n kuytular\u0131nda, al Ghul ailesinin \u015feytani miras\u0131 nihayet zincirlerinden kurtuluyor<span class=\"excerpt-hellip\"> [\u2026]<\/span><\/p>\n","protected":false},"featured_media":0,"template":"","meta":{"_monsterinsights_skip_tracking":false,"_monsterinsights_sitenote_active":false,"_monsterinsights_sitenote_note":"","_monsterinsights_sitenote_category":0},"product_brand":[],"product_cat":[12416,12291],"product_tag":[],"class_list":{"0":"post-753721","1":"product","2":"type-product","3":"status-publish","5":"product_cat-cizgi-roman","6":"product_cat-edebiyat","7":"pa_cilt-ciltsiz","8":"pa_tur-kitap","9":"pa_yayinevi-jbc-yayincilik","10":"pa_yazar-mark-waid","12":"first","13":"instock","14":"sale","15":"shipping-taxable","16":"purchasable","17":"product-type-simple"},"_links":{"self":[{"href":"https:\/\/roveyayinevi.com.tr\/index.php\/wp-json\/wp\/v2\/product\/753721","targetHints":{"allow":["GET"]}}],"collection":[{"href":"https:\/\/roveyayinevi.com.tr\/index.php\/wp-json\/wp\/v2\/product"}],"about":[{"href":"https:\/\/roveyayinevi.com.tr\/index.php\/wp-json\/wp\/v2\/types\/product"}],"wp:attachment":[{"href":"https:\/\/roveyayinevi.com.tr\/index.php\/wp-json\/wp\/v2\/media?parent=753721"}],"wp:term":[{"taxonomy":"product_brand","embeddable":true,"href":"https:\/\/roveyayinevi.com.tr\/index.php\/wp-json\/wp\/v2\/product_brand?post=753721"},{"taxonomy":"product_cat","embeddable":true,"href":"https:\/\/roveyayinevi.com.tr\/index.php\/wp-json\/wp\/v2\/product_cat?post=753721"},{"taxonomy":"product_tag","embeddable":true,"href":"https:\/\/roveyayinevi.com.tr\/index.php\/wp-json\/wp\/v2\/product_tag?post=753721"}],"curies":[{"name":"wp","href":"https:\/\/api.w.org\/{rel}","templated":true}]}}