{"id":753720,"date":"2025-08-28T05:50:59","date_gmt":"2025-08-28T02:50:59","guid":{"rendered":"https:\/\/roveyayinevi.com.tr\/index.php\/urun\/iktisadin-gizli-gunahlari\/"},"modified":"2026-04-16T03:07:17","modified_gmt":"2026-04-16T00:07:17","slug":"iktisadin-gizli-gunahlari","status":"publish","type":"product","link":"https:\/\/roveyayinevi.com.tr\/index.php\/urun\/iktisadin-gizli-gunahlari\/","title":{"rendered":"\u0130ktisad\u0131n Gizli G\u00fcnahlar\u0131"},"content":{"rendered":"<p>Deirdre McCloskey, bu k\u0131sa \u00e7al\u0131\u015fmas\u0131nda, politik ekonomiyi bir kenara b\u0131rakan iktisattaki bilimsel te\u015febb\u00fcs\u00fc sekteye u\u011fratan iki gizli g\u00fcnah oldu\u011funu iddia eder.Bu iddias\u0131n\u0131 temellendirirken iktisada ili\u015fkin genel kan\u0131y\u0131 g\u00f6zden ge\u00e7irir, k\u00fc\u00e7\u00fck g\u00fcnahlardan bahseder, iktisada \u00f6zg\u00fc olmayan b\u00fcy\u00fck g\u00fcnahlar\u0131 belirtir, \u201ci\u00e7eridekilerin\u201d ve \u201cd\u0131\u015far\u0131dakilerin\u201d iktisada dair hatal\u0131 kavray\u0131\u015flar\u0131n\u0131 net bir \u015fekilde ortaya koyar. Hacim olarak k\u00fc\u00e7\u00fck say\u0131labilecek bir \u00e7al\u0131\u015fmada, muazzam bir bilgi birikiminden s\u00fcz\u00fclerek ortaya konan kapsaml\u0131 bir sorgulama yapar. Peki nedir bu iki gizli g\u00fcnah? \u00d6ncelikle \u015funu belirtir McCloskey; \u201cD\u00fcnyaya ili\u015fkin bir ara\u015ft\u0131rma d\u00fc\u015f\u00fcnmeli ve bakmal\u0131d\u0131r. Teorile\u015ftirmeli ve g\u00f6zlemlemelidir. Bi\u00e7imlendirmeli ve kaydetmelidir. Her ikisini de.\u201d Ve iktisat, saf bir d\u00fc\u015f\u00fcnme prati\u011fi, sadece bir teori de\u011fil, d\u00fcnyaya dair bir ara\u015ft\u0131rma prati\u011fidir: \u201c\u2026 iktisad\u0131n saf d\u00fc\u015f\u00fcnme de\u011fil, d\u00fcnya \u00fczerine bir ara\u015ft\u0131rma olmas\u0131 gerekiyor.\u201d Dolay\u0131s\u0131yla iktisat ne sadece ampirik ne de sadece teorik olabilir. \u0130kisini de kullanmal\u0131d\u0131r. Ne var ki iki gizli g\u00fcnah tam da burada i\u015flenir: \u201c\u0130ktisat, \u2018teoride\u2019 nitel \u2018sonu\u00e7lara\u2019 ve \u2018ampirik \u00e7al\u0131\u015fmada\u2019 anlaml\u0131\/anlams\u0131z \u2018sonu\u00e7lara\u2019 indirgenmi\u015ftir.\u201d McCloskey\u2019e g\u00f6re bu \u00e7al\u0131\u015fma tarz\u0131nda i\u015flenen g\u00fcnahlar, niceliksel g\u00fcc\u00fc olmayan &#8220;niteliksel teoremler\u201d ve niceliksel g\u00fcc\u00fc olmayan \u201cistatistiksel anlaml\u0131l\u0131k\u201dt\u0131r. <\/p>\n","protected":false},"excerpt":{"rendered":"<p>Deirdre McCloskey, bu k\u0131sa \u00e7al\u0131\u015fmas\u0131nda, politik ekonomiyi bir kenara b\u0131rakan iktisattaki bilimsel te\u015febb\u00fcs\u00fc sekteye u\u011fratan iki gizli g\u00fcnah oldu\u011funu iddia eder.Bu iddias\u0131n\u0131 temellendirirken iktisada ili\u015fkin genel<span class=\"excerpt-hellip\"> [\u2026]<\/span><\/p>\n","protected":false},"featured_media":0,"template":"","meta":{"_monsterinsights_skip_tracking":false,"_monsterinsights_sitenote_active":false,"_monsterinsights_sitenote_note":"","_monsterinsights_sitenote_category":0},"product_brand":[],"product_cat":[13043],"product_tag":[],"class_list":{"0":"post-753720","1":"product","2":"type-product","3":"status-publish","5":"product_cat-ekonomi","6":"pa_cilt-ciltsiz","7":"pa_tur-kitap","8":"pa_yayinevi-heretik-yayincilik","9":"pa_yazar-deirdre-n-mccloskey","11":"first","12":"instock","13":"sale","14":"shipping-taxable","15":"purchasable","16":"product-type-simple"},"_links":{"self":[{"href":"https:\/\/roveyayinevi.com.tr\/index.php\/wp-json\/wp\/v2\/product\/753720","targetHints":{"allow":["GET"]}}],"collection":[{"href":"https:\/\/roveyayinevi.com.tr\/index.php\/wp-json\/wp\/v2\/product"}],"about":[{"href":"https:\/\/roveyayinevi.com.tr\/index.php\/wp-json\/wp\/v2\/types\/product"}],"wp:attachment":[{"href":"https:\/\/roveyayinevi.com.tr\/index.php\/wp-json\/wp\/v2\/media?parent=753720"}],"wp:term":[{"taxonomy":"product_brand","embeddable":true,"href":"https:\/\/roveyayinevi.com.tr\/index.php\/wp-json\/wp\/v2\/product_brand?post=753720"},{"taxonomy":"product_cat","embeddable":true,"href":"https:\/\/roveyayinevi.com.tr\/index.php\/wp-json\/wp\/v2\/product_cat?post=753720"},{"taxonomy":"product_tag","embeddable":true,"href":"https:\/\/roveyayinevi.com.tr\/index.php\/wp-json\/wp\/v2\/product_tag?post=753720"}],"curies":[{"name":"wp","href":"https:\/\/api.w.org\/{rel}","templated":true}]}}