{"id":753699,"date":"2025-08-28T05:50:26","date_gmt":"2025-08-28T02:50:26","guid":{"rendered":"https:\/\/roveyayinevi.com.tr\/index.php\/urun\/kim-ne-demis\/"},"modified":"2026-04-16T03:07:17","modified_gmt":"2026-04-16T00:07:17","slug":"kim-ne-demis","status":"publish","type":"product","link":"https:\/\/roveyayinevi.com.tr\/index.php\/urun\/kim-ne-demis\/","title":{"rendered":"Kim Ne Demi\u015f"},"content":{"rendered":"<p>Ay\u015fe Top\u00e7u der ki; G\u00fczel s\u00f6zler, zihnimize estetik bir haz verdi\u011fi gibi ayn\u0131 zamanda hayat\u0131m\u0131za y\u00f6n veren faydal\u0131 s\u00f6zlerdir. D\u00fc\u015f\u00fcncelerini ve tecr\u00fcbelerini \u00f6zl\u00fc bir \u015fekilde ifade ederek bize miras b\u0131rakan t\u00fcm insanlara te\u015fekk\u00fcr etmeliyiz. \u00c7\u00fcnk\u00fc hayat yolunda do\u011fru istikamette gitmemiz i\u00e7in bu s\u00f6zler bir i\u015faret levhas\u0131 gibi y\u00f6n verir.   Piyasada g\u00fczel s\u00f6zlerle ilgili bir\u00e7ok derleme kitap bulunmaktad\u0131r. Bu t\u00fcr derlemeler ayn\u0131 zamanda derleyenin hayata bak\u0131\u015f a\u00e7\u0131s\u0131na g\u00f6re de\u011fi\u015fiklik g\u00f6sterir. Herkes de\u011fi\u015fik \u00e7i\u00e7eklerden bir buket yapar ama her bu ketin farkl\u0131 g\u00fczelli\u011fi vard\u0131r.   Ben de D\u00fcnyan\u0131n en \u00fcnl\u00fc isimlerince s\u00f6ylenmi\u015f binlerce s\u00f6z\u00fc \u00f6zenle se\u00e7ip, kitab\u0131m\u0131n \u00f6zg\u00fcn bir eser olmas\u0131na gayret ettim. S\u00f6zleri se\u00e7erken d\u00fc\u015f\u00fcnce d\u00fcnyam \u00e7ok renklendi. Kitab\u0131 okuyan her \u00f6\u011fretmen, \u00f6\u011frenci, yazar, siyaset\u00e7i ve konu\u015fmac\u0131n\u0131n da d\u00fc\u015f\u00fcnce d\u00fcnyas\u0131n\u0131 \u00e7ok zenginle\u015ftirece\u011fini umuyorum.   Sevgi ve sayg\u0131lar\u0131mla\u2026 <\/p>\n","protected":false},"excerpt":{"rendered":"<p>Ay\u015fe Top\u00e7u der ki; G\u00fczel s\u00f6zler, zihnimize estetik bir haz verdi\u011fi gibi ayn\u0131 zamanda hayat\u0131m\u0131za y\u00f6n veren faydal\u0131 s\u00f6zlerdir. D\u00fc\u015f\u00fcncelerini ve tecr\u00fcbelerini \u00f6zl\u00fc bir \u015fekilde ifade<span class=\"excerpt-hellip\"> [\u2026]<\/span><\/p>\n","protected":false},"featured_media":0,"template":"","meta":{"_monsterinsights_skip_tracking":false,"_monsterinsights_sitenote_active":false,"_monsterinsights_sitenote_note":"","_monsterinsights_sitenote_category":0},"product_brand":[],"product_cat":[27157,12291],"product_tag":[],"class_list":{"0":"post-753699","1":"product","2":"type-product","3":"status-publish","5":"product_cat-derleme","6":"product_cat-edebiyat","7":"pa_cilt-ciltsiz","8":"pa_tur-kitap","9":"pa_yayinevi-gulnar-yayinlari","10":"pa_yazar-ayse-topcu","12":"first","13":"instock","14":"sale","15":"shipping-taxable","16":"purchasable","17":"product-type-simple"},"_links":{"self":[{"href":"https:\/\/roveyayinevi.com.tr\/index.php\/wp-json\/wp\/v2\/product\/753699","targetHints":{"allow":["GET"]}}],"collection":[{"href":"https:\/\/roveyayinevi.com.tr\/index.php\/wp-json\/wp\/v2\/product"}],"about":[{"href":"https:\/\/roveyayinevi.com.tr\/index.php\/wp-json\/wp\/v2\/types\/product"}],"wp:attachment":[{"href":"https:\/\/roveyayinevi.com.tr\/index.php\/wp-json\/wp\/v2\/media?parent=753699"}],"wp:term":[{"taxonomy":"product_brand","embeddable":true,"href":"https:\/\/roveyayinevi.com.tr\/index.php\/wp-json\/wp\/v2\/product_brand?post=753699"},{"taxonomy":"product_cat","embeddable":true,"href":"https:\/\/roveyayinevi.com.tr\/index.php\/wp-json\/wp\/v2\/product_cat?post=753699"},{"taxonomy":"product_tag","embeddable":true,"href":"https:\/\/roveyayinevi.com.tr\/index.php\/wp-json\/wp\/v2\/product_tag?post=753699"}],"curies":[{"name":"wp","href":"https:\/\/api.w.org\/{rel}","templated":true}]}}