{"id":753691,"date":"2025-08-28T05:50:14","date_gmt":"2025-08-28T02:50:14","guid":{"rendered":"https:\/\/roveyayinevi.com.tr\/index.php\/urun\/ayrinti-dergi-yaz-2023-44-sayi\/"},"modified":"2026-04-16T03:07:16","modified_gmt":"2026-04-16T00:07:16","slug":"ayrinti-dergi-yaz-2023-44-sayi","status":"publish","type":"product","link":"https:\/\/roveyayinevi.com.tr\/index.php\/urun\/ayrinti-dergi-yaz-2023-44-sayi\/","title":{"rendered":"Ayr\u0131nt\u0131 Dergi Yaz 2023 (44. Say\u0131)"},"content":{"rendered":"<p>T\u00fcrkiye siyasi tarihinin en \u00f6nemli se\u00e7imi olarak g\u00f6r\u00fclen May\u0131s se\u00e7imleri AKP-MHP blo\u011funun ve i\u00e7erdi\u011fi koyu \u0130slamc\u0131 partilerin meclis \u00e7o\u011funlu\u011funu ele ge\u00e7irmesi ve Recep Tayyip Erdo\u011fan\u2019\u0131n 3. kez Cumhurba\u015fkan\u0131 se\u00e7ilmesi ile sonu\u00e7land\u0131. AKP otoriteryanizmine dur demek a\u00e7\u0131s\u0131ndan kritik bir \u00f6neme sahip olan bu se\u00e7im, muhalefetin a\u011f\u0131r ekonomik kriz ko\u015fullar\u0131nda ekonomik krizin yaratt\u0131\u011f\u0131 tahribata g\u00fcvenerek \u201cher t\u00fcrl\u00fc gidecekler\u201d rahatl\u0131\u011f\u0131 ve \u00f6zg\u00fcveni ile girdi\u011fi se\u00e7imi kaybetmesi ile sonu\u00e7land\u0131. Muhalefetin \u00f6rg\u00fcts\u00fczl\u00fc\u011f\u00fc, i\u00e7 \u00e7at\u0131\u015fma ve kavgalar\u0131, siyasal bir programdan yoksunlu\u011fu ve siyaseti halk\u0131 yeniden kurman\u0131n bir yolu olarak g\u00f6rmek yerine matematiksel hesaplara indirgemesi, T\u00fcrkiye\u2019nin bu en \u00f6nemli se\u00e7iminde a\u011f\u0131r bir yenilgi almas\u0131na yol a\u00e7t\u0131. Merkez siyasetin ana muhalif partisi CHP\u2019nin s\u00fcreci y\u00f6netmekteki ba\u015far\u0131s\u0131zl\u0131\u011f\u0131 ve se\u00e7imi kazanmak ad\u0131na her t\u00fcrl\u00fc ilkesinden vazge\u00e7mesi, sonuca etki eden \u00f6nemli noktalar\u0131n sadece birka\u00e7\u0131yd\u0131. Siyasetin ilkesiz bir \u015fekilde herkes ile ortakla\u015fmak yerine ilkeler etraf\u0131nda halk\u0131 birle\u015ftirmek oldu\u011funu muhalefetin g\u00f6zden ka\u00e7\u0131rmas\u0131 T\u00fcrkiye\u2019yi 5 y\u0131ll\u0131k otoriter bir y\u00f6netime teslim etmesi ile sonu\u00e7land\u0131. <\/p>\n","protected":false},"excerpt":{"rendered":"<p>T\u00fcrkiye siyasi tarihinin en \u00f6nemli se\u00e7imi olarak g\u00f6r\u00fclen May\u0131s se\u00e7imleri AKP-MHP blo\u011funun ve i\u00e7erdi\u011fi koyu \u0130slamc\u0131 partilerin meclis \u00e7o\u011funlu\u011funu ele ge\u00e7irmesi ve Recep Tayyip Erdo\u011fan\u2019\u0131n 3.<span class=\"excerpt-hellip\"> [\u2026]<\/span><\/p>\n","protected":false},"featured_media":0,"template":"","meta":{"_monsterinsights_skip_tracking":false,"_monsterinsights_sitenote_active":false,"_monsterinsights_sitenote_note":"","_monsterinsights_sitenote_category":0},"product_brand":[],"product_cat":[13527],"product_tag":[],"class_list":{"0":"post-753691","1":"product","2":"type-product","3":"status-publish","5":"product_cat-sureli-yayinlar","6":"pa_cilt-ciltsiz","7":"pa_tur-dergi","8":"pa_yayinevi-ayrinti-yayinlari","9":"pa_yazar-kolektif","11":"first","12":"instock","13":"sale","14":"shipping-taxable","15":"purchasable","16":"product-type-simple"},"_links":{"self":[{"href":"https:\/\/roveyayinevi.com.tr\/index.php\/wp-json\/wp\/v2\/product\/753691","targetHints":{"allow":["GET"]}}],"collection":[{"href":"https:\/\/roveyayinevi.com.tr\/index.php\/wp-json\/wp\/v2\/product"}],"about":[{"href":"https:\/\/roveyayinevi.com.tr\/index.php\/wp-json\/wp\/v2\/types\/product"}],"wp:attachment":[{"href":"https:\/\/roveyayinevi.com.tr\/index.php\/wp-json\/wp\/v2\/media?parent=753691"}],"wp:term":[{"taxonomy":"product_brand","embeddable":true,"href":"https:\/\/roveyayinevi.com.tr\/index.php\/wp-json\/wp\/v2\/product_brand?post=753691"},{"taxonomy":"product_cat","embeddable":true,"href":"https:\/\/roveyayinevi.com.tr\/index.php\/wp-json\/wp\/v2\/product_cat?post=753691"},{"taxonomy":"product_tag","embeddable":true,"href":"https:\/\/roveyayinevi.com.tr\/index.php\/wp-json\/wp\/v2\/product_tag?post=753691"}],"curies":[{"name":"wp","href":"https:\/\/api.w.org\/{rel}","templated":true}]}}