{"id":753682,"date":"2025-08-28T05:50:00","date_gmt":"2025-08-28T02:50:00","guid":{"rendered":"https:\/\/roveyayinevi.com.tr\/index.php\/urun\/gokkusagi-ve-ayicik-boni\/"},"modified":"2026-04-16T03:07:16","modified_gmt":"2026-04-16T00:07:16","slug":"gokkusagi-ve-ayicik-boni","status":"publish","type":"product","link":"https:\/\/roveyayinevi.com.tr\/index.php\/urun\/gokkusagi-ve-ayicik-boni\/","title":{"rendered":"G\u00f6kku\u015fa\u011f\u0131 ve Ay\u0131c\u0131k Boni"},"content":{"rendered":"<p>Ay\u0131c\u0131k Boni, \u00f6yle s\u0131k\u0131lm\u0131\u015ft\u0131 ki sanki i\u00e7inde kocaman bir balon \u015fi\u015fmi\u015fti. Ya\u011fmurlu bir g\u00fcnd\u00fc. Camdan d\u0131\u015far\u0131 bak\u0131yordu. Kafas\u0131n\u0131 g\u00f6ky\u00fcz\u00fcne kald\u0131rd\u0131\u011f\u0131nda ise \u00e7ok \u015fa\u015f\u0131rd\u0131. G\u00f6ky\u00fcz\u00fcnde reng\u00e2renk \u015feyler vard\u0131. Bunlar da neydi? G\u00f6rd\u00fc\u011f\u00fc \u015feyin resmini yapmak istedi ama kayboluvermi\u015fti. \u015eimdi Ay\u0131c\u0131k Boni\u2019ye kim yard\u0131m edecekti? Tabii ki hayalleri&#8230;<\/p>\n","protected":false},"excerpt":{"rendered":"<p>Ay\u0131c\u0131k Boni, \u00f6yle s\u0131k\u0131lm\u0131\u015ft\u0131 ki sanki i\u00e7inde kocaman bir balon \u015fi\u015fmi\u015fti. Ya\u011fmurlu bir g\u00fcnd\u00fc. Camdan d\u0131\u015far\u0131 bak\u0131yordu. Kafas\u0131n\u0131 g\u00f6ky\u00fcz\u00fcne kald\u0131rd\u0131\u011f\u0131nda ise \u00e7ok \u015fa\u015f\u0131rd\u0131. G\u00f6ky\u00fcz\u00fcnde reng\u00e2renk \u015feyler<span class=\"excerpt-hellip\"> [\u2026]<\/span><\/p>\n","protected":false},"featured_media":0,"template":"","meta":{"_monsterinsights_skip_tracking":false,"_monsterinsights_sitenote_active":false,"_monsterinsights_sitenote_note":"","_monsterinsights_sitenote_category":0},"product_brand":[],"product_cat":[12274,12284],"product_tag":[],"class_list":{"0":"post-753682","1":"product","2":"type-product","3":"status-publish","5":"product_cat-cocuk-ve-genclik-kitaplari","6":"product_cat-hikayeler","7":"pa_cilt-ciltsiz","8":"pa_tur-kitap","9":"pa_yayinevi-luna-cocuk-yayinlari","10":"pa_yazar-eda-baskin","12":"first","13":"instock","14":"sale","15":"shipping-taxable","16":"purchasable","17":"product-type-simple"},"_links":{"self":[{"href":"https:\/\/roveyayinevi.com.tr\/index.php\/wp-json\/wp\/v2\/product\/753682","targetHints":{"allow":["GET"]}}],"collection":[{"href":"https:\/\/roveyayinevi.com.tr\/index.php\/wp-json\/wp\/v2\/product"}],"about":[{"href":"https:\/\/roveyayinevi.com.tr\/index.php\/wp-json\/wp\/v2\/types\/product"}],"wp:attachment":[{"href":"https:\/\/roveyayinevi.com.tr\/index.php\/wp-json\/wp\/v2\/media?parent=753682"}],"wp:term":[{"taxonomy":"product_brand","embeddable":true,"href":"https:\/\/roveyayinevi.com.tr\/index.php\/wp-json\/wp\/v2\/product_brand?post=753682"},{"taxonomy":"product_cat","embeddable":true,"href":"https:\/\/roveyayinevi.com.tr\/index.php\/wp-json\/wp\/v2\/product_cat?post=753682"},{"taxonomy":"product_tag","embeddable":true,"href":"https:\/\/roveyayinevi.com.tr\/index.php\/wp-json\/wp\/v2\/product_tag?post=753682"}],"curies":[{"name":"wp","href":"https:\/\/api.w.org\/{rel}","templated":true}]}}