{"id":753678,"date":"2025-08-28T05:49:53","date_gmt":"2025-08-28T02:49:53","guid":{"rendered":"https:\/\/roveyayinevi.com.tr\/index.php\/urun\/gargantis-fleksi-cilt\/"},"modified":"2026-04-16T03:07:16","modified_gmt":"2026-04-16T00:07:16","slug":"gargantis-fleksi-cilt","status":"publish","type":"product","link":"https:\/\/roveyayinevi.com.tr\/index.php\/urun\/gargantis-fleksi-cilt\/","title":{"rendered":"Gargantis (Fleksi Cilt)"},"content":{"rendered":"<p>Tuhaf Deniz Kasabas\u0131\u2019n\u0131n \u00fczerinde patlamaya haz\u0131r f\u0131rt\u0131na bulutlar\u0131 dola\u015f\u0131yor. Bal\u0131k\u00e7\u0131lar\u0131n s\u00f6yledi\u011fine g\u00f6re buna sebep olan \u015fey efsanevi bir canavar. Ve bilirsiniz ki efsanelerin, yeniden hayat bulmak gibi bir al\u0131\u015fkanl\u0131\u011f\u0131 var.Biri, bu \u00fcrk\u00fct\u00fcc\u00fc sahil kasabas\u0131n\u0131n alt\u0131ndaki sulu ma\u011faralarda uyuyan antik Gargantis\u2019i uyand\u0131r\u0131yor. G\u00f6r\u00fcn\u00fc\u015fe g\u00f6re Gargantis bir \u015feyin pe\u015finde: Su alt\u0131 s\u0131\u011f\u0131na\u011f\u0131ndan \u00e7al\u0131nan bir hazine. Belki de bu hazine B\u00fcy\u00fck Nautilus Oteli\u2019nin Kay\u0131p E\u015fya Sorumlusu Herbert Limon&#8217;un g\u00f6zetimindedir. Cesur Violet ve sad\u0131k dostu Herbert, Gargantis&#8217;in ne istedi\u011fini ve hazinesini kimin \u00e7ald\u0131\u011f\u0131n\u0131 bulmak i\u00e7in elinden geleni yapacak. Fakat gizemli karakterlerle dolu bir kasabada su\u00e7lu, yoldan ge\u00e7en herhangi biri olabilir!\u0130ki maceraperestin, sular\u0131n hi\u00e7 durulmad\u0131\u011f\u0131 Tuhaf Deniz Kasabas\u0131\u2019nda ba\u015flayan, denizin so\u011fuk ve karanl\u0131k derinliklerinden ge\u00e7en ola\u011fan\u00fcst\u00fc maceras\u0131 devam ediyor!<\/p>\n","protected":false},"excerpt":{"rendered":"<p>Tuhaf Deniz Kasabas\u0131\u2019n\u0131n \u00fczerinde patlamaya haz\u0131r f\u0131rt\u0131na bulutlar\u0131 dola\u015f\u0131yor. Bal\u0131k\u00e7\u0131lar\u0131n s\u00f6yledi\u011fine g\u00f6re buna sebep olan \u015fey efsanevi bir canavar. Ve bilirsiniz ki efsanelerin, yeniden hayat bulmak<span class=\"excerpt-hellip\"> [\u2026]<\/span><\/p>\n","protected":false},"featured_media":0,"template":"","meta":{"_monsterinsights_skip_tracking":false,"_monsterinsights_sitenote_active":false,"_monsterinsights_sitenote_note":"","_monsterinsights_sitenote_category":0},"product_brand":[],"product_cat":[12274,12284],"product_tag":[],"class_list":{"0":"post-753678","1":"product","2":"type-product","3":"status-publish","5":"product_cat-cocuk-ve-genclik-kitaplari","6":"product_cat-hikayeler","7":"pa_cilt-ciltsiz","8":"pa_tur-kitap","9":"pa_yayinevi-genc-timas","10":"pa_yazar-thomas-taylor","12":"first","13":"instock","14":"sale","15":"shipping-taxable","16":"purchasable","17":"product-type-simple"},"_links":{"self":[{"href":"https:\/\/roveyayinevi.com.tr\/index.php\/wp-json\/wp\/v2\/product\/753678","targetHints":{"allow":["GET"]}}],"collection":[{"href":"https:\/\/roveyayinevi.com.tr\/index.php\/wp-json\/wp\/v2\/product"}],"about":[{"href":"https:\/\/roveyayinevi.com.tr\/index.php\/wp-json\/wp\/v2\/types\/product"}],"wp:attachment":[{"href":"https:\/\/roveyayinevi.com.tr\/index.php\/wp-json\/wp\/v2\/media?parent=753678"}],"wp:term":[{"taxonomy":"product_brand","embeddable":true,"href":"https:\/\/roveyayinevi.com.tr\/index.php\/wp-json\/wp\/v2\/product_brand?post=753678"},{"taxonomy":"product_cat","embeddable":true,"href":"https:\/\/roveyayinevi.com.tr\/index.php\/wp-json\/wp\/v2\/product_cat?post=753678"},{"taxonomy":"product_tag","embeddable":true,"href":"https:\/\/roveyayinevi.com.tr\/index.php\/wp-json\/wp\/v2\/product_tag?post=753678"}],"curies":[{"name":"wp","href":"https:\/\/api.w.org\/{rel}","templated":true}]}}