{"id":753664,"date":"2025-08-28T05:49:30","date_gmt":"2025-08-28T02:49:30","guid":{"rendered":"https:\/\/roveyayinevi.com.tr\/index.php\/urun\/debdebe\/"},"modified":"2026-04-16T03:07:16","modified_gmt":"2026-04-16T00:07:16","slug":"debdebe","status":"publish","type":"product","link":"https:\/\/roveyayinevi.com.tr\/index.php\/urun\/debdebe\/","title":{"rendered":"Debdebe"},"content":{"rendered":"<p>Hadimi Akka\u015f\u2019\u0131 tan\u0131yan, onun ya\u015fam\u0131na dokunan ve onun ya\u015fam\u0131na tan\u0131kl\u0131k edenler bilir ki ne \u00e7ok severdi bir par\u00e7a ka\u011f\u0131da kimi zaman da pe\u00e7eteye \u015fiir yazmay\u0131&#8230; Y\u0131llar sonra bir araya getirilen \u015fiirlerinden derlenen Debdebe ile her zaman hat\u0131rlanmas\u0131 dile\u011fiyle&#8230;   \u0130ncitirsen incinirsin unutma, Kabe\u2019yi y\u0131k, g\u00f6n\u00fcl evini y\u0131kma! Hadimi Akka\u015f <\/p>\n","protected":false},"excerpt":{"rendered":"<p>Hadimi Akka\u015f\u2019\u0131 tan\u0131yan, onun ya\u015fam\u0131na dokunan ve onun ya\u015fam\u0131na tan\u0131kl\u0131k edenler bilir ki ne \u00e7ok severdi bir par\u00e7a ka\u011f\u0131da kimi zaman da pe\u00e7eteye \u015fiir yazmay\u0131&#8230; Y\u0131llar<span class=\"excerpt-hellip\"> [\u2026]<\/span><\/p>\n","protected":false},"featured_media":0,"template":"","meta":{"_monsterinsights_skip_tracking":false,"_monsterinsights_sitenote_active":false,"_monsterinsights_sitenote_note":"","_monsterinsights_sitenote_category":0},"product_brand":[],"product_cat":[12291,12509],"product_tag":[],"class_list":{"0":"post-753664","1":"product","2":"type-product","3":"status-publish","5":"product_cat-edebiyat","6":"product_cat-siir","7":"pa_cilt-ciltsiz","8":"pa_tur-kitap","9":"pa_yayinevi-us-yayinlari","10":"pa_yazar-hadimi-akkas","12":"first","13":"instock","14":"sale","15":"shipping-taxable","16":"purchasable","17":"product-type-simple"},"_links":{"self":[{"href":"https:\/\/roveyayinevi.com.tr\/index.php\/wp-json\/wp\/v2\/product\/753664","targetHints":{"allow":["GET"]}}],"collection":[{"href":"https:\/\/roveyayinevi.com.tr\/index.php\/wp-json\/wp\/v2\/product"}],"about":[{"href":"https:\/\/roveyayinevi.com.tr\/index.php\/wp-json\/wp\/v2\/types\/product"}],"wp:attachment":[{"href":"https:\/\/roveyayinevi.com.tr\/index.php\/wp-json\/wp\/v2\/media?parent=753664"}],"wp:term":[{"taxonomy":"product_brand","embeddable":true,"href":"https:\/\/roveyayinevi.com.tr\/index.php\/wp-json\/wp\/v2\/product_brand?post=753664"},{"taxonomy":"product_cat","embeddable":true,"href":"https:\/\/roveyayinevi.com.tr\/index.php\/wp-json\/wp\/v2\/product_cat?post=753664"},{"taxonomy":"product_tag","embeddable":true,"href":"https:\/\/roveyayinevi.com.tr\/index.php\/wp-json\/wp\/v2\/product_tag?post=753664"}],"curies":[{"name":"wp","href":"https:\/\/api.w.org\/{rel}","templated":true}]}}