{"id":753646,"date":"2025-08-28T05:48:58","date_gmt":"2025-08-28T02:48:58","guid":{"rendered":"https:\/\/roveyayinevi.com.tr\/index.php\/urun\/cigerimin-sizisi\/"},"modified":"2026-04-16T03:07:15","modified_gmt":"2026-04-16T00:07:15","slug":"cigerimin-sizisi","status":"publish","type":"product","link":"https:\/\/roveyayinevi.com.tr\/index.php\/urun\/cigerimin-sizisi\/","title":{"rendered":"Ci\u011ferimin S\u0131z\u0131s\u0131"},"content":{"rendered":"<p>Sevginizi kar\u015f\u0131l\u0131ks\u0131z sundu\u011funuz en de\u011ferli varl\u0131\u011f\u0131n\u0131zd\u0131r evlad\u0131n\u0131z. O y\u00fcre\u011finizdeki engin sevginin sembol\u00fcd\u00fcr. Bu sevginin tarifini izah etmeye kelimeler kifayetsiz kal\u0131r. E\u015finize, annenize, baban\u0131za, karde\u015finize, sevgilinize, arkada\u015f\u0131n\u0131za ve hayata dair t\u00fcm varl\u0131klara duydu\u011funuz sevginin bir tan\u0131m\u0131 vard\u0131r ama evlad\u0131n\u0131za duydu\u011funuz sevginin tan\u0131m\u0131 yoktur. <\/p>\n","protected":false},"excerpt":{"rendered":"<p>Sevginizi kar\u015f\u0131l\u0131ks\u0131z sundu\u011funuz en de\u011ferli varl\u0131\u011f\u0131n\u0131zd\u0131r evlad\u0131n\u0131z. O y\u00fcre\u011finizdeki engin sevginin sembol\u00fcd\u00fcr. Bu sevginin tarifini izah etmeye kelimeler kifayetsiz kal\u0131r. E\u015finize, annenize, baban\u0131za, karde\u015finize, sevgilinize, arkada\u015f\u0131n\u0131za<span class=\"excerpt-hellip\"> [\u2026]<\/span><\/p>\n","protected":false},"featured_media":0,"template":"","meta":{"_monsterinsights_skip_tracking":false,"_monsterinsights_sitenote_active":false,"_monsterinsights_sitenote_note":"","_monsterinsights_sitenote_category":0},"product_brand":[],"product_cat":[52477],"product_tag":[],"class_list":{"0":"post-753646","1":"product","2":"type-product","3":"status-publish","5":"product_cat-arastirma","6":"pa_cilt-ciltsiz","7":"pa_tur-kitap","8":"pa_yayinevi-gulnar-yayinlari","9":"pa_yazar-hatice-guzel","11":"first","12":"instock","13":"sale","14":"shipping-taxable","15":"purchasable","16":"product-type-simple"},"_links":{"self":[{"href":"https:\/\/roveyayinevi.com.tr\/index.php\/wp-json\/wp\/v2\/product\/753646","targetHints":{"allow":["GET"]}}],"collection":[{"href":"https:\/\/roveyayinevi.com.tr\/index.php\/wp-json\/wp\/v2\/product"}],"about":[{"href":"https:\/\/roveyayinevi.com.tr\/index.php\/wp-json\/wp\/v2\/types\/product"}],"wp:attachment":[{"href":"https:\/\/roveyayinevi.com.tr\/index.php\/wp-json\/wp\/v2\/media?parent=753646"}],"wp:term":[{"taxonomy":"product_brand","embeddable":true,"href":"https:\/\/roveyayinevi.com.tr\/index.php\/wp-json\/wp\/v2\/product_brand?post=753646"},{"taxonomy":"product_cat","embeddable":true,"href":"https:\/\/roveyayinevi.com.tr\/index.php\/wp-json\/wp\/v2\/product_cat?post=753646"},{"taxonomy":"product_tag","embeddable":true,"href":"https:\/\/roveyayinevi.com.tr\/index.php\/wp-json\/wp\/v2\/product_tag?post=753646"}],"curies":[{"name":"wp","href":"https:\/\/api.w.org\/{rel}","templated":true}]}}