{"id":753607,"date":"2025-08-28T05:47:42","date_gmt":"2025-08-28T02:47:42","guid":{"rendered":"https:\/\/roveyayinevi.com.tr\/index.php\/urun\/kabuk-3\/"},"modified":"2026-04-16T03:07:14","modified_gmt":"2026-04-16T00:07:14","slug":"kabuk-3","status":"publish","type":"product","link":"https:\/\/roveyayinevi.com.tr\/index.php\/urun\/kabuk-3\/","title":{"rendered":"Kabuk"},"content":{"rendered":"<p>\u201cKabuk, varolu\u015f\u00e7u romanlar\u0131n k\u0131y\u0131s\u0131ndan \u00e7\u0131kt\u0131\u011f\u0131 yolculukta kahramanlar\u0131na ve okura ya\u015fatt\u0131\u011f\u0131 \u201cbulant\u0131\u201dy\u0131, yarat\u0131c\u0131 bir paralel kurgunun r\u00fczgar\u0131yla devrimci varolu\u015fun \u201csakin \u015fafaklar\u201d\u0131na do\u011fru ta\u015f\u0131yor. Roman bitti\u011finde h\u00e2l\u00e2 \u00e7ok uzak olan \u201cyar\u0131n\u201d\u0131n \u015fimdiden \u201cbizim\u201d oldu\u011funu hissediyoruz. Roman\u0131n paralel kurgusunun hakk\u0131n\u0131 veren paralel izlekler de roman\u0131 ba\u015ftan sona kat ediyor. \u0130zlekler aras\u0131ndaki \u00e7eli\u015fki, devrimci tedrisattan ge\u00e7mi\u015f okur i\u00e7in ba\u015f\u0131ndan beri a\u00e7\u0131k: Nisp\u00ee refah\u0131n konforunda mayalanan huzursuzluk giderek t\u00fcm hayat\u0131 zehirleyen bir k\u00fcfe d\u00f6n\u00fc\u015f\u00fcrken yoksul mahallelerde halk\u0131n i\u00e7inde, halk i\u00e7in, halkla birlikte \u00f6rg\u00fctlenen, sava\u015fan ve d\u00fc\u015fen devrimcilerin kanlar\u0131ndan bir panzehir dam\u0131t\u0131l\u0131yor. Varolu\u015f\u00e7u roman ile devrimci varolu\u015f romanlar\u0131 -\u00f6rne\u011fin Sartre&#8217;\u0131n Bulant\u0131&#8217;s\u0131n\u0131 ve Tiago&#8217;nun Yar\u0131n Bizimdir Yolda\u015flar&#8217;\u0131n\u0131 akl\u0131m\u0131za getirebiliriz- kar\u015f\u0131tl\u0131\u011f\u0131 da bu ba\u011flamda varl\u0131k buluyor. Kurgular aras\u0131ndaki ili\u015fki ise tersine, pek a\u00e7\u0131k de\u011fil, \u00f6yle ki -yazar\u0131n her d\u00f6nem ve s\u0131n\u0131ftan karakterlere s\u0131zan s\u00f6ylemselli\u011fi olmasa- iki farkl\u0131 kurmaca okudu\u011fumuzu d\u00fc\u015f\u00fcnebiliriz. Bu y\u00fczden de kurgular, k\u0131r\u0131lan zaman\u0131n \u015fevlerinde birbiriyle bulu\u015ftu\u011funda t\u00fcylerimizde \u00fcrperme daha g\u00fc\u00e7l\u00fc ya\u015fan\u0131yor.\u201d   Bar\u0131\u015f Y\u0131ld\u0131r\u0131m <\/p>\n","protected":false},"excerpt":{"rendered":"<p>\u201cKabuk, varolu\u015f\u00e7u romanlar\u0131n k\u0131y\u0131s\u0131ndan \u00e7\u0131kt\u0131\u011f\u0131 yolculukta kahramanlar\u0131na ve okura ya\u015fatt\u0131\u011f\u0131 \u201cbulant\u0131\u201dy\u0131, yarat\u0131c\u0131 bir paralel kurgunun r\u00fczgar\u0131yla devrimci varolu\u015fun \u201csakin \u015fafaklar\u201d\u0131na do\u011fru ta\u015f\u0131yor. Roman bitti\u011finde h\u00e2l\u00e2 \u00e7ok<span class=\"excerpt-hellip\"> [\u2026]<\/span><\/p>\n","protected":false},"featured_media":0,"template":"","meta":{"_monsterinsights_skip_tracking":false,"_monsterinsights_sitenote_active":false,"_monsterinsights_sitenote_note":"","_monsterinsights_sitenote_category":0},"product_brand":[],"product_cat":[12291,12711],"product_tag":[],"class_list":{"0":"post-753607","1":"product","2":"type-product","3":"status-publish","5":"product_cat-edebiyat","6":"product_cat-roman-oyku","7":"pa_cilt-ciltsiz","8":"pa_tur-kitap","9":"pa_yayinevi-sinirsiz-kitap","10":"pa_yazar-cengiz-kahraman","12":"first","13":"instock","14":"sale","15":"shipping-taxable","16":"purchasable","17":"product-type-simple"},"_links":{"self":[{"href":"https:\/\/roveyayinevi.com.tr\/index.php\/wp-json\/wp\/v2\/product\/753607","targetHints":{"allow":["GET"]}}],"collection":[{"href":"https:\/\/roveyayinevi.com.tr\/index.php\/wp-json\/wp\/v2\/product"}],"about":[{"href":"https:\/\/roveyayinevi.com.tr\/index.php\/wp-json\/wp\/v2\/types\/product"}],"wp:attachment":[{"href":"https:\/\/roveyayinevi.com.tr\/index.php\/wp-json\/wp\/v2\/media?parent=753607"}],"wp:term":[{"taxonomy":"product_brand","embeddable":true,"href":"https:\/\/roveyayinevi.com.tr\/index.php\/wp-json\/wp\/v2\/product_brand?post=753607"},{"taxonomy":"product_cat","embeddable":true,"href":"https:\/\/roveyayinevi.com.tr\/index.php\/wp-json\/wp\/v2\/product_cat?post=753607"},{"taxonomy":"product_tag","embeddable":true,"href":"https:\/\/roveyayinevi.com.tr\/index.php\/wp-json\/wp\/v2\/product_tag?post=753607"}],"curies":[{"name":"wp","href":"https:\/\/api.w.org\/{rel}","templated":true}]}}