{"id":753586,"date":"2025-08-28T05:47:08","date_gmt":"2025-08-28T02:47:08","guid":{"rendered":"https:\/\/roveyayinevi.com.tr\/index.php\/urun\/herkes-onu-anlatiyor-1-ailesi\/"},"modified":"2026-04-16T03:07:14","modified_gmt":"2026-04-16T00:07:14","slug":"herkes-onu-anlatiyor-1-ailesi","status":"publish","type":"product","link":"https:\/\/roveyayinevi.com.tr\/index.php\/urun\/herkes-onu-anlatiyor-1-ailesi\/","title":{"rendered":"Herkes O\u2019nu Anlat\u0131yor 1 &#8211; Ailesi"},"content":{"rendered":"<p>G\u00f6zlerinizi kapat\u0131n ve zaman\u0131n, \u00e7\u00f6lde savrulan kum taneleri gibi geriye akmas\u0131na izin verin. Tarih bin be\u015f y\u00fcz y\u0131l \u00f6nceye gitsin, takvim Asr-\u0131 Saadet\u2019i g\u00f6stersin, g\u00f6zlerimiz Hane-i Saadet\u2019e \u00e7evrilsin. G\u00fczel Peygamberimizin hat\u0131ralar\u0131, ailesinin dilinden y\u00fcre\u011fimize de\u011fsin. Bu kitap; dede Abd\u00fclm\u00fcttalib, baba Abdullah, anne \u00c2mine, s\u00fctanne Halime ve sevgili e\u015f Hatice\u2019nin dilinden Hz. Muhammed\u2019i (s.a.v.) anlat\u0131yor. Saatler geriye d\u00f6n\u00fcyor, tarih yeniden canlan\u0131yor ve&#8230; \u201cAilesi O\u2019nu (s.a.v.) Anlat\u0131yor\u201d \u201cDedesi olmakla iftihar etti\u011fim, do\u011fumuyla d\u00fcnyam\u0131n ayd\u0131nland\u0131\u011f\u0131 biricik torunum. Sevmelere doyamad\u0131\u011f\u0131m, g\u00f6z\u00fcnde cenneti g\u00f6rd\u00fc\u011f\u00fcm\u2026\u201d Seksen ya\u015flar\u0131nda, torununu anlatan bir dede\u2026   \u201cBen Abdullah. Atas\u0131 \u0130smail gibi kurbanl\u0131k se\u00e7ilen Abdullah. Yetimi Muhammed\u2019in y\u0131llar sonra \u2018\u0130ki kurbanl\u0131\u011f\u0131n o\u011flu\u2019 diye an\u0131lmas\u0131n\u0131 kader bilip ya\u015fayan Abdullah&#8230;\u201d Hi\u00e7 g\u00f6rmedi\u011fi evlad\u0131na hayali mektuplar yazan bir baba&#8230;   \u201cO gece evimin i\u00e7inin nurla doldu\u011funu, g\u00fcne\u015fin \u00e2deta i\u00e7eri do\u011fdu\u011funu fark ettim. O g\u00fcne kadar duymad\u0131\u011f\u0131m bir koku yay\u0131l\u0131yordu teninden.\u201d Yetim \u00e7ocu\u011funu anlatan bir anne\u2026   \u201c\u0130ki ya\u015f\u0131ndayd\u0131 ama ya\u015f\u0131tlar\u0131ndan ba\u015fkayd\u0131. O\u2019nu g\u00f6ren herkes hayretini dile getiriyor ben ise nazar de\u011fmesinden endi\u015fe ediyordum.\u201d S\u00fct yavrusunu anlatan bir s\u00fctanne\u2026 \u201cRuhum beden kafesinden ayr\u0131l\u0131rken O\u2019nunla ya\u015fad\u0131\u011f\u0131m\u0131z t\u00fcm hat\u0131ralar birer birer g\u00f6z\u00fcm\u00fcn \u00f6n\u00fcnden ge\u00e7ti. \u0130lk tan\u0131\u015f\u0131kl\u0131\u011f\u0131m\u0131z, evlili\u011fimiz, birer birer a\u00e7an cennet \u00e7i\u00e7eklerimiz, yavrular\u0131m\u0131z, Mekke\u2019nin so\u011fuk gecelerinde birbirimizin kula\u011f\u0131na f\u0131s\u0131ldad\u0131\u011f\u0131m\u0131z hayallerimiz, dualar\u0131m\u0131z, kar\u0131-koca Rabbimizin \u00f6n\u00fcnde ilk secdeye var\u0131\u015f\u0131m\u0131z, el ele \u015f\u00fck\u00fcrlerimiz&#8230;\u201d A\u015fk\u0131, sabr\u0131, fedak\u00e2rl\u0131\u011f\u0131 anlatan bir e\u015f\u2026 <\/p>\n","protected":false},"excerpt":{"rendered":"<p>G\u00f6zlerinizi kapat\u0131n ve zaman\u0131n, \u00e7\u00f6lde savrulan kum taneleri gibi geriye akmas\u0131na izin verin. Tarih bin be\u015f y\u00fcz y\u0131l \u00f6nceye gitsin, takvim Asr-\u0131 Saadet\u2019i g\u00f6stersin, g\u00f6zlerimiz Hane-i<span class=\"excerpt-hellip\"> [\u2026]<\/span><\/p>\n","protected":false},"featured_media":0,"template":"","meta":{"_monsterinsights_skip_tracking":false,"_monsterinsights_sitenote_active":false,"_monsterinsights_sitenote_note":"","_monsterinsights_sitenote_category":0},"product_brand":[],"product_cat":[14009,12291],"product_tag":[],"class_list":{"0":"post-753586","1":"product","2":"type-product","3":"status-publish","5":"product_cat-biyografi-otobiyografi-edebiyat","6":"product_cat-edebiyat","7":"pa_cilt-ciltsiz","8":"pa_tur-kitap","9":"pa_yayinevi-aile-yayinlari","10":"pa_yazar-hatice-kubra-tongar","12":"first","13":"instock","14":"sale","15":"shipping-taxable","16":"purchasable","17":"product-type-simple"},"_links":{"self":[{"href":"https:\/\/roveyayinevi.com.tr\/index.php\/wp-json\/wp\/v2\/product\/753586","targetHints":{"allow":["GET"]}}],"collection":[{"href":"https:\/\/roveyayinevi.com.tr\/index.php\/wp-json\/wp\/v2\/product"}],"about":[{"href":"https:\/\/roveyayinevi.com.tr\/index.php\/wp-json\/wp\/v2\/types\/product"}],"wp:attachment":[{"href":"https:\/\/roveyayinevi.com.tr\/index.php\/wp-json\/wp\/v2\/media?parent=753586"}],"wp:term":[{"taxonomy":"product_brand","embeddable":true,"href":"https:\/\/roveyayinevi.com.tr\/index.php\/wp-json\/wp\/v2\/product_brand?post=753586"},{"taxonomy":"product_cat","embeddable":true,"href":"https:\/\/roveyayinevi.com.tr\/index.php\/wp-json\/wp\/v2\/product_cat?post=753586"},{"taxonomy":"product_tag","embeddable":true,"href":"https:\/\/roveyayinevi.com.tr\/index.php\/wp-json\/wp\/v2\/product_tag?post=753586"}],"curies":[{"name":"wp","href":"https:\/\/api.w.org\/{rel}","templated":true}]}}