{"id":753580,"date":"2025-08-28T05:47:00","date_gmt":"2025-08-28T02:47:00","guid":{"rendered":"https:\/\/roveyayinevi.com.tr\/index.php\/urun\/eglenceli-ikizler-ve-hayvan-dostlari\/"},"modified":"2026-04-16T03:06:50","modified_gmt":"2026-04-16T00:06:50","slug":"eglenceli-ikizler-ve-hayvan-dostlari","status":"publish","type":"product","link":"https:\/\/roveyayinevi.com.tr\/index.php\/urun\/eglenceli-ikizler-ve-hayvan-dostlari\/","title":{"rendered":"E\u011flenceli \u0130kizler ve Hayvan Dostlar\u0131"},"content":{"rendered":"<p>E\u011flenceli ikizlerimiz Cemre ve Emre; ara\u015ft\u0131rma yapmay\u0131, yeni \u015feyler \u00f6\u011frenmeyi ve gezmeyi \u00e7ok seviyorlar. Bir de birbirlerine tak\u0131lmadan duram\u0131yorlar. Can s\u0131k\u0131nt\u0131s\u0131na hi\u00e7 gelemeyen ve e\u011flenmeyi \u00e7ok seven ikizlerimiz ayn\u0131 zamanda s\u0131k\u0131 birer hayvanseverler.   \u201cHayvanlar\u0131 tan\u0131man\u0131n en iyi yolu onlar\u0131 kendilerine sormak\u201d diye d\u00fc\u015f\u00fcnen ikizlerimiz hayvan yavrular\u0131yla r\u00f6portaj yapmaya karar veriyorlar.  Hemen gidip mikrofon, ses kay\u0131t cihaz\u0131, not defteri al\u0131p hayvan dostlar\u0131yla r\u00f6portaj yap\u0131yorlar. Sen de e\u011flenceli ikizlere kat\u0131l\u0131p hayvanlar \u00e2lemine maceral\u0131 bir giri\u015f yapabilirsin. Haydi, hem e\u011flenceli hem macerac\u0131 ikizlerle tan\u0131\u015fman\u0131n tam zaman\u0131\u2026 E\u011flenceli ikizler kimlerle r\u00f6portaj yapm\u0131\u015flar, biliyor musunuz? Nazik Fil G\u00fcler Y\u00fczl\u00fc Yunus  \u00c7al\u0131\u015fkan Ar\u0131 Yumu\u015fak Huylu Kuzu Sab\u0131rl\u0131 Deve Cesaretli At Al\u00e7ak G\u00f6n\u00fcll\u00fc Kelebek Kararl\u0131 \u00d6r\u00fcmcek C\u00f6mert \u0130nek Yard\u0131msever Kar\u0131nca<\/p>\n","protected":false},"excerpt":{"rendered":"<p>E\u011flenceli ikizlerimiz Cemre ve Emre; ara\u015ft\u0131rma yapmay\u0131, yeni \u015feyler \u00f6\u011frenmeyi ve gezmeyi \u00e7ok seviyorlar. Bir de birbirlerine tak\u0131lmadan duram\u0131yorlar. Can s\u0131k\u0131nt\u0131s\u0131na hi\u00e7 gelemeyen ve e\u011flenmeyi \u00e7ok<span class=\"excerpt-hellip\"> [\u2026]<\/span><\/p>\n","protected":false},"featured_media":0,"template":"","meta":{"_monsterinsights_skip_tracking":false,"_monsterinsights_sitenote_active":false,"_monsterinsights_sitenote_note":"","_monsterinsights_sitenote_category":0},"product_brand":[],"product_cat":[12274,12284],"product_tag":[],"class_list":{"0":"post-753580","1":"product","2":"type-product","3":"status-publish","5":"product_cat-cocuk-ve-genclik-kitaplari","6":"product_cat-hikayeler","7":"pa_cilt-ciltsiz","8":"pa_tur-kitap","9":"pa_yayinevi-nesil-cocuk-yayinlari","10":"pa_yazar-handan-yalvac-arici","12":"first","13":"instock","14":"sale","15":"shipping-taxable","16":"purchasable","17":"product-type-simple"},"_links":{"self":[{"href":"https:\/\/roveyayinevi.com.tr\/index.php\/wp-json\/wp\/v2\/product\/753580","targetHints":{"allow":["GET"]}}],"collection":[{"href":"https:\/\/roveyayinevi.com.tr\/index.php\/wp-json\/wp\/v2\/product"}],"about":[{"href":"https:\/\/roveyayinevi.com.tr\/index.php\/wp-json\/wp\/v2\/types\/product"}],"wp:attachment":[{"href":"https:\/\/roveyayinevi.com.tr\/index.php\/wp-json\/wp\/v2\/media?parent=753580"}],"wp:term":[{"taxonomy":"product_brand","embeddable":true,"href":"https:\/\/roveyayinevi.com.tr\/index.php\/wp-json\/wp\/v2\/product_brand?post=753580"},{"taxonomy":"product_cat","embeddable":true,"href":"https:\/\/roveyayinevi.com.tr\/index.php\/wp-json\/wp\/v2\/product_cat?post=753580"},{"taxonomy":"product_tag","embeddable":true,"href":"https:\/\/roveyayinevi.com.tr\/index.php\/wp-json\/wp\/v2\/product_tag?post=753580"}],"curies":[{"name":"wp","href":"https:\/\/api.w.org\/{rel}","templated":true}]}}