{"id":753577,"date":"2025-08-28T05:46:56","date_gmt":"2025-08-28T02:46:56","guid":{"rendered":"https:\/\/roveyayinevi.com.tr\/index.php\/urun\/zamansizlik-kapsulu\/"},"modified":"2026-01-28T03:42:36","modified_gmt":"2026-01-28T00:42:36","slug":"zamansizlik-kapsulu","status":"publish","type":"product","link":"https:\/\/roveyayinevi.com.tr\/index.php\/urun\/zamansizlik-kapsulu\/","title":{"rendered":"Zamans\u0131zl\u0131k Kaps\u00fcl\u00fc"},"content":{"rendered":"<p>Zamans\u0131zl\u0131k Kaps\u00fcl\u00fc, insanl\u0131\u011f\u0131n son icad\u0131. T\u00fcm d\u00fcnyan\u0131n ilgisini \u00e7eken m\u00fcthi\u015f bir alet. \u0130\u00e7ine girdi\u011finde sonsuzluk hissi ya\u015f\u0131yorsun. Nereye baksan ucu buca\u011f\u0131 olmayan bir ufka bak\u0131yor gibisin. Ama as\u0131l \u015fa\u015fk\u0131nl\u0131\u011f\u0131 kaps\u00fcl \u00e7al\u0131\u015fmaya ba\u015flad\u0131\u011f\u0131nda ya\u015f\u0131yorsun. Kaps\u00fcl, g\u00f6z hareketlerinden zihninden ge\u00e7enleri okuyor ve seni istedi\u011fin zamana g\u00f6t\u00fcr\u00fcyor. Bu macerada, merakl\u0131, heyecanl\u0131 ve ke\u015ffetmeyi seven kahraman\u0131m\u0131z Enes, \u201cZamanlar\u0131n En G\u00fczeli\u201dne bir yolculu\u011fa \u00e7\u0131k\u0131yor. Peygamberimiz Hazreti Muhammed\u2019in (s.a.v.) ya\u015fam\u0131ndan i\u00e7 i\u00e7e ge\u00e7mi\u015f zamanlar\u0131n, s\u00fcrprizlerle dolu sahnelerin, ilgin\u00e7 olaylar\u0131n yer ald\u0131\u011f\u0131 bu yolculuk seni de unutulmaz bir ser\u00fcvene davet ediyor. Haydi, haz\u0131rlan! Zamans\u0131zl\u0131k Kaps\u00fcl\u00fc\u2019ne atla. Macera dolu bir yolculu\u011fa ba\u015fla! <\/p>\n","protected":false},"excerpt":{"rendered":"<p>Zamans\u0131zl\u0131k Kaps\u00fcl\u00fc, insanl\u0131\u011f\u0131n son icad\u0131. T\u00fcm d\u00fcnyan\u0131n ilgisini \u00e7eken m\u00fcthi\u015f bir alet. \u0130\u00e7ine girdi\u011finde sonsuzluk hissi ya\u015f\u0131yorsun. Nereye baksan ucu buca\u011f\u0131 olmayan bir ufka bak\u0131yor gibisin.<span class=\"excerpt-hellip\"> [\u2026]<\/span><\/p>\n","protected":false},"featured_media":0,"template":"","meta":{"_monsterinsights_skip_tracking":false,"_monsterinsights_sitenote_active":false,"_monsterinsights_sitenote_note":"","_monsterinsights_sitenote_category":0},"product_brand":[],"product_cat":[12540,12291],"product_tag":[],"class_list":{"0":"post-753577","1":"product","2":"type-product","3":"status-publish","5":"product_cat-bilim-kurgu","6":"product_cat-edebiyat","7":"pa_cilt-ciltsiz","8":"pa_tur-kitap","9":"pa_yayinevi-aile-yayinlari","10":"pa_yazar-omer-faruk-paksu","12":"first","13":"instock","14":"sale","15":"shipping-taxable","16":"purchasable","17":"product-type-simple"},"_links":{"self":[{"href":"https:\/\/roveyayinevi.com.tr\/index.php\/wp-json\/wp\/v2\/product\/753577","targetHints":{"allow":["GET"]}}],"collection":[{"href":"https:\/\/roveyayinevi.com.tr\/index.php\/wp-json\/wp\/v2\/product"}],"about":[{"href":"https:\/\/roveyayinevi.com.tr\/index.php\/wp-json\/wp\/v2\/types\/product"}],"wp:attachment":[{"href":"https:\/\/roveyayinevi.com.tr\/index.php\/wp-json\/wp\/v2\/media?parent=753577"}],"wp:term":[{"taxonomy":"product_brand","embeddable":true,"href":"https:\/\/roveyayinevi.com.tr\/index.php\/wp-json\/wp\/v2\/product_brand?post=753577"},{"taxonomy":"product_cat","embeddable":true,"href":"https:\/\/roveyayinevi.com.tr\/index.php\/wp-json\/wp\/v2\/product_cat?post=753577"},{"taxonomy":"product_tag","embeddable":true,"href":"https:\/\/roveyayinevi.com.tr\/index.php\/wp-json\/wp\/v2\/product_tag?post=753577"}],"curies":[{"name":"wp","href":"https:\/\/api.w.org\/{rel}","templated":true}]}}