{"id":753569,"date":"2025-08-28T05:46:42","date_gmt":"2025-08-28T02:46:42","guid":{"rendered":"https:\/\/roveyayinevi.com.tr\/index.php\/urun\/515-hasimi\/"},"modified":"2026-04-16T03:06:50","modified_gmt":"2026-04-16T00:06:50","slug":"515-hasimi","status":"publish","type":"product","link":"https:\/\/roveyayinevi.com.tr\/index.php\/urun\/515-hasimi\/","title":{"rendered":"515 Ha\u015fimi"},"content":{"rendered":"<p>\u2022 Kim bu  515\u2019\u00e7iler? \u2022 \u201c515 Ha\u015fimi\u201d \u00e7etesinin T\u00fcrkiye\u2019deki hedefi ve faaliyetleri neler? \u2022 515 Ha\u015fimi\u2019nin T\u00fcrkiye lideri kim? Sakarya\u2019da nas\u0131l bar\u0131nabiliyor? \u2022 \u00c7eteyi hangi siyasiler destekliyor? \u2022 Kamu kurumlar\u0131n\u0131n hortumlanmas\u0131nda 515\u2019in rol\u00fc\u2026 \u2022 515\u2019in Suriye\u2019ye ta\u015f\u0131d\u0131\u011f\u0131 ila\u00e7lar kime gidiyor? \u2022 L\u00fcbnan\u2019\u0131n s\u0131n\u0131r d\u0131\u015f\u0131 etti\u011fi Suriyeliler nas\u0131l T\u00fcrkiye\u2019ye geliyor? \u2022 \u0130ngiliz istihbarat\u0131 ve 515\u2026 \u2022 Reyhanl\u0131\u2019da \u0130ngiltere destekli Taliban okulu\u2026   S\u0131\u011f\u0131nmac\u0131 meselesi, sadece s\u0131\u011f\u0131nmac\u0131 meselesi de\u011fil \u00e7\u00fcnk\u00fc\u2026 <\/p>\n","protected":false},"excerpt":{"rendered":"<p>\u2022 Kim bu 515\u2019\u00e7iler? \u2022 \u201c515 Ha\u015fimi\u201d \u00e7etesinin T\u00fcrkiye\u2019deki hedefi ve faaliyetleri neler? \u2022 515 Ha\u015fimi\u2019nin T\u00fcrkiye lideri kim? Sakarya\u2019da nas\u0131l bar\u0131nabiliyor? \u2022 \u00c7eteyi hangi siyasiler<span class=\"excerpt-hellip\"> [\u2026]<\/span><\/p>\n","protected":false},"featured_media":0,"template":"","meta":{"_monsterinsights_skip_tracking":false,"_monsterinsights_sitenote_active":false,"_monsterinsights_sitenote_note":"","_monsterinsights_sitenote_category":0},"product_brand":[],"product_cat":[52477],"product_tag":[],"class_list":{"0":"post-753569","1":"product","2":"type-product","3":"status-publish","5":"product_cat-arastirma","6":"pa_cilt-ciltsiz","7":"pa_tur-kitap","8":"pa_yayinevi-kirmizi-kedi-yayinevi","9":"pa_yazar-fatih-ergin","11":"first","12":"instock","13":"sale","14":"shipping-taxable","15":"purchasable","16":"product-type-simple"},"_links":{"self":[{"href":"https:\/\/roveyayinevi.com.tr\/index.php\/wp-json\/wp\/v2\/product\/753569","targetHints":{"allow":["GET"]}}],"collection":[{"href":"https:\/\/roveyayinevi.com.tr\/index.php\/wp-json\/wp\/v2\/product"}],"about":[{"href":"https:\/\/roveyayinevi.com.tr\/index.php\/wp-json\/wp\/v2\/types\/product"}],"wp:attachment":[{"href":"https:\/\/roveyayinevi.com.tr\/index.php\/wp-json\/wp\/v2\/media?parent=753569"}],"wp:term":[{"taxonomy":"product_brand","embeddable":true,"href":"https:\/\/roveyayinevi.com.tr\/index.php\/wp-json\/wp\/v2\/product_brand?post=753569"},{"taxonomy":"product_cat","embeddable":true,"href":"https:\/\/roveyayinevi.com.tr\/index.php\/wp-json\/wp\/v2\/product_cat?post=753569"},{"taxonomy":"product_tag","embeddable":true,"href":"https:\/\/roveyayinevi.com.tr\/index.php\/wp-json\/wp\/v2\/product_tag?post=753569"}],"curies":[{"name":"wp","href":"https:\/\/api.w.org\/{rel}","templated":true}]}}