{"id":753567,"date":"2025-08-28T05:46:39","date_gmt":"2025-08-28T02:46:39","guid":{"rendered":"https:\/\/roveyayinevi.com.tr\/index.php\/urun\/butun-ofkem\/"},"modified":"2026-04-16T03:06:50","modified_gmt":"2026-04-16T00:06:50","slug":"butun-ofkem","status":"publish","type":"product","link":"https:\/\/roveyayinevi.com.tr\/index.php\/urun\/butun-ofkem\/","title":{"rendered":"B\u00fct\u00fcn \u00d6fkem"},"content":{"rendered":"<p>GoodReads Y\u0131l\u0131n En \u0130yi Kitab\u0131 Aday\u0131 Kaliforniya\u2019da k\u00fc\u00e7\u00fck bir \u00e7\u00f6l kasabas\u0131nda Pakistanl\u0131 iki gen\u00e7 Nur ve Salahudin, \u00e7ocukluktan beri birbirlerine tutunarak kar\u015f\u0131lar\u0131na \u00e7\u0131kan canavarlara direnirler. \u00c7ocukluk travmalar\u0131, aile i\u00e7i \u015fiddet, \u00f6tekile\u015ftirilme, topluma yabanc\u0131la\u015fma, \u0130slamofobi, su\u00e7lanma, a\u015fa\u011f\u0131lanma, alkol ba\u011f\u0131ml\u0131l\u0131\u011f\u0131, uyu\u015fturucu, \u00f6l\u00fcm ve a\u015fk&#8230; Bir yandan Sal\u2019\u0131n annesi Misbaharac\u0131l\u0131\u011f\u0131yla ge\u00e7mi\u015fteki yaralar\u0131n izlerini s\u00fcrerken, di\u011fer yandan da g\u00fcn\u00fcm\u00fcze bu iki gencin bak\u0131\u015f a\u00e7\u0131s\u0131ndan bakarak bir varolu\u015f m\u00fccadelesine \u015fahit oluyoruz. B\u00fcy\u00fcklerin cehenneminde kendileri olmaya \u00e7al\u0131\u015fan Sal ve Nur\u2019un \u00f6fke, affetme ve a\u015fkla \u00f6r\u00fclm\u00fc\u015f trajik hik\u00e2yesi.  \u201cAmerikan r\u00fcyas\u0131n\u0131n bedelleri hakk\u0131nda talihsizliklerledolu etkileyici bir hik\u00e2ye&#8230; Bir solukta okudum.\u201d- Jodi Picoult<\/p>\n","protected":false},"excerpt":{"rendered":"<p>GoodReads Y\u0131l\u0131n En \u0130yi Kitab\u0131 Aday\u0131 Kaliforniya\u2019da k\u00fc\u00e7\u00fck bir \u00e7\u00f6l kasabas\u0131nda Pakistanl\u0131 iki gen\u00e7 Nur ve Salahudin, \u00e7ocukluktan beri birbirlerine tutunarak kar\u015f\u0131lar\u0131na \u00e7\u0131kan canavarlara direnirler. \u00c7ocukluk<span class=\"excerpt-hellip\"> [\u2026]<\/span><\/p>\n","protected":false},"featured_media":0,"template":"","meta":{"_monsterinsights_skip_tracking":false,"_monsterinsights_sitenote_active":false,"_monsterinsights_sitenote_note":"","_monsterinsights_sitenote_category":0},"product_brand":[],"product_cat":[12291,18202],"product_tag":[],"class_list":{"0":"post-753567","1":"product","2":"type-product","3":"status-publish","5":"product_cat-edebiyat","6":"product_cat-hikaye","7":"pa_cilt-ciltsiz","8":"pa_tur-kitap","9":"pa_yayinevi-epsilon-yayinlari","10":"pa_yazar-sabaa-tahir","12":"first","13":"instock","14":"sale","15":"shipping-taxable","16":"purchasable","17":"product-type-simple"},"_links":{"self":[{"href":"https:\/\/roveyayinevi.com.tr\/index.php\/wp-json\/wp\/v2\/product\/753567","targetHints":{"allow":["GET"]}}],"collection":[{"href":"https:\/\/roveyayinevi.com.tr\/index.php\/wp-json\/wp\/v2\/product"}],"about":[{"href":"https:\/\/roveyayinevi.com.tr\/index.php\/wp-json\/wp\/v2\/types\/product"}],"wp:attachment":[{"href":"https:\/\/roveyayinevi.com.tr\/index.php\/wp-json\/wp\/v2\/media?parent=753567"}],"wp:term":[{"taxonomy":"product_brand","embeddable":true,"href":"https:\/\/roveyayinevi.com.tr\/index.php\/wp-json\/wp\/v2\/product_brand?post=753567"},{"taxonomy":"product_cat","embeddable":true,"href":"https:\/\/roveyayinevi.com.tr\/index.php\/wp-json\/wp\/v2\/product_cat?post=753567"},{"taxonomy":"product_tag","embeddable":true,"href":"https:\/\/roveyayinevi.com.tr\/index.php\/wp-json\/wp\/v2\/product_tag?post=753567"}],"curies":[{"name":"wp","href":"https:\/\/api.w.org\/{rel}","templated":true}]}}