{"id":753566,"date":"2025-08-28T05:46:37","date_gmt":"2025-08-28T02:46:37","guid":{"rendered":"https:\/\/roveyayinevi.com.tr\/index.php\/urun\/ben-nasil-buyuk-adam-olucam\/"},"modified":"2026-04-16T03:06:50","modified_gmt":"2026-04-16T00:06:50","slug":"ben-nasil-buyuk-adam-olucam","status":"publish","type":"product","link":"https:\/\/roveyayinevi.com.tr\/index.php\/urun\/ben-nasil-buyuk-adam-olucam\/","title":{"rendered":"Ben Nas\u0131l B\u00fcy\u00fck Adam Olucam?"},"content":{"rendered":"<p>\u00c7ocuklar\u0131n geli\u015fimi i\u00e7in sevgi ve ileti\u015fimin \u00f6nemini vurgulayan Sezer Ortada\u011f, Ben Nas\u0131l B\u00fcy\u00fck Adam Olucam? kitab\u0131nda; e\u011fitimdeki engellere, \u015fehir efsanelerine ve do\u011fru diye kabul ettirilen durumlara farkl\u0131 bir pencere a\u00e7\u0131yor. Hayalleri \u00e7ok y\u00fckseklerde bulunan \u00e7ocuklar\u0131n seviyesine \u00e7\u0131kabilmek i\u00e7in g\u00f6z \u00f6n\u00fcne al\u0131nmas\u0131 gereken \u00f6nemli noktalar\u0131n alt\u0131n\u0131 \u00e7iziyor.B\u00fcy\u00fck adam olma yolculu\u011funda kar\u015f\u0131la\u015f\u0131labilecek zorluklarla nas\u0131l m\u00fccadele edilebilece\u011fine, ya\u015fanm\u0131\u015f \u00f6yk\u00fclerle cevaplar ar\u0131yor ve buz da\u011f\u0131n\u0131n sakl\u0131 kalan taraf\u0131n\u0131 i\u015faret ediyor.Tebe\u015fir Tozu kitab\u0131 ile geleneksel e\u011fitim anlay\u0131\u015f\u0131na bamba\u015fka bir kap\u0131 aralayan Sezer Ortada\u011f\u2019\u0131n ebeveynler ve e\u011fitimciler i\u00e7in kaleme ald\u0131\u011f\u0131 Ben Nas\u0131l B\u00fcy\u00fck Adam Olucam? unuttu\u011fumuz \u00e7ocuklu\u011fumuzu, bir ba\u015fka \u00e7ocu\u011fun hayal d\u00fcnyas\u0131ndan g\u00f6rme f\u0131rsat\u0131 sunuyor.<\/p>\n","protected":false},"excerpt":{"rendered":"<p>\u00c7ocuklar\u0131n geli\u015fimi i\u00e7in sevgi ve ileti\u015fimin \u00f6nemini vurgulayan Sezer Ortada\u011f, Ben Nas\u0131l B\u00fcy\u00fck Adam Olucam? kitab\u0131nda; e\u011fitimdeki engellere, \u015fehir efsanelerine ve do\u011fru diye kabul ettirilen durumlara<span class=\"excerpt-hellip\"> [\u2026]<\/span><\/p>\n","protected":false},"featured_media":0,"template":"","meta":{"_monsterinsights_skip_tracking":false,"_monsterinsights_sitenote_active":false,"_monsterinsights_sitenote_note":"","_monsterinsights_sitenote_category":0},"product_brand":[],"product_cat":[12274,15842],"product_tag":[],"class_list":{"0":"post-753566","1":"product","2":"type-product","3":"status-publish","5":"product_cat-cocuk-ve-genclik-kitaplari","6":"product_cat-egitici-kitaplar","7":"pa_cilt-ciltsiz","8":"pa_tur-kitap","9":"pa_yayinevi-nemesis-kitap","10":"pa_yazar-sezer-ortadag","12":"first","13":"instock","14":"sale","15":"shipping-taxable","16":"purchasable","17":"product-type-simple"},"_links":{"self":[{"href":"https:\/\/roveyayinevi.com.tr\/index.php\/wp-json\/wp\/v2\/product\/753566","targetHints":{"allow":["GET"]}}],"collection":[{"href":"https:\/\/roveyayinevi.com.tr\/index.php\/wp-json\/wp\/v2\/product"}],"about":[{"href":"https:\/\/roveyayinevi.com.tr\/index.php\/wp-json\/wp\/v2\/types\/product"}],"wp:attachment":[{"href":"https:\/\/roveyayinevi.com.tr\/index.php\/wp-json\/wp\/v2\/media?parent=753566"}],"wp:term":[{"taxonomy":"product_brand","embeddable":true,"href":"https:\/\/roveyayinevi.com.tr\/index.php\/wp-json\/wp\/v2\/product_brand?post=753566"},{"taxonomy":"product_cat","embeddable":true,"href":"https:\/\/roveyayinevi.com.tr\/index.php\/wp-json\/wp\/v2\/product_cat?post=753566"},{"taxonomy":"product_tag","embeddable":true,"href":"https:\/\/roveyayinevi.com.tr\/index.php\/wp-json\/wp\/v2\/product_tag?post=753566"}],"curies":[{"name":"wp","href":"https:\/\/api.w.org\/{rel}","templated":true}]}}