{"id":753557,"date":"2025-08-28T05:46:26","date_gmt":"2025-08-28T02:46:26","guid":{"rendered":"https:\/\/roveyayinevi.com.tr\/index.php\/urun\/winston-churchill-donemleri-suclari\/"},"modified":"2025-11-21T09:33:04","modified_gmt":"2025-11-21T06:33:04","slug":"winston-churchill-donemleri-suclari","status":"publish","type":"product","link":"https:\/\/roveyayinevi.com.tr\/index.php\/urun\/winston-churchill-donemleri-suclari\/","title":{"rendered":"Winston Churchill: D\u00f6nemleri, Su\u00e7lar\u0131"},"content":{"rendered":"<p>Tar\u0131k Ali al\u0131\u015f\u0131lm\u0131\u015f biyografilere benzemeyen bu kitapta, mevcut d\u00fczenin Birle\u015fik Krall\u0131k\u2019ta s\u00fcrd\u00fcrmeye \u00e7al\u0131\u015ft\u0131\u011f\u0131 \u2018Churchill k\u00fclt\u00fc\u2019n\u00fc yerle bir ediyor ve Winston Churchill\u2019in \u00fclke i\u00e7inde i\u015f\u00e7i ve emek\u00e7ilerle kad\u0131nlar\u0131n m\u00fccadelelerine d\u00fc\u015fmanl\u0131\u011f\u0131yla, \u00fclke d\u0131\u015f\u0131nda sadece Britanya \u0130mparatorlu\u011fu\u2019nun bekas\u0131n\u0131 g\u00f6zetip, Hindistan\u2019dan Yunanistan\u2019a ve Kenya\u2019ya kadar i\u015flenen s\u00f6m\u00fcrge su\u00e7lar\u0131nda ta\u015f\u0131d\u0131\u011f\u0131 birinci dereceden sorumlulukla nas\u0131l bir \u0131rk\u00e7\u0131 emperyal su\u00e7lu oldu\u011funu g\u00f6zler \u00f6n\u00fcne seriyor\u2026 <\/p>\n","protected":false},"excerpt":{"rendered":"<p>Tar\u0131k Ali al\u0131\u015f\u0131lm\u0131\u015f biyografilere benzemeyen bu kitapta, mevcut d\u00fczenin Birle\u015fik Krall\u0131k\u2019ta s\u00fcrd\u00fcrmeye \u00e7al\u0131\u015ft\u0131\u011f\u0131 \u2018Churchill k\u00fclt\u00fc\u2019n\u00fc yerle bir ediyor ve Winston Churchill\u2019in \u00fclke i\u00e7inde i\u015f\u00e7i ve emek\u00e7ilerle<span class=\"excerpt-hellip\"> [\u2026]<\/span><\/p>\n","protected":false},"featured_media":0,"template":"","meta":{"_monsterinsights_skip_tracking":false,"_monsterinsights_sitenote_active":false,"_monsterinsights_sitenote_note":"","_monsterinsights_sitenote_category":0},"product_brand":[],"product_cat":[12337],"product_tag":[],"class_list":{"0":"post-753557","1":"product","2":"type-product","3":"status-publish","5":"product_cat-politika-siyaset","6":"pa_cilt-ciltsiz","7":"pa_tur-kitap","8":"pa_yayinevi-agora-kitapligi","9":"pa_yazar-tariq-ali","11":"first","12":"instock","13":"sale","14":"shipping-taxable","15":"purchasable","16":"product-type-simple"},"_links":{"self":[{"href":"https:\/\/roveyayinevi.com.tr\/index.php\/wp-json\/wp\/v2\/product\/753557","targetHints":{"allow":["GET"]}}],"collection":[{"href":"https:\/\/roveyayinevi.com.tr\/index.php\/wp-json\/wp\/v2\/product"}],"about":[{"href":"https:\/\/roveyayinevi.com.tr\/index.php\/wp-json\/wp\/v2\/types\/product"}],"wp:attachment":[{"href":"https:\/\/roveyayinevi.com.tr\/index.php\/wp-json\/wp\/v2\/media?parent=753557"}],"wp:term":[{"taxonomy":"product_brand","embeddable":true,"href":"https:\/\/roveyayinevi.com.tr\/index.php\/wp-json\/wp\/v2\/product_brand?post=753557"},{"taxonomy":"product_cat","embeddable":true,"href":"https:\/\/roveyayinevi.com.tr\/index.php\/wp-json\/wp\/v2\/product_cat?post=753557"},{"taxonomy":"product_tag","embeddable":true,"href":"https:\/\/roveyayinevi.com.tr\/index.php\/wp-json\/wp\/v2\/product_tag?post=753557"}],"curies":[{"name":"wp","href":"https:\/\/api.w.org\/{rel}","templated":true}]}}