{"id":753552,"date":"2025-08-28T05:46:17","date_gmt":"2025-08-28T02:46:17","guid":{"rendered":"https:\/\/roveyayinevi.com.tr\/index.php\/urun\/gecenin-rengi\/"},"modified":"2026-04-16T03:06:50","modified_gmt":"2026-04-16T00:06:50","slug":"gecenin-rengi","status":"publish","type":"product","link":"https:\/\/roveyayinevi.com.tr\/index.php\/urun\/gecenin-rengi\/","title":{"rendered":"Gecenin Rengi"},"content":{"rendered":"<p>Mutlu bir evlili\u011fi olan Duru, kocas\u0131yla ge\u00e7irdi\u011fi trafik kazas\u0131nda bebe\u011fini kaybeder. Kayb\u0131n\u0131n ard\u0131ndan psikolojik sorunlarla bo\u011fu\u015fan gen\u00e7 kad\u0131n, hayat\u0131nda birtak\u0131m de\u011fi\u015fiklikler fark etti\u011fini iddia ediyordur. Ona g\u00f6re, kazadan sonra hastanede uyand\u0131\u011f\u0131nda yan\u0131nda olan adam, kocas\u0131 de\u011fildir. Her ne kadar onun gibi g\u00f6r\u00fcn\u00fcp onun gibi davransa da evinde kalan adam\u0131n bir ba\u015fkas\u0131 oldu\u011fu fikriyle bo\u011fu\u015fan gen\u00e7 kad\u0131na Capgras Sendromu tan\u0131s\u0131 konur.Duru ise bu durumun psikolojik bir sorundan ibaret olmad\u0131\u011f\u0131n\u0131 d\u00fc\u015f\u00fcn\u00fcyordur. Evindeki adam\u0131n ger\u00e7ek kimli\u011fini a\u00e7\u0131\u011fa \u00e7\u0131karmak ad\u0131na hem zihniyle hem de t\u0131p literat\u00fcr\u00fcyle bir sava\u015fa girer. Etraf\u0131 ailesi de dahil olmak \u00fczere ona inanmayan insanlarla \u00e7evrilmi\u015fken bir doktordan yard\u0131m ister.Bu kitap, bir kad\u0131n\u0131n ger\u00e7e\u011fi ortaya \u00e7\u0131karma m\u00fccadelesini anlat\u0131yor. Capgras Sendromu&#8217;nun s\u0131ra d\u0131\u015f\u0131 bir \u00f6yk\u00fcye d\u00f6n\u00fc\u015ft\u00fc\u011f\u00fc roman, okuyuculara psikolojik gerilim ve s\u00fcrprizlerle dolu bir yolculuk sunuyor.Olaylar zincirinin bir dakika bile h\u0131z kesmeden devam etti\u011fi bu gerilim ve gizem dolu hik\u00e2yenin ba\u015f\u0131ndan kalkamayacaks\u0131n\u0131z!<\/p>\n","protected":false},"excerpt":{"rendered":"<p>Mutlu bir evlili\u011fi olan Duru, kocas\u0131yla ge\u00e7irdi\u011fi trafik kazas\u0131nda bebe\u011fini kaybeder. Kayb\u0131n\u0131n ard\u0131ndan psikolojik sorunlarla bo\u011fu\u015fan gen\u00e7 kad\u0131n, hayat\u0131nda birtak\u0131m de\u011fi\u015fiklikler fark etti\u011fini iddia ediyordur. Ona<span class=\"excerpt-hellip\"> [\u2026]<\/span><\/p>\n","protected":false},"featured_media":0,"template":"","meta":{"_monsterinsights_skip_tracking":false,"_monsterinsights_sitenote_active":false,"_monsterinsights_sitenote_note":"","_monsterinsights_sitenote_category":0},"product_brand":[],"product_cat":[12291,12711],"product_tag":[],"class_list":{"0":"post-753552","1":"product","2":"type-product","3":"status-publish","5":"product_cat-edebiyat","6":"product_cat-roman-oyku","7":"pa_cilt-ciltsiz","8":"pa_tur-kitap","9":"pa_yayinevi-nemesis-kitap","10":"pa_yazar-eda-yildirim","12":"first","13":"instock","14":"sale","15":"shipping-taxable","16":"purchasable","17":"product-type-simple"},"_links":{"self":[{"href":"https:\/\/roveyayinevi.com.tr\/index.php\/wp-json\/wp\/v2\/product\/753552","targetHints":{"allow":["GET"]}}],"collection":[{"href":"https:\/\/roveyayinevi.com.tr\/index.php\/wp-json\/wp\/v2\/product"}],"about":[{"href":"https:\/\/roveyayinevi.com.tr\/index.php\/wp-json\/wp\/v2\/types\/product"}],"wp:attachment":[{"href":"https:\/\/roveyayinevi.com.tr\/index.php\/wp-json\/wp\/v2\/media?parent=753552"}],"wp:term":[{"taxonomy":"product_brand","embeddable":true,"href":"https:\/\/roveyayinevi.com.tr\/index.php\/wp-json\/wp\/v2\/product_brand?post=753552"},{"taxonomy":"product_cat","embeddable":true,"href":"https:\/\/roveyayinevi.com.tr\/index.php\/wp-json\/wp\/v2\/product_cat?post=753552"},{"taxonomy":"product_tag","embeddable":true,"href":"https:\/\/roveyayinevi.com.tr\/index.php\/wp-json\/wp\/v2\/product_tag?post=753552"}],"curies":[{"name":"wp","href":"https:\/\/api.w.org\/{rel}","templated":true}]}}