{"id":753541,"date":"2025-08-28T05:46:02","date_gmt":"2025-08-28T02:46:02","guid":{"rendered":"https:\/\/roveyayinevi.com.tr\/index.php\/urun\/siiri-mecnunlastiran-sair-fuzuli\/"},"modified":"2026-04-16T03:06:50","modified_gmt":"2026-04-16T00:06:50","slug":"siiri-mecnunlastiran-sair-fuzuli","status":"publish","type":"product","link":"https:\/\/roveyayinevi.com.tr\/index.php\/urun\/siiri-mecnunlastiran-sair-fuzuli\/","title":{"rendered":"\u015eiiri Mecnunla\u015ft\u0131ran \u015eair Fuzuli"},"content":{"rendered":"<p>Mehmed Fuzuli ad\u0131, s\u00f6z\u00fc ve anlam\u0131, beden ve ruh kadar i\u00e7 i\u00e7e kabul eden; her \u015feyden \u00f6nce s\u00f6z\u00fcn g\u00fczel, anlam\u0131n \u00f6zel olmas\u0131n\u0131 \u00f6nceleyen klasik \u015fiir gelene\u011finde, ula\u015f\u0131lmas\u0131 \u00e7ok g\u00fc\u00e7 bir d\u00fczeye tekab\u00fcl eder. Zira edeb\u00ee sanatlar, ses ve s\u00f6z tekrarlar\u0131, ikilemeler, anlam ve s\u00f6zc\u00fck simetrileri ve bu yolla derinlere gizledi\u011fi \u00e7a\u011fr\u0131\u015f\u0131m haritalar\u0131yla benzersiz bir \u201cses ve mana saray\u0131\u201d in\u015fa etmeyi ba\u015faran \u015fairdir o. Fuzuli\u2019nin \u015fiirleri okundu\u011funda, \u00e2deta, i\u00e7inde ya\u015fanan hayatlardan ba\u011f\u0131ms\u0131z olarak ilk bak\u0131\u015fta dahi ha\u015fmetiyle b\u00fcy\u00fcleyen bir mimari yap\u0131yla kar\u015f\u0131la\u015f\u0131l\u0131r. Yap\u0131n\u0131n detaylar\u0131 ve zaman i\u00e7erisinde dokundu\u011fu hayatlar d\u00fc\u015f\u00fcn\u00fcld\u00fc\u011f\u00fcnde ise bamba\u015fka \u00e2lemlerin kap\u0131s\u0131 aralan\u0131r. Bir ba\u015fka ifadeyle her Fuzuli beyti saatlerce, hatta g\u00fcnlerce s\u0131k\u0131lmadan gezilebilecek, devasa birer \u201cduygu ve uygarl\u0131k m\u00fczesi\u201d gibidir. Bu e\u015fsiz m\u00fczeleri bir de \u00d6m\u00fcr Ceylan\u2019\u0131n rehberli\u011finde gezmeye var m\u0131s\u0131n\u0131z?<\/p>\n","protected":false},"excerpt":{"rendered":"<p>Mehmed Fuzuli ad\u0131, s\u00f6z\u00fc ve anlam\u0131, beden ve ruh kadar i\u00e7 i\u00e7e kabul eden; her \u015feyden \u00f6nce s\u00f6z\u00fcn g\u00fczel, anlam\u0131n \u00f6zel olmas\u0131n\u0131 \u00f6nceleyen klasik \u015fiir gelene\u011finde,<span class=\"excerpt-hellip\"> [\u2026]<\/span><\/p>\n","protected":false},"featured_media":0,"template":"","meta":{"_monsterinsights_skip_tracking":false,"_monsterinsights_sitenote_active":false,"_monsterinsights_sitenote_note":"","_monsterinsights_sitenote_category":0},"product_brand":[],"product_cat":[13072,12291],"product_tag":[],"class_list":{"0":"post-753541","1":"product","2":"type-product","3":"status-publish","5":"product_cat-arastirma-inceleme-referans","6":"product_cat-edebiyat","7":"pa_cilt-ciltsiz","8":"pa_tur-kitap","9":"pa_yayinevi-muhit-kitap","10":"pa_yazar-kolektif","12":"first","13":"instock","14":"sale","15":"shipping-taxable","16":"purchasable","17":"product-type-simple"},"_links":{"self":[{"href":"https:\/\/roveyayinevi.com.tr\/index.php\/wp-json\/wp\/v2\/product\/753541","targetHints":{"allow":["GET"]}}],"collection":[{"href":"https:\/\/roveyayinevi.com.tr\/index.php\/wp-json\/wp\/v2\/product"}],"about":[{"href":"https:\/\/roveyayinevi.com.tr\/index.php\/wp-json\/wp\/v2\/types\/product"}],"wp:attachment":[{"href":"https:\/\/roveyayinevi.com.tr\/index.php\/wp-json\/wp\/v2\/media?parent=753541"}],"wp:term":[{"taxonomy":"product_brand","embeddable":true,"href":"https:\/\/roveyayinevi.com.tr\/index.php\/wp-json\/wp\/v2\/product_brand?post=753541"},{"taxonomy":"product_cat","embeddable":true,"href":"https:\/\/roveyayinevi.com.tr\/index.php\/wp-json\/wp\/v2\/product_cat?post=753541"},{"taxonomy":"product_tag","embeddable":true,"href":"https:\/\/roveyayinevi.com.tr\/index.php\/wp-json\/wp\/v2\/product_tag?post=753541"}],"curies":[{"name":"wp","href":"https:\/\/api.w.org\/{rel}","templated":true}]}}