{"id":753531,"date":"2025-08-28T05:45:48","date_gmt":"2025-08-28T02:45:48","guid":{"rendered":"https:\/\/roveyayinevi.com.tr\/index.php\/urun\/cytonic\/"},"modified":"2026-04-16T03:06:49","modified_gmt":"2026-04-16T00:06:49","slug":"cytonic","status":"publish","type":"product","link":"https:\/\/roveyayinevi.com.tr\/index.php\/urun\/cytonic\/","title":{"rendered":"Cytonic"},"content":{"rendered":"<p>\u00d6ZG\u00dcRL\u00dcK SAVA\u015e\u00c7ISI SPENSA   Detritus gezegeninin en iyi sava\u015f pilotlar\u0131ndan biriydi. Halk\u0131n\u0131, gezegenlerinde y\u0131llarca tutsak eden esrarengiz uzayl\u0131lar\u0131n elinden kurtard\u0131. Uzay zamanda boyutlararas\u0131 yolculuk yapt\u0131. Galaksi h\u00e2kimiyeti i\u00e7in sava\u015fan \u00dcstyap\u0131\u2019ya ajan olarak s\u0131zd\u0131 ve bu g\u00f6revi ona insan uygarl\u0131\u011f\u0131 i\u00e7in bir hapishaneye d\u00f6n\u00fc\u015ft\u00fcr\u00fclm\u00fc\u015f Detritus\u2019un \u00f6tesinde uzanan u\u00e7suz bucaks\u0131z galaksinin kap\u0131lar\u0131n\u0131 aralad\u0131.   \u015eimdi sava\u015f zaman\u0131\u2026 Gezegenler aras\u0131 sava\u015f\u0131n fitili \u00e7oktan ate\u015flendi. \u00dcstyap\u0131\u2019n\u0131n elinde t\u00fcm g\u00fcne\u015f sistemlerini silip s\u00fcp\u00fcrecek s\u00fcper bir g\u00fc\u00e7 var. Ama Spensa bir Cytonic. Kendisinin dahi \u00e7\u00f6zemedi\u011fi gizil g\u00fc\u00e7lere sahip. Sava\u015f\u0131 o sonland\u0131rabilir. \u00d6nce Yokyer\u2019e girecek ve kim oldu\u011funu \u00f6\u011frenecek. Sonra halk\u0131n\u0131 kurtaracak. Geri d\u00f6nemeyebilir. Ama cesareti bilmek i\u00e7in korkuyu tatmak gerekir\u2026   Bilimkurgu ve fantasti\u011fin g\u00fcn\u00fcm\u00fczdeki en b\u00fcy\u00fck yazarlar\u0131ndan biri olan Brandon Sanderson, Steelheart serisinin ard\u0131ndan yepyeni epik f\u0131rt\u0131nas\u0131 Sykward serisinin \u00fc\u00e7\u00fcnc\u00fc kitab\u0131yla huzurlar\u0131n\u0131zda\u2026   \u201cBu kitab\u0131 okumak, bir video oyununun \u0130\u00e7ine dalmak gibi: Sanderson\u2019in t\u00fcm aksiyon ve sava\u015f sahneleri birer \u015faheser. Kimse ondan daha e\u011flenceli yazamaz.\u201d -Booklist   \u201cSanderson yine ba\u015fard\u0131!\u201d -The Nerd Daily <\/p>\n","protected":false},"excerpt":{"rendered":"<p>\u00d6ZG\u00dcRL\u00dcK SAVA\u015e\u00c7ISI SPENSA Detritus gezegeninin en iyi sava\u015f pilotlar\u0131ndan biriydi. Halk\u0131n\u0131, gezegenlerinde y\u0131llarca tutsak eden esrarengiz uzayl\u0131lar\u0131n elinden kurtard\u0131. Uzay zamanda boyutlararas\u0131 yolculuk yapt\u0131. Galaksi h\u00e2kimiyeti<span class=\"excerpt-hellip\"> [\u2026]<\/span><\/p>\n","protected":false},"featured_media":0,"template":"","meta":{"_monsterinsights_skip_tracking":false,"_monsterinsights_sitenote_active":false,"_monsterinsights_sitenote_note":"","_monsterinsights_sitenote_category":0},"product_brand":[],"product_cat":[12540,12291],"product_tag":[],"class_list":{"0":"post-753531","1":"product","2":"type-product","3":"status-publish","5":"product_cat-bilim-kurgu","6":"product_cat-edebiyat","7":"pa_cilt-ciltsiz","8":"pa_tur-kitap","9":"pa_yayinevi-dex-yayinevi","10":"pa_yazar-brandon-sanderson","12":"first","13":"instock","14":"sale","15":"shipping-taxable","16":"purchasable","17":"product-type-simple"},"_links":{"self":[{"href":"https:\/\/roveyayinevi.com.tr\/index.php\/wp-json\/wp\/v2\/product\/753531","targetHints":{"allow":["GET"]}}],"collection":[{"href":"https:\/\/roveyayinevi.com.tr\/index.php\/wp-json\/wp\/v2\/product"}],"about":[{"href":"https:\/\/roveyayinevi.com.tr\/index.php\/wp-json\/wp\/v2\/types\/product"}],"wp:attachment":[{"href":"https:\/\/roveyayinevi.com.tr\/index.php\/wp-json\/wp\/v2\/media?parent=753531"}],"wp:term":[{"taxonomy":"product_brand","embeddable":true,"href":"https:\/\/roveyayinevi.com.tr\/index.php\/wp-json\/wp\/v2\/product_brand?post=753531"},{"taxonomy":"product_cat","embeddable":true,"href":"https:\/\/roveyayinevi.com.tr\/index.php\/wp-json\/wp\/v2\/product_cat?post=753531"},{"taxonomy":"product_tag","embeddable":true,"href":"https:\/\/roveyayinevi.com.tr\/index.php\/wp-json\/wp\/v2\/product_tag?post=753531"}],"curies":[{"name":"wp","href":"https:\/\/api.w.org\/{rel}","templated":true}]}}