{"id":753529,"date":"2025-08-28T05:45:44","date_gmt":"2025-08-28T02:45:44","guid":{"rendered":"https:\/\/roveyayinevi.com.tr\/index.php\/urun\/derz\/"},"modified":"2026-04-16T03:06:49","modified_gmt":"2026-04-16T00:06:49","slug":"derz","status":"publish","type":"product","link":"https:\/\/roveyayinevi.com.tr\/index.php\/urun\/derz\/","title":{"rendered":"Derz"},"content":{"rendered":"<p>Bu hik\u00e2yeyi kimseye anlatmad\u0131m. Kayra\u2019ya bile anlatmad\u0131m. Ne o sordu ne ben s\u00f6yledim. \u0130\u015fledi\u011fim ilk cinayet hakk\u0131nda hi\u00e7 konu\u015fmad\u0131m. Tek kelime bile etmedim. Ama Kayra hep konu\u015ftu. Oysa gerek yoktu. \u00c7\u00fcnk\u00fc yan\u0131ndayd\u0131m. O ya\u015fl\u0131 adam\u0131 \u00f6ld\u00fcrd\u00fc\u011f\u00fcnde oradayd\u0131m. Kayra ilk cinayetini bir yast\u0131kla i\u015fledi. 93 ya\u015f\u0131nda fel\u00e7li bir adamd\u0131. Ama fel\u00e7li olmas\u0131 yetmedi. Kayra uyumas\u0131n\u0131 bekledi. Kayra, 93 ya\u015f\u0131nda, fel\u00e7li bir adam\u0131 uykusunda bo\u011farak \u00f6ld\u00fcrd\u00fc. Sonra d\u00f6n\u00fcp bana bakt\u0131. \u201cHi\u00e7bir \u015fey hissetmedim\u201d dedi. \u201cHi\u00e7bir \u015fey hissetmiyorum\u201d dedi. \u201cHi\u00e7bir \u015fey hissetmeyece\u011fim\u201d dedi. Ve o eski k\u00f6y evinden \u00e7\u0131k\u0131p Abidjan\u2019da bir bara gittik. Kar\u015f\u0131l\u0131kl\u0131 oturup birer flag istedik. O an soracak sand\u0131m. \u00c7\u00fcnk\u00fc s\u00f6z vermi\u015ftik birbirimize. Afrika\u2019daki ilk ay\u0131m\u0131zda ikimiz de birer cinayet i\u015fleyecektik. Kinyas ve Kayra katil olacakt\u0131. B\u00f6ylece asla d\u00f6nemeyecektik evlerimize.   Derz, Hakan G\u00fcnday\u2019\u0131n \u00e7e\u015fitli mecralarda yay\u0131mlanm\u0131\u015f \u00f6yk\u00fcleri ile Anakara Seyir Defteri adl\u0131 fanzininden sayfalar\u0131 bir araya getirdi. \u0130yi okumalar, iyi seyirler! <\/p>\n","protected":false},"excerpt":{"rendered":"<p>Bu hik\u00e2yeyi kimseye anlatmad\u0131m. Kayra\u2019ya bile anlatmad\u0131m. Ne o sordu ne ben s\u00f6yledim. \u0130\u015fledi\u011fim ilk cinayet hakk\u0131nda hi\u00e7 konu\u015fmad\u0131m. Tek kelime bile etmedim. Ama Kayra hep<span class=\"excerpt-hellip\"> [\u2026]<\/span><\/p>\n","protected":false},"featured_media":0,"template":"","meta":{"_monsterinsights_skip_tracking":false,"_monsterinsights_sitenote_active":false,"_monsterinsights_sitenote_note":"","_monsterinsights_sitenote_category":0},"product_brand":[],"product_cat":[12291,18202],"product_tag":[],"class_list":{"0":"post-753529","1":"product","2":"type-product","3":"status-publish","5":"product_cat-edebiyat","6":"product_cat-hikaye","7":"pa_cilt-ciltsiz","8":"pa_tur-kitap","9":"pa_yayinevi-dogan-kitap","10":"pa_yazar-hakan-gunday","12":"first","13":"instock","14":"sale","15":"shipping-taxable","16":"purchasable","17":"product-type-simple"},"_links":{"self":[{"href":"https:\/\/roveyayinevi.com.tr\/index.php\/wp-json\/wp\/v2\/product\/753529","targetHints":{"allow":["GET"]}}],"collection":[{"href":"https:\/\/roveyayinevi.com.tr\/index.php\/wp-json\/wp\/v2\/product"}],"about":[{"href":"https:\/\/roveyayinevi.com.tr\/index.php\/wp-json\/wp\/v2\/types\/product"}],"wp:attachment":[{"href":"https:\/\/roveyayinevi.com.tr\/index.php\/wp-json\/wp\/v2\/media?parent=753529"}],"wp:term":[{"taxonomy":"product_brand","embeddable":true,"href":"https:\/\/roveyayinevi.com.tr\/index.php\/wp-json\/wp\/v2\/product_brand?post=753529"},{"taxonomy":"product_cat","embeddable":true,"href":"https:\/\/roveyayinevi.com.tr\/index.php\/wp-json\/wp\/v2\/product_cat?post=753529"},{"taxonomy":"product_tag","embeddable":true,"href":"https:\/\/roveyayinevi.com.tr\/index.php\/wp-json\/wp\/v2\/product_tag?post=753529"}],"curies":[{"name":"wp","href":"https:\/\/api.w.org\/{rel}","templated":true}]}}