{"id":753494,"date":"2025-08-28T05:44:55","date_gmt":"2025-08-28T02:44:55","guid":{"rendered":"https:\/\/roveyayinevi.com.tr\/index.php\/urun\/ikiz-gezginler-ve-dunyanin-yedi-harikasi\/"},"modified":"2026-04-16T03:06:49","modified_gmt":"2026-04-16T00:06:49","slug":"ikiz-gezginler-ve-dunyanin-yedi-harikasi","status":"publish","type":"product","link":"https:\/\/roveyayinevi.com.tr\/index.php\/urun\/ikiz-gezginler-ve-dunyanin-yedi-harikasi\/","title":{"rendered":"\u0130kiz Gezginler ve D\u00fcnyan\u0131n Yedi Harikas\u0131"},"content":{"rendered":"<p>G\u00f6z\u00fcn\u00fcz\u00fc a\u00e7\u0131p kapay\u0131ncaya kadar D\u00fcnyan\u0131n Yedi Harikas\u0131 kar\u015f\u0131n\u0131zda! Arkeolog yazar Bet\u00fcl Avun\u00e7&#8217;un, Anadolu topraklar\u0131n\u0131n zengin ve \u00e7ok k\u00fclt\u00fcrl\u00fc tarihini s\u00fcr\u00fckleyici ser\u00fcvenlere d\u00f6n\u00fc\u015ft\u00fcrd\u00fc\u011f\u00fc \u201c\u0130kiz Gezginler\u201d serisi, \u0130kiz Gezginler ve D\u00fcnyan\u0131n Yedi Harikas\u0131 ile ke\u015fif rotas\u0131n\u0131 bu kez \u00e7a\u011flar \u00f6ncesinin bereketli topraklar\u0131na \u00e7eviriyor. Tarih ve mitoloji merakl\u0131s\u0131 ikiz karde\u015fler Peri ile Ege&#8217;yi, Antik \u00c7a\u011f&#8217;da yarat\u0131lm\u0131\u015f en b\u00fcy\u00fck, en g\u00f6rkemli yap\u0131lar\u0131n izinde \u201charikalarla dolu\u201d bir yolculu\u011fa \u00e7\u0131karan kitap; sadece \u00e7ocuklar\u0131n de\u011fil, yeti\u015fkinlerin de merak ve \u00f6\u011frenme iste\u011fini canl\u0131 tutmay\u0131 ba\u015far\u0131yor. Kurgusunu \u00e7e\u015fitli antik kaynaklardan ve arkeolojik buluntulardan s\u00fcz\u00fclm\u00fc\u015f bilgiler \u0131\u015f\u0131\u011f\u0131nda g\u00fc\u00e7lendiren bu s\u00fcr\u00fckleyici roman; \u201cD\u00fcnyan\u0131n Yedi Harikas\u0131\u201d olarak an\u0131lan e\u015fsiz an\u0131tlar\u0131n \u015fimdiki y\u0131k\u0131k d\u00f6k\u00fck kal\u0131nt\u0131lar\u0131n\u0131 de\u011fil de, ge\u00e7mi\u015fte ayakta durduklar\u0131 ihti\u015faml\u0131 d\u00f6nemlerini tekrar canland\u0131rarak anlat\u0131yor. B\u00fcy\u00fck Piramit&#8217;te d\u00fczenlenen gizemli t\u00f6ren, Firavun Keops&#8217;un ruhunu \u00f6l\u00fcms\u00fczl\u00fc\u011fe kavu\u015fturacak m\u0131? Babil&#8217;in Asma Bah\u00e7eleri&#8217;nin \u00fczerinde nas\u0131l bir sevda masal\u0131 y\u00fckseliyor? \u00c7a\u011flar boyu s\u00fcren Olimpiyat Oyunlar\u0131 ilk nerede d\u00fczenlendi? Efesos&#8217;taki Artemis Tap\u0131na\u011f\u0131&#8217;ndan geriye neden tek bir s\u00fctun kald\u0131? Kral Mausolos&#8217;un An\u0131t Mezar\u0131&#8217;n\u0131 yapt\u0131ran donanma komutan\u0131 krali\u00e7e kimlerle sava\u015ft\u0131? Dev Rodos Heykeli g\u00fcn\u00fcm\u00fcz\u00fcn hangi \u00fcnl\u00fc heykeline esin kayna\u011f\u0131 oldu? \u0130skenderiye Feneri&#8217;nin bulundu\u011fu adan\u0131n efsanevi bek\u00e7isi kimdi? \u0130kiz Gezginler Peri ile Ege, Zeus&#8217;un k\u0131z\u0131 Esin Perisi&#8217;nin kanatlar\u0131n\u0131n alt\u0131nda g\u00f6z a\u00e7\u0131p kapay\u0131ncaya kadar geziyor D\u00fcnyan\u0131n Yedi Harikas\u0131&#8217;n\u0131. \u00dcstelik yolculuklar\u0131 boyunca sadece an\u0131tlar\u0131 g\u00f6rmekle kalm\u0131yor, efsaneleri bire bir ya\u015fama ve o d\u00f6nemlerin tarihe ge\u00e7mi\u015f ki\u015fileriyle tan\u0131\u015fma f\u0131rsat\u0131n\u0131 da yakal\u0131yor. Okurlar\u0131 tarihin derinliklerine, D\u00fcnyan\u0131n Yedi Harikas\u0131&#8217;n\u0131n t\u00fcm g\u00f6rkemleriyle g\u00f6z\u00fcm\u00fcz\u00fcn \u00f6n\u00fcnde belirdi\u011fi fantastik bir ser\u00fcvene davet eden Bet\u00fcl Avun\u00e7; g\u00fcn\u00fcm\u00fcz \u00e7ocuklar\u0131na mitoloji diliyle evrensel bir k\u00fclt\u00fcr dili a\u015f\u0131lamay\u0131 arzuluyor.  25. y\u0131l\u0131n\u0131 geride b\u0131rakan \u201c\u0130kiz Gezginler\u201d serisi hem e\u011flendirici hem de bilgilendirici yap\u0131s\u0131yla \u00e7ocuk edebiyat\u0131m\u0131z\u0131n \u00f6nc\u00fc yap\u0131tlar\u0131ndan.<\/p>\n","protected":false},"excerpt":{"rendered":"<p>G\u00f6z\u00fcn\u00fcz\u00fc a\u00e7\u0131p kapay\u0131ncaya kadar D\u00fcnyan\u0131n Yedi Harikas\u0131 kar\u015f\u0131n\u0131zda! Arkeolog yazar Bet\u00fcl Avun\u00e7&#8217;un, Anadolu topraklar\u0131n\u0131n zengin ve \u00e7ok k\u00fclt\u00fcrl\u00fc tarihini s\u00fcr\u00fckleyici ser\u00fcvenlere d\u00f6n\u00fc\u015ft\u00fcrd\u00fc\u011f\u00fc \u201c\u0130kiz Gezginler\u201d serisi, \u0130kiz<span class=\"excerpt-hellip\"> [\u2026]<\/span><\/p>\n","protected":false},"featured_media":0,"template":"","meta":{"_monsterinsights_skip_tracking":false,"_monsterinsights_sitenote_active":false,"_monsterinsights_sitenote_note":"","_monsterinsights_sitenote_category":0},"product_brand":[],"product_cat":[12291,12711],"product_tag":[],"class_list":{"0":"post-753494","1":"product","2":"type-product","3":"status-publish","5":"product_cat-edebiyat","6":"product_cat-roman-oyku","7":"pa_cilt-ciltsiz","8":"pa_tur-kitap","9":"pa_yayinevi-tudem-yayinlari","10":"pa_yazar-betul-avunc","12":"first","13":"instock","14":"sale","15":"shipping-taxable","16":"purchasable","17":"product-type-simple"},"_links":{"self":[{"href":"https:\/\/roveyayinevi.com.tr\/index.php\/wp-json\/wp\/v2\/product\/753494","targetHints":{"allow":["GET"]}}],"collection":[{"href":"https:\/\/roveyayinevi.com.tr\/index.php\/wp-json\/wp\/v2\/product"}],"about":[{"href":"https:\/\/roveyayinevi.com.tr\/index.php\/wp-json\/wp\/v2\/types\/product"}],"wp:attachment":[{"href":"https:\/\/roveyayinevi.com.tr\/index.php\/wp-json\/wp\/v2\/media?parent=753494"}],"wp:term":[{"taxonomy":"product_brand","embeddable":true,"href":"https:\/\/roveyayinevi.com.tr\/index.php\/wp-json\/wp\/v2\/product_brand?post=753494"},{"taxonomy":"product_cat","embeddable":true,"href":"https:\/\/roveyayinevi.com.tr\/index.php\/wp-json\/wp\/v2\/product_cat?post=753494"},{"taxonomy":"product_tag","embeddable":true,"href":"https:\/\/roveyayinevi.com.tr\/index.php\/wp-json\/wp\/v2\/product_tag?post=753494"}],"curies":[{"name":"wp","href":"https:\/\/api.w.org\/{rel}","templated":true}]}}