{"id":753490,"date":"2025-08-28T05:44:50","date_gmt":"2025-08-28T02:44:50","guid":{"rendered":"https:\/\/roveyayinevi.com.tr\/index.php\/urun\/beyaz-at\/"},"modified":"2026-04-16T03:06:48","modified_gmt":"2026-04-16T00:06:48","slug":"beyaz-at","status":"publish","type":"product","link":"https:\/\/roveyayinevi.com.tr\/index.php\/urun\/beyaz-at\/","title":{"rendered":"Beyaz At"},"content":{"rendered":"<p>Kutsal canl\u0131l\u0131\u011f\u0131n ilahi b\u00fct\u00fcnl\u00fc\u011f\u00fcnde ve hayat\u0131n genel ak\u0131\u015f\u0131na uygun bir \u015fekilde olu\u015flar ve olu\u015fumlar devam ederken bazen beklenmeyen bir \u015fey oluverir. Farkl\u0131 bir \u015fey! Ve o olan \u015fey her ne ise insan\u0131n hayat\u0131na derin bir \u00e7entik atar. O \u00e7entikten bir \u015fey s\u0131zar, tarif edilemeyen bir \u015fey ve o s\u0131z\u0131nt\u0131 \u00f6m\u00fcr boyu devam eder. Hayat defterine b\u00fcy\u00fck harflerle bir b\u00f6l\u00fcm ba\u015fl\u0131\u011f\u0131 at\u0131l\u0131r. D\u00fcz yolda y\u00fcr\u00fcy\u00fcp giderken aya\u011f\u0131n\u0131z\u0131n birden bir \u00e7ukura denk gelmesiyle t\u00f6kezlemek gibi bir \u015feydir bu. <\/p>\n","protected":false},"excerpt":{"rendered":"<p>Kutsal canl\u0131l\u0131\u011f\u0131n ilahi b\u00fct\u00fcnl\u00fc\u011f\u00fcnde ve hayat\u0131n genel ak\u0131\u015f\u0131na uygun bir \u015fekilde olu\u015flar ve olu\u015fumlar devam ederken bazen beklenmeyen bir \u015fey oluverir. Farkl\u0131 bir \u015fey! Ve o<span class=\"excerpt-hellip\"> [\u2026]<\/span><\/p>\n","protected":false},"featured_media":0,"template":"","meta":{"_monsterinsights_skip_tracking":false,"_monsterinsights_sitenote_active":false,"_monsterinsights_sitenote_note":"","_monsterinsights_sitenote_category":0},"product_brand":[],"product_cat":[12291,18202],"product_tag":[],"class_list":{"0":"post-753490","1":"product","2":"type-product","3":"status-publish","5":"product_cat-edebiyat","6":"product_cat-hikaye","7":"pa_cilt-ciltsiz","8":"pa_tur-kitap","9":"pa_yayinevi-nesil-yayinlari","10":"pa_yazar-huseyin-tunc","12":"first","13":"instock","14":"sale","15":"shipping-taxable","16":"purchasable","17":"product-type-simple"},"_links":{"self":[{"href":"https:\/\/roveyayinevi.com.tr\/index.php\/wp-json\/wp\/v2\/product\/753490","targetHints":{"allow":["GET"]}}],"collection":[{"href":"https:\/\/roveyayinevi.com.tr\/index.php\/wp-json\/wp\/v2\/product"}],"about":[{"href":"https:\/\/roveyayinevi.com.tr\/index.php\/wp-json\/wp\/v2\/types\/product"}],"wp:attachment":[{"href":"https:\/\/roveyayinevi.com.tr\/index.php\/wp-json\/wp\/v2\/media?parent=753490"}],"wp:term":[{"taxonomy":"product_brand","embeddable":true,"href":"https:\/\/roveyayinevi.com.tr\/index.php\/wp-json\/wp\/v2\/product_brand?post=753490"},{"taxonomy":"product_cat","embeddable":true,"href":"https:\/\/roveyayinevi.com.tr\/index.php\/wp-json\/wp\/v2\/product_cat?post=753490"},{"taxonomy":"product_tag","embeddable":true,"href":"https:\/\/roveyayinevi.com.tr\/index.php\/wp-json\/wp\/v2\/product_tag?post=753490"}],"curies":[{"name":"wp","href":"https:\/\/api.w.org\/{rel}","templated":true}]}}