{"id":753482,"date":"2025-08-28T05:44:42","date_gmt":"2025-08-28T02:44:42","guid":{"rendered":"https:\/\/roveyayinevi.com.tr\/index.php\/urun\/sebebi-sende-gizli\/"},"modified":"2026-04-16T03:06:48","modified_gmt":"2026-04-16T00:06:48","slug":"sebebi-sende-gizli","status":"publish","type":"product","link":"https:\/\/roveyayinevi.com.tr\/index.php\/urun\/sebebi-sende-gizli\/","title":{"rendered":"Sebebi Sende Gizli"},"content":{"rendered":"<p>KEND\u0130NE VE HAYATA MERAKLI G\u00d6ZLERLE BAKMAYI SE\u00c7ERSEN B\u0130R\u00c7OK SORUNUN \u00c7\u00d6Z\u00dcLD\u00dc\u011e\u00dcNE \u015eAH\u0130TL\u0130K EDERS\u0130N. Bu kitap, k\u0131s\u0131rd\u00f6ng\u00fclerin sarmal\u0131na kap\u0131ld\u0131\u011f\u0131n, kendini \u00e7aresiz hissetti\u011fin noktalarda elinden tutmak ve hayat\u0131n verdi\u011fi ipu\u00e7lar\u0131n\u0131 nas\u0131l okuyabilece\u011fini g\u00f6zler \u00f6n\u00fcne sermek i\u00e7in yaz\u0131ld\u0131. Ger\u00e7ek bir hayat hik\u00e2yesinden esinlenilerek kaleme al\u0131nan Sebebi Sende Gizli ya\u015fam\u0131n farkl\u0131 zamanlar\u0131nda, benzer darbelerle yaralanan bir kad\u0131nla bir erke\u011fin kendilerini iyile\u015ftirme yollar\u0131n\u0131 bulmalar\u0131n\u0131n, asl\u0131nda kendilerini ke\u015ffetmelerinin hik\u00e2yesini anlat\u0131rken b\u00f6l\u00fcm sonlar\u0131nda yazar, zihnindeki spot \u0131\u015f\u0131klar\u0131n\u0131 yakmak i\u00e7in seninle baz\u0131 bilgiler payla\u015facak, sana yol arkada\u015f\u0131 olacak. Psikolojik Dan\u0131\u015fman ve Aile Terapisti T\u00fcrk\u00e2n Bayraktar Uzun, zihninin derinliklerine kap\u0131lar aralay\u0131p, kendini ke\u015ffetme yolculu\u011funa \u0131\u015f\u0131k tutacak. Hayat\u0131n verdi\u011fi ipu\u00e7lar\u0131n\u0131 \u00e7\u00f6zmeye, ruhunun derinliklerine inmeye, kendinle y\u00fczle\u015fmeye, yaralar\u0131n\u0131 fark\u0131ndal\u0131kla ve merhametle sarmaya haz\u0131rsan sayfalar\u0131 aralayabilirsin&#8230; <\/p>\n","protected":false},"excerpt":{"rendered":"<p>KEND\u0130NE VE HAYATA MERAKLI G\u00d6ZLERLE BAKMAYI SE\u00c7ERSEN B\u0130R\u00c7OK SORUNUN \u00c7\u00d6Z\u00dcLD\u00dc\u011e\u00dcNE \u015eAH\u0130TL\u0130K EDERS\u0130N. Bu kitap, k\u0131s\u0131rd\u00f6ng\u00fclerin sarmal\u0131na kap\u0131ld\u0131\u011f\u0131n, kendini \u00e7aresiz hissetti\u011fin noktalarda elinden tutmak ve hayat\u0131n verdi\u011fi<span class=\"excerpt-hellip\"> [\u2026]<\/span><\/p>\n","protected":false},"featured_media":0,"template":"","meta":{"_monsterinsights_skip_tracking":false,"_monsterinsights_sitenote_active":false,"_monsterinsights_sitenote_note":"","_monsterinsights_sitenote_category":0},"product_brand":[],"product_cat":[12364,12376],"product_tag":[],"class_list":{"0":"post-753482","1":"product","2":"type-product","3":"status-publish","5":"product_cat-genel-konular","6":"product_cat-kisisel-gelisim","7":"pa_cilt-ciltsiz","8":"pa_tur-kitap","9":"pa_yayinevi-destek-yayinlari","10":"pa_yazar-turkan-bayraktar-uzun","12":"first","13":"instock","14":"sale","15":"shipping-taxable","16":"purchasable","17":"product-type-simple"},"_links":{"self":[{"href":"https:\/\/roveyayinevi.com.tr\/index.php\/wp-json\/wp\/v2\/product\/753482","targetHints":{"allow":["GET"]}}],"collection":[{"href":"https:\/\/roveyayinevi.com.tr\/index.php\/wp-json\/wp\/v2\/product"}],"about":[{"href":"https:\/\/roveyayinevi.com.tr\/index.php\/wp-json\/wp\/v2\/types\/product"}],"wp:attachment":[{"href":"https:\/\/roveyayinevi.com.tr\/index.php\/wp-json\/wp\/v2\/media?parent=753482"}],"wp:term":[{"taxonomy":"product_brand","embeddable":true,"href":"https:\/\/roveyayinevi.com.tr\/index.php\/wp-json\/wp\/v2\/product_brand?post=753482"},{"taxonomy":"product_cat","embeddable":true,"href":"https:\/\/roveyayinevi.com.tr\/index.php\/wp-json\/wp\/v2\/product_cat?post=753482"},{"taxonomy":"product_tag","embeddable":true,"href":"https:\/\/roveyayinevi.com.tr\/index.php\/wp-json\/wp\/v2\/product_tag?post=753482"}],"curies":[{"name":"wp","href":"https:\/\/api.w.org\/{rel}","templated":true}]}}