{"id":753479,"date":"2025-08-28T05:44:38","date_gmt":"2025-08-28T02:44:38","guid":{"rendered":"https:\/\/roveyayinevi.com.tr\/index.php\/urun\/hayattan-tablolar\/"},"modified":"2026-04-16T03:06:48","modified_gmt":"2026-04-16T00:06:48","slug":"hayattan-tablolar","status":"publish","type":"product","link":"https:\/\/roveyayinevi.com.tr\/index.php\/urun\/hayattan-tablolar\/","title":{"rendered":"Hayattan Tablolar"},"content":{"rendered":"<p>Mektuplar s\u0131ralan\u0131yor ard\u0131 s\u0131ra. Bir kad\u0131n, di\u011ferine g\u00f6nl\u00fcn\u00fc a\u00e7\u0131yor. A\u015fka, sevdaya, evlili\u011fe, mutlulu\u011fa ve mutsuzlu\u011fa dair ne varsa d\u00f6k\u00fcl\u00fcyor ortaya. Kad\u0131nlar\u0131n g\u00f6n\u00fcl d\u00fcnyalar\u0131, bir kad\u0131n\u0131n dilinden \u00f6n\u00fcm\u00fcze seriliyor. T\u00fcrk edebiyat\u0131n\u0131n ilk kad\u0131n roman yazar\u0131 Fatma Aliye, kad\u0131nl\u0131\u011f\u0131n ke\u015ffine \u00e7\u0131k\u0131yor bu kitapta. Hayattan Tablolar, derin bir analizin, samimi bir kalbin, k\u0131vrak bir dilin imk\u00e2nlar\u0131n\u0131 sunuyor. <\/p>\n","protected":false},"excerpt":{"rendered":"<p>Mektuplar s\u0131ralan\u0131yor ard\u0131 s\u0131ra. Bir kad\u0131n, di\u011ferine g\u00f6nl\u00fcn\u00fc a\u00e7\u0131yor. A\u015fka, sevdaya, evlili\u011fe, mutlulu\u011fa ve mutsuzlu\u011fa dair ne varsa d\u00f6k\u00fcl\u00fcyor ortaya. Kad\u0131nlar\u0131n g\u00f6n\u00fcl d\u00fcnyalar\u0131, bir kad\u0131n\u0131n dilinden<span class=\"excerpt-hellip\"> [\u2026]<\/span><\/p>\n","protected":false},"featured_media":0,"template":"","meta":{"_monsterinsights_skip_tracking":false,"_monsterinsights_sitenote_active":false,"_monsterinsights_sitenote_note":"","_monsterinsights_sitenote_category":0},"product_brand":[],"product_cat":[12291,12711],"product_tag":[],"class_list":{"0":"post-753479","1":"product","2":"type-product","3":"status-publish","5":"product_cat-edebiyat","6":"product_cat-roman-oyku","7":"pa_cilt-ciltsiz","8":"pa_tur-kitap","9":"pa_yayinevi-sapiens-yayinlari","10":"pa_yazar-fatma-aliye-hanim","12":"first","13":"instock","14":"sale","15":"shipping-taxable","16":"purchasable","17":"product-type-simple"},"_links":{"self":[{"href":"https:\/\/roveyayinevi.com.tr\/index.php\/wp-json\/wp\/v2\/product\/753479","targetHints":{"allow":["GET"]}}],"collection":[{"href":"https:\/\/roveyayinevi.com.tr\/index.php\/wp-json\/wp\/v2\/product"}],"about":[{"href":"https:\/\/roveyayinevi.com.tr\/index.php\/wp-json\/wp\/v2\/types\/product"}],"wp:attachment":[{"href":"https:\/\/roveyayinevi.com.tr\/index.php\/wp-json\/wp\/v2\/media?parent=753479"}],"wp:term":[{"taxonomy":"product_brand","embeddable":true,"href":"https:\/\/roveyayinevi.com.tr\/index.php\/wp-json\/wp\/v2\/product_brand?post=753479"},{"taxonomy":"product_cat","embeddable":true,"href":"https:\/\/roveyayinevi.com.tr\/index.php\/wp-json\/wp\/v2\/product_cat?post=753479"},{"taxonomy":"product_tag","embeddable":true,"href":"https:\/\/roveyayinevi.com.tr\/index.php\/wp-json\/wp\/v2\/product_tag?post=753479"}],"curies":[{"name":"wp","href":"https:\/\/api.w.org\/{rel}","templated":true}]}}