{"id":753475,"date":"2025-08-28T05:44:31","date_gmt":"2025-08-28T02:44:31","guid":{"rendered":"https:\/\/roveyayinevi.com.tr\/index.php\/urun\/dunyaya-ikinci-gelis-yahut-istanbulda-neler-olmus\/"},"modified":"2026-04-13T03:12:34","modified_gmt":"2026-04-13T00:12:34","slug":"dunyaya-ikinci-gelis-yahut-istanbulda-neler-olmus","status":"publish","type":"product","link":"https:\/\/roveyayinevi.com.tr\/index.php\/urun\/dunyaya-ikinci-gelis-yahut-istanbulda-neler-olmus\/","title":{"rendered":"D\u00fcnyaya \u0130kinci Geli\u015f Yahut \u0130stanbul&#8217;da Neler Olmu\u015f?"},"content":{"rendered":"<p>Dekorda modernle\u015fen Osmanl\u0131 var. Sultan \u00dc\u00e7\u00fcnc\u00fc Selim vakas\u0131, t\u00fcm \u0130stanbul&#8217;da yank\u0131lan\u0131yor. \u015eehir, b\u00fcy\u00fck bir karma\u015fan\u0131n i\u00e7inde. E\u015fk\u0131yalar ve h\u0131rs\u0131zlar her mahremi yere sermi\u015f. \u0130htilal havas\u0131 ba\u015fkentte kol geziyor. Bir de sevdal\u0131lar var bu karma\u015fan\u0131n i\u00e7inde. \u0130ki g\u00f6nl\u00fc bir etmeye \u00e7al\u0131\u015fan y\u00fcrekler. \u00d6tesi karanl\u0131k, \u00f6tesi bir ma\u011fara derinli\u011fi. D\u00fcnyaya \u0130kinci Geli\u015f Yahut \u0130stanbul&#8217;da Neler Olmu\u015f? iki as\u0131r \u00f6ncesine g\u00f6t\u00fcr\u00fcyor bizi. Ahmet Mithat, insano\u011flunun o bir t\u00fcrl\u00fc kavranamayan karanl\u0131k y\u00fcz\u00fcn\u00fc g\u00f6steriyor. Garip zamanlar\u0131 anlatan bu garip roman, g\u00fcn\u00fcm\u00fcz T\u00fcrk\u00e7esiyle okuyucuyla bulu\u015fuyor. <\/p>\n","protected":false},"excerpt":{"rendered":"<p>Dekorda modernle\u015fen Osmanl\u0131 var. Sultan \u00dc\u00e7\u00fcnc\u00fc Selim vakas\u0131, t\u00fcm \u0130stanbul&#8217;da yank\u0131lan\u0131yor. \u015eehir, b\u00fcy\u00fck bir karma\u015fan\u0131n i\u00e7inde. E\u015fk\u0131yalar ve h\u0131rs\u0131zlar her mahremi yere sermi\u015f. \u0130htilal havas\u0131 ba\u015fkentte<span class=\"excerpt-hellip\"> [\u2026]<\/span><\/p>\n","protected":false},"featured_media":0,"template":"","meta":{"_monsterinsights_skip_tracking":false,"_monsterinsights_sitenote_active":false,"_monsterinsights_sitenote_note":"","_monsterinsights_sitenote_category":0},"product_brand":[],"product_cat":[12291,12711],"product_tag":[],"class_list":{"0":"post-753475","1":"product","2":"type-product","3":"status-publish","5":"product_cat-edebiyat","6":"product_cat-roman-oyku","7":"pa_cilt-ciltsiz","8":"pa_tur-kitap","9":"pa_yayinevi-sapiens-yayinlari","10":"pa_yazar-ahmet-mithat-efendi","12":"first","13":"instock","14":"sale","15":"shipping-taxable","16":"purchasable","17":"product-type-simple"},"_links":{"self":[{"href":"https:\/\/roveyayinevi.com.tr\/index.php\/wp-json\/wp\/v2\/product\/753475","targetHints":{"allow":["GET"]}}],"collection":[{"href":"https:\/\/roveyayinevi.com.tr\/index.php\/wp-json\/wp\/v2\/product"}],"about":[{"href":"https:\/\/roveyayinevi.com.tr\/index.php\/wp-json\/wp\/v2\/types\/product"}],"wp:attachment":[{"href":"https:\/\/roveyayinevi.com.tr\/index.php\/wp-json\/wp\/v2\/media?parent=753475"}],"wp:term":[{"taxonomy":"product_brand","embeddable":true,"href":"https:\/\/roveyayinevi.com.tr\/index.php\/wp-json\/wp\/v2\/product_brand?post=753475"},{"taxonomy":"product_cat","embeddable":true,"href":"https:\/\/roveyayinevi.com.tr\/index.php\/wp-json\/wp\/v2\/product_cat?post=753475"},{"taxonomy":"product_tag","embeddable":true,"href":"https:\/\/roveyayinevi.com.tr\/index.php\/wp-json\/wp\/v2\/product_tag?post=753475"}],"curies":[{"name":"wp","href":"https:\/\/api.w.org\/{rel}","templated":true}]}}