{"id":753473,"date":"2025-08-28T05:44:29","date_gmt":"2025-08-28T02:44:29","guid":{"rendered":"https:\/\/roveyayinevi.com.tr\/index.php\/urun\/gunumuz-dunyasinda-musluman-azinliklar-avustralya\/"},"modified":"2026-04-16T03:06:48","modified_gmt":"2026-04-16T00:06:48","slug":"gunumuz-dunyasinda-musluman-azinliklar-avustralya","status":"publish","type":"product","link":"https:\/\/roveyayinevi.com.tr\/index.php\/urun\/gunumuz-dunyasinda-musluman-azinliklar-avustralya\/","title":{"rendered":"G\u00fcn\u00fcm\u00fcz D\u00fcnyas\u0131nda M\u00fcsl\u00fcman Az\u0131nl\u0131klar: Avustralya"},"content":{"rendered":"<p>G\u00fcn\u00fcm\u00fczde d\u00fcnyan\u0131n en b\u00fcy\u00fck adas\u0131 kabul edilen Avustralya\u2019n\u0131n \u0130slamiyet\u2019le tan\u0131\u015fmas\u0131 olduk\u00e7a erken d\u00f6nemlerde m\u00fcmk\u00fcn olmu\u015ftur. \u00d6zellikle 16. y\u00fczy\u0131ldan itibaren Avustralya\u2019n\u0131n \u0130slam ile temas\u0131n\u0131n daha s\u0131k\u0131 oldu\u011fu s\u00f6ylenebilir. Avustralya\u2019da \u0130slam ve M\u00fcsl\u00fcmanlar 16. y\u00fczy\u0131ldan g\u00fcn\u00fcm\u00fcze kadar varl\u0131\u011f\u0131n\u0131 devam ettirmi\u015f olsa da zaman zaman din\u00ee alan ba\u015fta olmak \u00fczere siyasi, sosyal, k\u00fclt\u00fcrel vb. alanlarda zorluklarla kar\u015f\u0131la\u015fm\u0131\u015flard\u0131r. M\u00fcsl\u00fcmanlar\u0131n az\u0131nl\u0131k olarak ya\u015famlar\u0131n\u0131 s\u00fcrd\u00fcrd\u00fckleri \u00fclkelerin bir\u00e7o\u011funda kar\u015f\u0131la\u015ft\u0131klar\u0131 sorunlara dair ara\u015ft\u0131rmalar yok denecek kadar azd\u0131r. Bu kitap g\u00fcn\u00fcm\u00fcz Avustralya K\u0131tas\u0131nda az\u0131nl\u0131k konumunda ya\u015fayan M\u00fcsl\u00fcmanlar\u0131 \u00e7e\u015fitli y\u00f6nlerden ele almaktad\u0131r.<\/p>\n","protected":false},"excerpt":{"rendered":"<p>G\u00fcn\u00fcm\u00fczde d\u00fcnyan\u0131n en b\u00fcy\u00fck adas\u0131 kabul edilen Avustralya\u2019n\u0131n \u0130slamiyet\u2019le tan\u0131\u015fmas\u0131 olduk\u00e7a erken d\u00f6nemlerde m\u00fcmk\u00fcn olmu\u015ftur. \u00d6zellikle 16. y\u00fczy\u0131ldan itibaren Avustralya\u2019n\u0131n \u0130slam ile temas\u0131n\u0131n daha s\u0131k\u0131 oldu\u011fu<span class=\"excerpt-hellip\"> [\u2026]<\/span><\/p>\n","protected":false},"featured_media":0,"template":"","meta":{"_monsterinsights_skip_tracking":false,"_monsterinsights_sitenote_active":false,"_monsterinsights_sitenote_note":"","_monsterinsights_sitenote_category":0},"product_brand":[],"product_cat":[12718,12719],"product_tag":[],"class_list":{"0":"post-753473","1":"product","2":"type-product","3":"status-publish","5":"product_cat-din","6":"product_cat-islam","7":"pa_cilt-ciltsiz","8":"pa_tur-kitap","9":"pa_yayinevi-otto-yayinlari","10":"pa_yazar-kolektif","12":"first","13":"instock","14":"sale","15":"shipping-taxable","16":"purchasable","17":"product-type-simple"},"_links":{"self":[{"href":"https:\/\/roveyayinevi.com.tr\/index.php\/wp-json\/wp\/v2\/product\/753473","targetHints":{"allow":["GET"]}}],"collection":[{"href":"https:\/\/roveyayinevi.com.tr\/index.php\/wp-json\/wp\/v2\/product"}],"about":[{"href":"https:\/\/roveyayinevi.com.tr\/index.php\/wp-json\/wp\/v2\/types\/product"}],"wp:attachment":[{"href":"https:\/\/roveyayinevi.com.tr\/index.php\/wp-json\/wp\/v2\/media?parent=753473"}],"wp:term":[{"taxonomy":"product_brand","embeddable":true,"href":"https:\/\/roveyayinevi.com.tr\/index.php\/wp-json\/wp\/v2\/product_brand?post=753473"},{"taxonomy":"product_cat","embeddable":true,"href":"https:\/\/roveyayinevi.com.tr\/index.php\/wp-json\/wp\/v2\/product_cat?post=753473"},{"taxonomy":"product_tag","embeddable":true,"href":"https:\/\/roveyayinevi.com.tr\/index.php\/wp-json\/wp\/v2\/product_tag?post=753473"}],"curies":[{"name":"wp","href":"https:\/\/api.w.org\/{rel}","templated":true}]}}