{"id":753466,"date":"2025-08-28T05:44:20","date_gmt":"2025-08-28T02:44:20","guid":{"rendered":"https:\/\/roveyayinevi.com.tr\/index.php\/urun\/karavana-johnny-kazara-futbol-dehasi\/"},"modified":"2026-04-16T03:06:48","modified_gmt":"2026-04-16T00:06:48","slug":"karavana-johnny-kazara-futbol-dehasi","status":"publish","type":"product","link":"https:\/\/roveyayinevi.com.tr\/index.php\/urun\/karavana-johnny-kazara-futbol-dehasi\/","title":{"rendered":"Karavana Johnny: Kazara Futbol Dehas\u0131"},"content":{"rendered":"<p>Kronik \u00c7ocuk\u2019tan yepyeni ve kahkaha dolu bir macera serisi: Karavana Johnny. Matt Oldfield\u2019\u0131n yaz\u0131p Tim Wesson\u2019\u0131n resimledi\u011fi serinin ilk kitab\u0131 Karavana Johnny: Kazara Futbol Deh\u00e2s\u0131, \u0130pek G\u00fcne\u015f \u00c7\u0131gay \u00e7evirisiyle okurlar\u0131yla bulu\u015fuyor!   Futbol delisi Topatan ailesi ile ailenin en k\u00fc\u00e7\u00fck \u00fcyesi Johnny\u2019nin maceralar\u0131na odaklanan seri, okurlar\u0131na e\u011flence, heyecan ve bol kahkaha vadediyor. Futbol severlerin keyifle okuyaca\u011f\u0131 bu hik\u00e2yede ayn\u0131 zamanda arkada\u015fl\u0131\u011f\u0131n, tak\u0131m ruhunun, cesaretin ve mizah\u0131n g\u00fcc\u00fcne de tan\u0131kl\u0131k edeceksiniz. Farkl\u0131l\u0131klar\u0131n birlikteli\u011fini olabilecek en e\u011flenceli \u015fekilde anlatan Johnny Karavana serisi, gen\u00e7 okurlar\u0131n okuma ser\u00fcvenlerine renk katacak ve farkl\u0131 bak\u0131\u015f a\u00e7\u0131lar\u0131 kazand\u0131racak.   Karavana Johnny\u2019yle birlikte zorluklara g\u00f6\u011f\u00fcs germeye, aksilikler kar\u015f\u0131s\u0131nda pes etmemeye, e\u011flenirken \u00f6\u011frenmeye haz\u0131r m\u0131s\u0131n\u0131z?   M\u00fcfredat temalar\u0131: SA\u011eLIK ve SPOR \u2022 K\u0130\u015e\u0130SEL GEL\u0130\u015e\u0130M \u2022 DUYGULAR \u2022 HAK ve \u00d6ZG\u00dcRL\u00dcKLER \u2022 ERDEMLER \u2022 B\u0130REY VE TOPLUM <\/p>\n","protected":false},"excerpt":{"rendered":"<p>Kronik \u00c7ocuk\u2019tan yepyeni ve kahkaha dolu bir macera serisi: Karavana Johnny. Matt Oldfield\u2019\u0131n yaz\u0131p Tim Wesson\u2019\u0131n resimledi\u011fi serinin ilk kitab\u0131 Karavana Johnny: Kazara Futbol Deh\u00e2s\u0131, \u0130pek<span class=\"excerpt-hellip\"> [\u2026]<\/span><\/p>\n","protected":false},"featured_media":0,"template":"","meta":{"_monsterinsights_skip_tracking":false,"_monsterinsights_sitenote_active":false,"_monsterinsights_sitenote_note":"","_monsterinsights_sitenote_category":0},"product_brand":[],"product_cat":[12275,12274],"product_tag":[],"class_list":{"0":"post-753466","1":"product","2":"type-product","3":"status-publish","5":"product_cat-6-12-yas-kitaplari","6":"product_cat-cocuk-ve-genclik-kitaplari","7":"pa_cilt-ciltsiz","8":"pa_tur-kitap","9":"pa_yayinevi-kronik-kitap","10":"pa_yazar-matt-oldfield","12":"first","13":"instock","14":"sale","15":"shipping-taxable","16":"purchasable","17":"product-type-simple"},"_links":{"self":[{"href":"https:\/\/roveyayinevi.com.tr\/index.php\/wp-json\/wp\/v2\/product\/753466","targetHints":{"allow":["GET"]}}],"collection":[{"href":"https:\/\/roveyayinevi.com.tr\/index.php\/wp-json\/wp\/v2\/product"}],"about":[{"href":"https:\/\/roveyayinevi.com.tr\/index.php\/wp-json\/wp\/v2\/types\/product"}],"wp:attachment":[{"href":"https:\/\/roveyayinevi.com.tr\/index.php\/wp-json\/wp\/v2\/media?parent=753466"}],"wp:term":[{"taxonomy":"product_brand","embeddable":true,"href":"https:\/\/roveyayinevi.com.tr\/index.php\/wp-json\/wp\/v2\/product_brand?post=753466"},{"taxonomy":"product_cat","embeddable":true,"href":"https:\/\/roveyayinevi.com.tr\/index.php\/wp-json\/wp\/v2\/product_cat?post=753466"},{"taxonomy":"product_tag","embeddable":true,"href":"https:\/\/roveyayinevi.com.tr\/index.php\/wp-json\/wp\/v2\/product_tag?post=753466"}],"curies":[{"name":"wp","href":"https:\/\/api.w.org\/{rel}","templated":true}]}}