{"id":753461,"date":"2025-08-28T05:44:15","date_gmt":"2025-08-28T02:44:15","guid":{"rendered":"https:\/\/roveyayinevi.com.tr\/index.php\/urun\/kisa-avrupa-tarihi-2\/"},"modified":"2026-04-16T03:06:48","modified_gmt":"2026-04-16T00:06:48","slug":"kisa-avrupa-tarihi-2","status":"publish","type":"product","link":"https:\/\/roveyayinevi.com.tr\/index.php\/urun\/kisa-avrupa-tarihi-2\/","title":{"rendered":"K\u0131sa Avrupa Tarihi"},"content":{"rendered":"<p>YUNAN\u0130STAN VE ROMA&#8217;DAN ORTA \u00c7A\u011e\u2019A R\u00d6NESANS\u2019TAN REFORM VE FRANSIZ DEVR\u0130M\u0130\u2019NE \u0130K\u0130 D\u00dcNYA SAVA\u015eINDAN G\u00dcN\u00dcM\u00dcZE UZANAN B\u0130R H\u0130K\u00c2YE   Avrupa tarihin \u015fafa\u011f\u0131ndan bu yana neredeyse s\u00fcrekli \u00e7alkant\u0131lar ya\u015fam\u0131\u015ft\u0131r. Peki ama bu kadar k\u00fc\u00e7\u00fck bir k\u0131ta ve ufak bir insan toplulu\u011fu nas\u0131l bu kadar g\u00fc\u00e7l\u00fc hale geldi? Bu farkl\u0131 yar\u0131madalar ve adalar zaman i\u00e7inde nas\u0131l kolektif bir bilin\u00e7 geli\u015ftirdi? Diplomasi nas\u0131l bu kadar s\u0131k kan d\u00f6k\u00fclmesine neden oldu? Ge\u00e7mi\u015fte ya\u015fanan bu sars\u0131nt\u0131lar bug\u00fcne nas\u0131l etki etki?   Simon Jenkins bu k\u0131sa ama derinlikli kitab\u0131nda zor bir i\u015f ba\u015far\u0131yor: Avrupa uygarl\u0131\u011f\u0131n\u0131n, sava\u015fan kabilelerden olu\u015fan bir sava\u015f alan\u0131ndan bar\u0131\u015fa, zenginli\u011fe ve \u00f6zg\u00fcrl\u00fc\u011fe do\u011fru evriminin \u00f6yk\u00fcs\u00fcn\u00fc anlat\u0131yor. Jenkins Avrupa\u2019n\u0131n iki bin y\u0131ll\u0131k tarihini, fark edilebilir k\u00f6kenlerinden bug\u00fcnk\u00fc \u015fa\u015fk\u0131nl\u0131klar\u0131m\u0131za kadar \u00f6zl\u00fc ve okunabilir bir \u015fekilde aktar\u0131yor.   K\u0131sa Avrupa Tarihi Roma devletini, Kutsal Roma \u0130mparatorlu\u011fu\u2019nu, Fransa\u2019y\u0131, \u0130ngiltere\u2019yi, Almanya\u2019y\u0131, Rusya\u2019y\u0131; Julius Caesar\u2019\u0131, \u015earlman\u2019\u0131, II. Frederick\u2019i, Kanuni Sultan S\u00fcleyman\u2019\u0131, Napol\u00e9on\u2019u, Bismarck\u2019\u0131; R\u00f6nesans\u2019\u0131, Reform\u2019u, Westphalia Antla\u015fmas\u0131n\u0131, D\u00fcnya Sava\u015flar\u0131n\u0131, Avrupa Birli\u011fini, \u00f6zetle Avrupa\u2019y\u0131 olu\u015fturan b\u00fct\u00fcn unsurlar\u0131 ge\u00e7mi\u015ften bug\u00fcne b\u00fcy\u00fck bir maharetle okurlara sunuyor.   Usta kalem Simon Jenkins K\u0131sa Avrupa Tarihi: Antik \u00c7a\u011f\u2019dan G\u00fcn\u00fcm\u00fcze\u2019de Avrupa&#8217;n\u0131n siyaseti, ekonomisi ve k\u00fclt\u00fcr\u00fcn\u00fcn \u00f6nemine \u00f6zl\u00fc \u015fekilde de\u011finiyor, adeta k\u0131tan\u0131n b\u00fct\u00fcnl\u00fckl\u00fc bir portresini \u00e7iziyor. <\/p>\n","protected":false},"excerpt":{"rendered":"<p>YUNAN\u0130STAN VE ROMA&#8217;DAN ORTA \u00c7A\u011e\u2019A R\u00d6NESANS\u2019TAN REFORM VE FRANSIZ DEVR\u0130M\u0130\u2019NE \u0130K\u0130 D\u00dcNYA SAVA\u015eINDAN G\u00dcN\u00dcM\u00dcZE UZANAN B\u0130R H\u0130K\u00c2YE Avrupa tarihin \u015fafa\u011f\u0131ndan bu yana neredeyse s\u00fcrekli \u00e7alkant\u0131lar ya\u015fam\u0131\u015ft\u0131r.<span class=\"excerpt-hellip\"> [\u2026]<\/span><\/p>\n","protected":false},"featured_media":0,"template":"","meta":{"_monsterinsights_skip_tracking":false,"_monsterinsights_sitenote_active":false,"_monsterinsights_sitenote_note":"","_monsterinsights_sitenote_category":0},"product_brand":[],"product_cat":[12304],"product_tag":[],"class_list":{"0":"post-753461","1":"product","2":"type-product","3":"status-publish","5":"product_cat-tarih","6":"pa_cilt-ciltsiz","7":"pa_tur-kitap","8":"pa_yayinevi-kronik-kitap","9":"pa_yazar-simon-jenkins","11":"first","12":"instock","13":"sale","14":"shipping-taxable","15":"purchasable","16":"product-type-simple"},"_links":{"self":[{"href":"https:\/\/roveyayinevi.com.tr\/index.php\/wp-json\/wp\/v2\/product\/753461","targetHints":{"allow":["GET"]}}],"collection":[{"href":"https:\/\/roveyayinevi.com.tr\/index.php\/wp-json\/wp\/v2\/product"}],"about":[{"href":"https:\/\/roveyayinevi.com.tr\/index.php\/wp-json\/wp\/v2\/types\/product"}],"wp:attachment":[{"href":"https:\/\/roveyayinevi.com.tr\/index.php\/wp-json\/wp\/v2\/media?parent=753461"}],"wp:term":[{"taxonomy":"product_brand","embeddable":true,"href":"https:\/\/roveyayinevi.com.tr\/index.php\/wp-json\/wp\/v2\/product_brand?post=753461"},{"taxonomy":"product_cat","embeddable":true,"href":"https:\/\/roveyayinevi.com.tr\/index.php\/wp-json\/wp\/v2\/product_cat?post=753461"},{"taxonomy":"product_tag","embeddable":true,"href":"https:\/\/roveyayinevi.com.tr\/index.php\/wp-json\/wp\/v2\/product_tag?post=753461"}],"curies":[{"name":"wp","href":"https:\/\/api.w.org\/{rel}","templated":true}]}}