{"id":753455,"date":"2025-08-28T05:44:09","date_gmt":"2025-08-28T02:44:09","guid":{"rendered":"https:\/\/roveyayinevi.com.tr\/index.php\/urun\/degisen-yasam\/"},"modified":"2026-04-16T03:06:48","modified_gmt":"2026-04-16T00:06:48","slug":"degisen-yasam","status":"publish","type":"product","link":"https:\/\/roveyayinevi.com.tr\/index.php\/urun\/degisen-yasam\/","title":{"rendered":"De\u011fi\u015fen Ya\u015fam"},"content":{"rendered":"<p>Do\u011fal bir \u00e7evrede ya\u015fad\u0131\u011f\u0131m\u0131z s\u00f6ylenebilir mi? Muhtemelen \u00e7o\u011fu ki\u015finin bu soruya cevab\u0131 hay\u0131r olacakt\u0131r. Peki, \u00e7evremizi ne zaman d\u00f6n\u00fc\u015ft\u00fcrmeye ve de\u011fi\u015ftirmeye ba\u015flad\u0131k? Hayvanlar\u0131 evcille\u015ftirip ihtiya\u00e7lar\u0131m\u0131z\u0131 kar\u015f\u0131layacaklar\u0131 hale getirdik. DNA&#8217;lar\u0131n\u0131 da de\u011fi\u015ftirdik. Kurtlar k\u00f6pe\u011fe d\u00f6n\u00fc\u015f\u00fcp avlanmam\u0131za yard\u0131mc\u0131 oldu. Yaban tavuklar\u0131 tavu\u011fu d\u00f6n\u00fc\u015f\u00fcp sofralar\u0131m\u0131z\u0131 yumurtayla donatt\u0131. \u00dcstelik bunlar sadece ba\u015flang\u0131\u00e7t\u0131. Bilgimiz artt\u0131k\u00e7a, hayvan DNA&#8217;s\u0131n\u0131 daha ince i\u015flemenin yeni usullerini bulduk. Polis k\u00f6peklerini klonlad\u0131k. D\u00fcnyada geneti\u011fi de\u011fi\u015ftirilmi\u015f ilk ev hayvan\u0131n\u0131, karanl\u0131kta parlayan bal\u0131klar\u0131 yaratt\u0131k. Her ge\u00e7en g\u00fcn yeni bilgiler ve teknolojilerle kimi zaman bilin\u00e7li kimi zamansa dolayl\u0131 olarak D\u00fcnya&#8217;daki ya\u015fama m\u00fcdahale etmeye devam ediyoruz. \u0130klim de\u011fi\u015fikli\u011fi nedeniyle D\u00fcnya&#8217;n\u0131n en \u00fccra k\u00f6\u015felerini ve o b\u00f6lgelerin sakinlerini bile etkiledik. Ara\u015ft\u0131rmalara g\u00f6re baz\u0131 hayvanlar\u0131 inan\u0131lmaz s\u00fcratle evrimle\u015fmeye zorluyoruz. Kimi t\u00fcrlerin i\u015fi rast gitse de, baz\u0131lar\u0131 yok olman\u0131n e\u015fi\u011finde. Baz\u0131lar\u0131 i\u00e7inse tek se\u00e7enek, esaret alt\u0131nda ya\u015famak. Art\u0131k sadece uyum g\u00fcc\u00fc en y\u00fcksek t\u00fcrler de\u011fil, bizim ya\u015famas\u0131na izin verdiklerimiz hayatta kalabiliyor. T\u00fcm canl\u0131lar\u0131n kaderinin bizimkiyle i\u00e7 i\u00e7e ge\u00e7mi\u015f oldu\u011fu bu d\u00f6neme Helen Pilcher post-do\u011fal evre ad\u0131n\u0131 veriyor. Pilcher, insan\u0131 d\u00fc\u015f\u00fcnmeye iten e\u011flenceli kitab\u0131nda, hayvanlar aleminin DNA&#8217;s\u0131na \u015fekil verme usullerini, b\u00f6ylece d\u00fcnya ya\u015fam\u0131n\u0131n kaderini de\u011fi\u015ftirmemizi ele al\u0131yor. Bu post-do\u011fa tarihi rehberinde, insanl\u0131\u011f\u0131n y\u00f6n verdi\u011fi canl\u0131 t\u00fcrlerini de, bu post-do\u011fal d\u00fcnyan\u0131n yarat\u0131c\u0131s\u0131, idarecisi ve bak\u0131c\u0131s\u0131 olan ara\u015ft\u0131rmac\u0131lar ve do\u011fa korumac\u0131lar\u0131yla birlikte tan\u0131t\u0131yor.<\/p>\n","protected":false},"excerpt":{"rendered":"<p>Do\u011fal bir \u00e7evrede ya\u015fad\u0131\u011f\u0131m\u0131z s\u00f6ylenebilir mi? Muhtemelen \u00e7o\u011fu ki\u015finin bu soruya cevab\u0131 hay\u0131r olacakt\u0131r. Peki, \u00e7evremizi ne zaman d\u00f6n\u00fc\u015ft\u00fcrmeye ve de\u011fi\u015ftirmeye ba\u015flad\u0131k? Hayvanlar\u0131 evcille\u015ftirip ihtiya\u00e7lar\u0131m\u0131z\u0131 kar\u015f\u0131layacaklar\u0131<span class=\"excerpt-hellip\"> [\u2026]<\/span><\/p>\n","protected":false},"featured_media":0,"template":"","meta":{"_monsterinsights_skip_tracking":false,"_monsterinsights_sitenote_active":false,"_monsterinsights_sitenote_note":"","_monsterinsights_sitenote_category":0},"product_brand":[],"product_cat":[12364],"product_tag":[],"class_list":{"0":"post-753455","1":"product","2":"type-product","3":"status-publish","5":"product_cat-genel-konular","6":"pa_cilt-ciltsiz","7":"pa_tur-kitap","8":"pa_yayinevi-koc-universitesi-yayinlari","9":"pa_yazar-helen-pilcher","11":"first","12":"instock","13":"sale","14":"shipping-taxable","15":"purchasable","16":"product-type-simple"},"_links":{"self":[{"href":"https:\/\/roveyayinevi.com.tr\/index.php\/wp-json\/wp\/v2\/product\/753455","targetHints":{"allow":["GET"]}}],"collection":[{"href":"https:\/\/roveyayinevi.com.tr\/index.php\/wp-json\/wp\/v2\/product"}],"about":[{"href":"https:\/\/roveyayinevi.com.tr\/index.php\/wp-json\/wp\/v2\/types\/product"}],"wp:attachment":[{"href":"https:\/\/roveyayinevi.com.tr\/index.php\/wp-json\/wp\/v2\/media?parent=753455"}],"wp:term":[{"taxonomy":"product_brand","embeddable":true,"href":"https:\/\/roveyayinevi.com.tr\/index.php\/wp-json\/wp\/v2\/product_brand?post=753455"},{"taxonomy":"product_cat","embeddable":true,"href":"https:\/\/roveyayinevi.com.tr\/index.php\/wp-json\/wp\/v2\/product_cat?post=753455"},{"taxonomy":"product_tag","embeddable":true,"href":"https:\/\/roveyayinevi.com.tr\/index.php\/wp-json\/wp\/v2\/product_tag?post=753455"}],"curies":[{"name":"wp","href":"https:\/\/api.w.org\/{rel}","templated":true}]}}