{"id":753454,"date":"2025-08-28T05:44:08","date_gmt":"2025-08-28T02:44:08","guid":{"rendered":"https:\/\/roveyayinevi.com.tr\/index.php\/urun\/belirsiz-hasat\/"},"modified":"2026-04-16T03:06:48","modified_gmt":"2026-04-16T00:06:48","slug":"belirsiz-hasat","status":"publish","type":"product","link":"https:\/\/roveyayinevi.com.tr\/index.php\/urun\/belirsiz-hasat\/","title":{"rendered":"Belirsiz Hasat"},"content":{"rendered":"<p>Gelecekte ne yiyece\u011fiz? O g\u0131day\u0131 nas\u0131l \u00fcretece\u011fiz? 10 milyar insan\u0131 besleyecek g\u0131da art\u0131\u015f\u0131n\u0131, ekolojik, toplumsal, ekonomik ve ahlaki a\u00e7\u0131lardan s\u00fcrd\u00fcr\u00fclebilir bi\u00e7imde sa\u011flayabilecek miyiz? Belirsiz Hasat&#8217;\u0131n yazar\u0131 \u00fc\u00e7 g\u0131da akademisyeni bu sorulara yan\u0131t ararken, gelecekteki olas\u0131 krizlerle ba\u015f etmek i\u00e7in nelerin gerekli oldu\u011funu \u00e7\u00f6zmeye \u00e7al\u0131\u015f\u0131yor. Teknoloji iyimseri Evan Fraser, tekno\u015f\u00fcpheci Sarah Rotz ve g\u0131da tarih\u00e7isi Ian Mosby \u00e7iftlik ekonomisinin \u00e7amurlu d\u00fcnyas\u0131nda bata \u00e7\u0131ka ilerlerken hem e\u015fitlik\u00e7i ve sa\u011flam bir k\u00fcresel g\u0131da gelece\u011finin yap\u0131ta\u015flar\u0131n\u0131 anlamaya \u00e7al\u0131\u015f\u0131yor hem de okuru insanlar\u0131n daha iyi beslendi\u011fi, daha adil bir d\u00fcnya konusunda ilham verici i\u015fler yapanlarla tan\u0131\u015ft\u0131r\u0131yor. B\u00f6ylece iklim de\u011fi\u015fikli\u011finin d\u00f6n\u00fc\u015ft\u00fcrd\u00fc\u011f\u00fc arazilerden robot \u00e7iftliklere, blokzinciri sertifikal\u0131 bal\u0131k sat\u0131c\u0131lar\u0131ndan teknoloji gurusu Nepalli ge\u00e7imlik \u00e7ift\u00e7ilere, geneti\u011fi de\u011fi\u015ftirilmi\u015f g\u0131dalardan ac\u0131 biber soslu gevrek b\u00f6ceklere varana kadar elinizdeki kitap, kolektif g\u0131da gelece\u011fimizi tan\u0131mlayacak ba\u015fl\u0131klar\u0131 ele al\u0131rken sap\u0131 samandan ay\u0131rmaya, kavga g\u00fcr\u00fclt\u00fcn\u00fcn eksik olmad\u0131\u011f\u0131 g\u0131da meselesi \u00fczerinde sa\u011fl\u0131kl\u0131 d\u00fc\u015f\u00fcnmemizi sa\u011flayacak alet kutusunu olu\u015fturmam\u0131za yard\u0131mc\u0131 oluyor. Bu \u00e7abaya de\u011fer, zira istisnas\u0131z, &#8220;hepimizin gelece\u011fi buna ba\u011fl\u0131&#8221;<\/p>\n","protected":false},"excerpt":{"rendered":"<p>Gelecekte ne yiyece\u011fiz? O g\u0131day\u0131 nas\u0131l \u00fcretece\u011fiz? 10 milyar insan\u0131 besleyecek g\u0131da art\u0131\u015f\u0131n\u0131, ekolojik, toplumsal, ekonomik ve ahlaki a\u00e7\u0131lardan s\u00fcrd\u00fcr\u00fclebilir bi\u00e7imde sa\u011flayabilecek miyiz? Belirsiz Hasat&#8217;\u0131n yazar\u0131<span class=\"excerpt-hellip\"> [\u2026]<\/span><\/p>\n","protected":false},"featured_media":0,"template":"","meta":{"_monsterinsights_skip_tracking":false,"_monsterinsights_sitenote_active":false,"_monsterinsights_sitenote_note":"","_monsterinsights_sitenote_category":0},"product_brand":[],"product_cat":[23323,12364],"product_tag":[],"class_list":{"0":"post-753454","1":"product","2":"type-product","3":"status-publish","5":"product_cat-ekoloji","6":"product_cat-genel-konular","7":"pa_cilt-ciltsiz","8":"pa_tur-kitap","9":"pa_yayinevi-koc-universitesi-yayinlari","10":"pa_yazar-ian-mosby-sarah-rotz-evan-d-g-fraser","12":"first","13":"instock","14":"sale","15":"shipping-taxable","16":"purchasable","17":"product-type-simple"},"_links":{"self":[{"href":"https:\/\/roveyayinevi.com.tr\/index.php\/wp-json\/wp\/v2\/product\/753454","targetHints":{"allow":["GET"]}}],"collection":[{"href":"https:\/\/roveyayinevi.com.tr\/index.php\/wp-json\/wp\/v2\/product"}],"about":[{"href":"https:\/\/roveyayinevi.com.tr\/index.php\/wp-json\/wp\/v2\/types\/product"}],"wp:attachment":[{"href":"https:\/\/roveyayinevi.com.tr\/index.php\/wp-json\/wp\/v2\/media?parent=753454"}],"wp:term":[{"taxonomy":"product_brand","embeddable":true,"href":"https:\/\/roveyayinevi.com.tr\/index.php\/wp-json\/wp\/v2\/product_brand?post=753454"},{"taxonomy":"product_cat","embeddable":true,"href":"https:\/\/roveyayinevi.com.tr\/index.php\/wp-json\/wp\/v2\/product_cat?post=753454"},{"taxonomy":"product_tag","embeddable":true,"href":"https:\/\/roveyayinevi.com.tr\/index.php\/wp-json\/wp\/v2\/product_tag?post=753454"}],"curies":[{"name":"wp","href":"https:\/\/api.w.org\/{rel}","templated":true}]}}