{"id":753442,"date":"2025-08-28T05:43:50","date_gmt":"2025-08-28T02:43:50","guid":{"rendered":"https:\/\/roveyayinevi.com.tr\/index.php\/urun\/devlette-performans-denetimi\/"},"modified":"2026-04-16T03:06:47","modified_gmt":"2026-04-16T00:06:47","slug":"devlette-performans-denetimi","status":"publish","type":"product","link":"https:\/\/roveyayinevi.com.tr\/index.php\/urun\/devlette-performans-denetimi\/","title":{"rendered":"Devlette Performans Denetimi"},"content":{"rendered":"<p>T\u00fcrkiye\u2019de \u00f6zellikle 2010 y\u0131l\u0131 sonras\u0131 performans denetimi konusu, gerek kavramsal ve tarihsel geli\u015fimi gerekse kuram\u0131 ve uygulamas\u0131 bak\u0131m\u0131ndan bilgi karma\u015fas\u0131n\u0131n bulundu\u011fu tart\u0131\u015fmal\u0131 bir konudur. Bilgi karma\u015fas\u0131n\u0131n ya\u015fand\u0131\u011f\u0131 konular\u0131n ba\u015f\u0131nda performans denetiminin \u201cbireysel performans ya da kurumsal performans denetimi\u201d olarak anla\u015f\u0131lmas\u0131 ya da adland\u0131r\u0131lmas\u0131, sadece \u201c3E\u2019nin denetimi\u201d olarak alg\u0131lanmas\u0131 ve 3E ile ilgili t\u00fcm \u00e7al\u0131\u015fmalar\u0131n performans denetimi olarak de\u011ferlendirilmesi gibi sorunlar gelmektedir. Oysa performans denetimi, performans kavram\u0131 gibi bir\u00e7ok alanda ve farkl\u0131 anlamlarda kullan\u0131lan bir kavram de\u011fildir. Kullan\u0131ld\u0131\u011f\u0131 alan, tan\u0131m\u0131, \u00f6zellikleri ve temel kaynaklar\u0131 bellidir, nettir. Bu a\u00e7\u0131dan performans denetimi, personel y\u00f6netimi alan\u0131na \u00f6zg\u00fc bireysel performansa ve i\u00e7 kontrol sistemi alan\u0131na \u00f6zg\u00fc kurumsal performansa de\u011fil t\u00fcm kamu faaliyetlerinin denetimi olarak devlette performans denetimine kar\u015f\u0131l\u0131k gelmektedir. Bu kitap, T\u00fcrkiye\u2019de 1996-2010 d\u00f6neminde, 14 y\u0131ll\u0131k k\u0131sa bir s\u00fcrede ortaya \u00e7\u0131kan, geli\u015fme a\u015famas\u0131ndayken k\u0131r\u0131lma s\u00fcrecine giren ve sonland\u0131r\u0131lan devlette performans denetimi uygulamas\u0131n\u0131 ve d\u00f6n\u00fc\u015f\u00fcm\u00fcn\u00fc tart\u0131\u015fmaktad\u0131r. \u00c7al\u0131\u015fmada performans denetiminin ne oldu\u011fuyla birlikte ne olmad\u0131\u011f\u0131; kavramsal ve tarihsel geli\u015fimi, T\u00fcrkiye\u2019de 1996-2010 d\u00f6nemi performans denetimi uygulamas\u0131n\u0131n kuram ve uygulama bak\u0131m\u0131ndan uluslararas\u0131 d\u00fczeyde INTOSAI ve iyi uygulama \u00f6rne\u011fi olarak kabul edilen \u0130ngiltere ile uyumlu olup olmad\u0131\u011f\u0131 ve bu uygulaman\u0131n 2010 y\u0131l\u0131nda nas\u0131l ve neden sonland\u0131r\u0131ld\u0131\u011f\u0131 ilgili mevzuat metinleri, rehberler, raporlar, uluslararas\u0131 ve ulusal politika belgeleri ve uzman g\u00f6r\u00fc\u015fleri gibi birincil kaynaklardan elde edilen veriler \u00fczerinden sorgulanmaktad\u0131r. <\/p>\n","protected":false},"excerpt":{"rendered":"<p>T\u00fcrkiye\u2019de \u00f6zellikle 2010 y\u0131l\u0131 sonras\u0131 performans denetimi konusu, gerek kavramsal ve tarihsel geli\u015fimi gerekse kuram\u0131 ve uygulamas\u0131 bak\u0131m\u0131ndan bilgi karma\u015fas\u0131n\u0131n bulundu\u011fu tart\u0131\u015fmal\u0131 bir konudur. Bilgi karma\u015fas\u0131n\u0131n<span class=\"excerpt-hellip\"> [\u2026]<\/span><\/p>\n","protected":false},"featured_media":0,"template":"","meta":{"_monsterinsights_skip_tracking":false,"_monsterinsights_sitenote_active":false,"_monsterinsights_sitenote_note":"","_monsterinsights_sitenote_category":0},"product_brand":[],"product_cat":[13043,14381],"product_tag":[],"class_list":{"0":"post-753442","1":"product","2":"type-product","3":"status-publish","5":"product_cat-ekonomi","6":"product_cat-isletme-muhasebe-maliye","7":"pa_cilt-ciltsiz","8":"pa_tur-kitap","9":"pa_yayinevi-siyasal-kitabevi","10":"pa_yazar-seyma-eski-caylak","12":"first","13":"instock","14":"sale","15":"shipping-taxable","16":"purchasable","17":"product-type-simple"},"_links":{"self":[{"href":"https:\/\/roveyayinevi.com.tr\/index.php\/wp-json\/wp\/v2\/product\/753442","targetHints":{"allow":["GET"]}}],"collection":[{"href":"https:\/\/roveyayinevi.com.tr\/index.php\/wp-json\/wp\/v2\/product"}],"about":[{"href":"https:\/\/roveyayinevi.com.tr\/index.php\/wp-json\/wp\/v2\/types\/product"}],"wp:attachment":[{"href":"https:\/\/roveyayinevi.com.tr\/index.php\/wp-json\/wp\/v2\/media?parent=753442"}],"wp:term":[{"taxonomy":"product_brand","embeddable":true,"href":"https:\/\/roveyayinevi.com.tr\/index.php\/wp-json\/wp\/v2\/product_brand?post=753442"},{"taxonomy":"product_cat","embeddable":true,"href":"https:\/\/roveyayinevi.com.tr\/index.php\/wp-json\/wp\/v2\/product_cat?post=753442"},{"taxonomy":"product_tag","embeddable":true,"href":"https:\/\/roveyayinevi.com.tr\/index.php\/wp-json\/wp\/v2\/product_tag?post=753442"}],"curies":[{"name":"wp","href":"https:\/\/api.w.org\/{rel}","templated":true}]}}