{"id":753440,"date":"2025-08-28T05:43:46","date_gmt":"2025-08-28T02:43:46","guid":{"rendered":"https:\/\/roveyayinevi.com.tr\/index.php\/urun\/egitim-kulesinin-usta-oyuncusu-1\/"},"modified":"2026-04-16T03:06:47","modified_gmt":"2026-04-16T00:06:47","slug":"egitim-kulesinin-usta-oyuncusu-1","status":"publish","type":"product","link":"https:\/\/roveyayinevi.com.tr\/index.php\/urun\/egitim-kulesinin-usta-oyuncusu-1\/","title":{"rendered":"E\u011fitim Kulesi\u2019nin Usta Oyuncusu 1"},"content":{"rendered":"<p>HYEON-WOO K\u0130M, 12 YIL BOYUNCA E\u011e\u0130T\u0130M KULES\u0130\u2019NDEN \u00c7IKAMADI. G\u0130ZEML\u0130 KULE, \u00d6LD\u00dcR\u00dcLD\u00dcK\u00c7E KEND\u0130N\u0130 YEN\u0130LEYEN CANAVARLARLA DOLUYDU. ORADA KALDI\u011eI 12 YIL BOYUNCA, ANTRENMAN YAPTI VE EZ\u0130C\u0130 B\u0130R G\u00dcCE SAH\u0130P OLANA KADAR \u00c7ALI\u015eTI. TAB\u0130\u0130 BU ESNADA DA \u00c7OK SIKILDI. AMA \u015e\u0130MD\u0130, N\u0130HAYET \u00d6ZG\u00dcR! T\u00dcM D\u00dcNYA CANAVARLAR TARAFINDAN TEHD\u0130T ALTINDAYKEN VE HERKES ONA A\u015eIRI \u0130LG\u0130 G\u00d6STER\u0130YORKEN, HYEON-WOO K\u0130M TEK B\u0130R \u015eEY\u0130 MERAK ED\u0130YOR: \u201cONU BU KULEYE K\u0130M, NEDEN HAPSETT\u0130?\u201d <\/p>\n","protected":false},"excerpt":{"rendered":"<p>HYEON-WOO K\u0130M, 12 YIL BOYUNCA E\u011e\u0130T\u0130M KULES\u0130\u2019NDEN \u00c7IKAMADI. G\u0130ZEML\u0130 KULE, \u00d6LD\u00dcR\u00dcLD\u00dcK\u00c7E KEND\u0130N\u0130 YEN\u0130LEYEN CANAVARLARLA DOLUYDU. ORADA KALDI\u011eI 12 YIL BOYUNCA, ANTRENMAN YAPTI VE EZ\u0130C\u0130 B\u0130R G\u00dcCE<span class=\"excerpt-hellip\"> [\u2026]<\/span><\/p>\n","protected":false},"featured_media":0,"template":"","meta":{"_monsterinsights_skip_tracking":false,"_monsterinsights_sitenote_active":false,"_monsterinsights_sitenote_note":"","_monsterinsights_sitenote_category":0},"product_brand":[],"product_cat":[12416,12291],"product_tag":[],"class_list":{"0":"post-753440","1":"product","2":"type-product","3":"status-publish","5":"product_cat-cizgi-roman","6":"product_cat-edebiyat","7":"pa_cilt-ciltsiz","8":"pa_tur-kitap","9":"pa_yayinevi-athica-yayinlari","10":"pa_yazar-indoor-kim","12":"first","13":"instock","14":"sale","15":"shipping-taxable","16":"purchasable","17":"product-type-simple"},"_links":{"self":[{"href":"https:\/\/roveyayinevi.com.tr\/index.php\/wp-json\/wp\/v2\/product\/753440","targetHints":{"allow":["GET"]}}],"collection":[{"href":"https:\/\/roveyayinevi.com.tr\/index.php\/wp-json\/wp\/v2\/product"}],"about":[{"href":"https:\/\/roveyayinevi.com.tr\/index.php\/wp-json\/wp\/v2\/types\/product"}],"wp:attachment":[{"href":"https:\/\/roveyayinevi.com.tr\/index.php\/wp-json\/wp\/v2\/media?parent=753440"}],"wp:term":[{"taxonomy":"product_brand","embeddable":true,"href":"https:\/\/roveyayinevi.com.tr\/index.php\/wp-json\/wp\/v2\/product_brand?post=753440"},{"taxonomy":"product_cat","embeddable":true,"href":"https:\/\/roveyayinevi.com.tr\/index.php\/wp-json\/wp\/v2\/product_cat?post=753440"},{"taxonomy":"product_tag","embeddable":true,"href":"https:\/\/roveyayinevi.com.tr\/index.php\/wp-json\/wp\/v2\/product_tag?post=753440"}],"curies":[{"name":"wp","href":"https:\/\/api.w.org\/{rel}","templated":true}]}}