{"id":753422,"date":"2025-08-28T05:43:09","date_gmt":"2025-08-28T02:43:09","guid":{"rendered":"https:\/\/roveyayinevi.com.tr\/index.php\/urun\/yapabiliriz-paylasmayi-ogrenebiliriz-ilk-okuma-kitabim\/"},"modified":"2026-04-16T03:06:47","modified_gmt":"2026-04-16T00:06:47","slug":"yapabiliriz-paylasmayi-ogrenebiliriz-ilk-okuma-kitabim","status":"publish","type":"product","link":"https:\/\/roveyayinevi.com.tr\/index.php\/urun\/yapabiliriz-paylasmayi-ogrenebiliriz-ilk-okuma-kitabim\/","title":{"rendered":"Yapabiliriz, Payla\u015fmay\u0131 \u00d6\u011frenebiliriz \u2013 \u0130lk Okuma Kitab\u0131m"},"content":{"rendered":"<p>Lara, Mete, Peri ve Emir, anaokulunun Kutup Ay\u0131s\u0131 s\u0131n\u0131f\u0131ndalar. D\u00f6rt arkada\u015f g\u00fcnden g\u00fcne sevin\u00e7, heyecan, \u00fcz\u00fcnt\u00fc gibi farkl\u0131 duygular ya\u015f\u0131yor. Fikir ayr\u0131l\u0131klar\u0131yla kar\u015f\u0131la\u015ft\u0131klar\u0131nda bunlar\u0131 nas\u0131l \u00e7\u00f6z\u00fcme kavu\u015fturacaklar\u0131n\u0131 birlikte \u00f6\u011freniyorlar. G\u00fcndelik hayattan \u00f6rnekleri bar\u0131nd\u0131ran \u00f6yk\u00fcm\u00fcz, \u00e7ocuklar\u0131n sosyal-duygusal beceri geli\u015fimlerini desteklerken payla\u015fma, anla\u015fma, uzla\u015fma, empati kurma gibi kavramlar\u0131 \u00e7ocu\u011fun kolayca anlayaca\u011f\u0131 bi\u00e7imde yans\u0131t\u0131yor. <\/p>\n","protected":false},"excerpt":{"rendered":"<p>Lara, Mete, Peri ve Emir, anaokulunun Kutup Ay\u0131s\u0131 s\u0131n\u0131f\u0131ndalar. D\u00f6rt arkada\u015f g\u00fcnden g\u00fcne sevin\u00e7, heyecan, \u00fcz\u00fcnt\u00fc gibi farkl\u0131 duygular ya\u015f\u0131yor. Fikir ayr\u0131l\u0131klar\u0131yla kar\u015f\u0131la\u015ft\u0131klar\u0131nda bunlar\u0131 nas\u0131l \u00e7\u00f6z\u00fcme<span class=\"excerpt-hellip\"> [\u2026]<\/span><\/p>\n","protected":false},"featured_media":0,"template":"","meta":{"_monsterinsights_skip_tracking":false,"_monsterinsights_sitenote_active":false,"_monsterinsights_sitenote_note":"","_monsterinsights_sitenote_category":0},"product_brand":[],"product_cat":[12274,12518],"product_tag":[],"class_list":{"0":"post-753422","1":"product","2":"type-product","3":"status-publish","5":"product_cat-cocuk-ve-genclik-kitaplari","6":"product_cat-okul-oncesi-kitaplar","7":"pa_cilt-ciltsiz","8":"pa_tur-kitap","9":"pa_yayinevi-is-bankasi-kultur-yayinlari","10":"pa_yazar-christian-tielmann","12":"first","13":"instock","14":"sale","15":"shipping-taxable","16":"purchasable","17":"product-type-simple"},"_links":{"self":[{"href":"https:\/\/roveyayinevi.com.tr\/index.php\/wp-json\/wp\/v2\/product\/753422","targetHints":{"allow":["GET"]}}],"collection":[{"href":"https:\/\/roveyayinevi.com.tr\/index.php\/wp-json\/wp\/v2\/product"}],"about":[{"href":"https:\/\/roveyayinevi.com.tr\/index.php\/wp-json\/wp\/v2\/types\/product"}],"wp:attachment":[{"href":"https:\/\/roveyayinevi.com.tr\/index.php\/wp-json\/wp\/v2\/media?parent=753422"}],"wp:term":[{"taxonomy":"product_brand","embeddable":true,"href":"https:\/\/roveyayinevi.com.tr\/index.php\/wp-json\/wp\/v2\/product_brand?post=753422"},{"taxonomy":"product_cat","embeddable":true,"href":"https:\/\/roveyayinevi.com.tr\/index.php\/wp-json\/wp\/v2\/product_cat?post=753422"},{"taxonomy":"product_tag","embeddable":true,"href":"https:\/\/roveyayinevi.com.tr\/index.php\/wp-json\/wp\/v2\/product_tag?post=753422"}],"curies":[{"name":"wp","href":"https:\/\/api.w.org\/{rel}","templated":true}]}}