{"id":753418,"date":"2025-08-28T05:43:03","date_gmt":"2025-08-28T02:43:03","guid":{"rendered":"https:\/\/roveyayinevi.com.tr\/index.php\/urun\/cumhuriyetin-ilk-sayimi-1927-nufus-tahriri\/"},"modified":"2026-04-16T03:06:47","modified_gmt":"2026-04-16T00:06:47","slug":"cumhuriyetin-ilk-sayimi-1927-nufus-tahriri","status":"publish","type":"product","link":"https:\/\/roveyayinevi.com.tr\/index.php\/urun\/cumhuriyetin-ilk-sayimi-1927-nufus-tahriri\/","title":{"rendered":"Cumhuriyetin \u0130lk Say\u0131m\u0131 \u2013 1927 N\u00fcfus Tahriri"},"content":{"rendered":"<p>\u201c&#8230;imtihanlar vard\u0131r ki; bir milletin medeni idareye ne derece lay\u0131k oldu\u011funu, demokrasi yani halk idaresi hususundaki iktidar\u0131n\u0131n ne kadar ilerlemi\u015f bulundu\u011funu g\u00f6sterir. Yar\u0131nki tahrir-i n\u00fcfus T\u00fcrk Milleti i\u00e7in b\u00f6yle bir imtihan g\u00fcn\u00fcd\u00fcr.\u201d Cumhuriyetin ilk n\u00fcfus say\u0131m\u0131 (tahrir-i n\u00fcfus), Haziran 1926\u2019da TBMM\u2019de kabul edilen kanun \u00e7er\u00e7evesinde 28 Ekim 1927 tarihinde yap\u0131ld\u0131. \u00dclke n\u00fcfusunu, toplumsal ve iktisadi \u00f6zelliklerini modern y\u00f6ntemlerle sayabilmek ve izleyebilmek i\u00e7in g\u00fcvenilir verilere ihtiya\u00e7 duyan yeni devlet, okuryazarl\u0131ktan anadile, cinsiyetten mesleklere kadar pek \u00e7ok bilginin toplanarak bir araya getirilmesini sa\u011flad\u0131. \u0130lk n\u00fcfus say\u0131m\u0131, yasama, yarg\u0131, e\u011fitim, sa\u011fl\u0131k, ekonomi ve k\u00fclt\u00fcr alanlar\u0131ndaki yenile\u015fme hareketi i\u00e7in de kritik \u00f6nemdeydi. Prof. Dr. \u015eevket Pamuk&#8217;un de\u011ferli katk\u0131s\u0131yla haz\u0131rlanan bu \u00e7al\u0131\u015fmada, 1927 say\u0131m\u0131ndan sonra yay\u0131mlanan verileri orijinal haliyle sunuyor, say\u0131m haz\u0131rl\u0131klar\u0131, say\u0131m g\u00fcn\u00fc ve sonras\u0131nda toplumun bu faaliyete kat\u0131l\u0131m\u0131na dair d\u00f6nem bas\u0131n\u0131nda yer alan yaz\u0131, foto\u011fraf, karikat\u00fcr ve belgeleri de okurlar\u0131m\u0131zla payla\u015f\u0131yoruz. <\/p>\n","protected":false},"excerpt":{"rendered":"<p>\u201c&#8230;imtihanlar vard\u0131r ki; bir milletin medeni idareye ne derece lay\u0131k oldu\u011funu, demokrasi yani halk idaresi hususundaki iktidar\u0131n\u0131n ne kadar ilerlemi\u015f bulundu\u011funu g\u00f6sterir. Yar\u0131nki tahrir-i n\u00fcfus T\u00fcrk<span class=\"excerpt-hellip\"> [\u2026]<\/span><\/p>\n","protected":false},"featured_media":0,"template":"","meta":{"_monsterinsights_skip_tracking":false,"_monsterinsights_sitenote_active":false,"_monsterinsights_sitenote_note":"","_monsterinsights_sitenote_category":0},"product_brand":[],"product_cat":[12304,13650],"product_tag":[],"class_list":{"0":"post-753418","1":"product","2":"type-product","3":"status-publish","5":"product_cat-tarih","6":"product_cat-turk-tarihi-arastirmalari","7":"pa_cilt-ciltsiz","8":"pa_tur-kitap","9":"pa_yayinevi-is-bankasi-kultur-yayinlari","10":"pa_yazar-kolektif","12":"first","13":"instock","14":"sale","15":"shipping-taxable","16":"purchasable","17":"product-type-simple"},"_links":{"self":[{"href":"https:\/\/roveyayinevi.com.tr\/index.php\/wp-json\/wp\/v2\/product\/753418","targetHints":{"allow":["GET"]}}],"collection":[{"href":"https:\/\/roveyayinevi.com.tr\/index.php\/wp-json\/wp\/v2\/product"}],"about":[{"href":"https:\/\/roveyayinevi.com.tr\/index.php\/wp-json\/wp\/v2\/types\/product"}],"wp:attachment":[{"href":"https:\/\/roveyayinevi.com.tr\/index.php\/wp-json\/wp\/v2\/media?parent=753418"}],"wp:term":[{"taxonomy":"product_brand","embeddable":true,"href":"https:\/\/roveyayinevi.com.tr\/index.php\/wp-json\/wp\/v2\/product_brand?post=753418"},{"taxonomy":"product_cat","embeddable":true,"href":"https:\/\/roveyayinevi.com.tr\/index.php\/wp-json\/wp\/v2\/product_cat?post=753418"},{"taxonomy":"product_tag","embeddable":true,"href":"https:\/\/roveyayinevi.com.tr\/index.php\/wp-json\/wp\/v2\/product_tag?post=753418"}],"curies":[{"name":"wp","href":"https:\/\/api.w.org\/{rel}","templated":true}]}}