{"id":753408,"date":"2025-08-28T05:42:49","date_gmt":"2025-08-28T02:42:49","guid":{"rendered":"https:\/\/roveyayinevi.com.tr\/index.php\/urun\/dostum-ramtamtam\/"},"modified":"2026-04-16T03:06:47","modified_gmt":"2026-04-16T00:06:47","slug":"dostum-ramtamtam","status":"publish","type":"product","link":"https:\/\/roveyayinevi.com.tr\/index.php\/urun\/dostum-ramtamtam\/","title":{"rendered":"Dostum RamTamTam"},"content":{"rendered":"<p>Bir \u00e7ocuk ile k\u00f6pe\u011fin kalpleri \u0131s\u0131tacak dostlu\u011fu ve kaybedilen bir dostu an\u0131larda ya\u015fatmak, birlikte ge\u00e7irilen zaman\u0131n de\u011ferini bilmek \u00fczerine b\u00fcy\u00fcleyici sadelikte bir hik\u00e2ye\u2026<\/p>\n","protected":false},"excerpt":{"rendered":"<p>Bir \u00e7ocuk ile k\u00f6pe\u011fin kalpleri \u0131s\u0131tacak dostlu\u011fu ve kaybedilen bir dostu an\u0131larda ya\u015fatmak, birlikte ge\u00e7irilen zaman\u0131n de\u011ferini bilmek \u00fczerine b\u00fcy\u00fcleyici sadelikte bir hik\u00e2ye\u2026<\/p>\n","protected":false},"featured_media":0,"template":"","meta":{"_monsterinsights_skip_tracking":false,"_monsterinsights_sitenote_active":false,"_monsterinsights_sitenote_note":"","_monsterinsights_sitenote_category":0},"product_brand":[],"product_cat":[12274,12284],"product_tag":[],"class_list":{"0":"post-753408","1":"product","2":"type-product","3":"status-publish","5":"product_cat-cocuk-ve-genclik-kitaplari","6":"product_cat-hikayeler","7":"pa_cilt-ciltsiz","8":"pa_tur-kitap","9":"pa_yayinevi-ithaki-yayinlari","10":"pa_yazar-helme-heine","12":"first","13":"instock","14":"sale","15":"shipping-taxable","16":"purchasable","17":"product-type-simple"},"_links":{"self":[{"href":"https:\/\/roveyayinevi.com.tr\/index.php\/wp-json\/wp\/v2\/product\/753408","targetHints":{"allow":["GET"]}}],"collection":[{"href":"https:\/\/roveyayinevi.com.tr\/index.php\/wp-json\/wp\/v2\/product"}],"about":[{"href":"https:\/\/roveyayinevi.com.tr\/index.php\/wp-json\/wp\/v2\/types\/product"}],"wp:attachment":[{"href":"https:\/\/roveyayinevi.com.tr\/index.php\/wp-json\/wp\/v2\/media?parent=753408"}],"wp:term":[{"taxonomy":"product_brand","embeddable":true,"href":"https:\/\/roveyayinevi.com.tr\/index.php\/wp-json\/wp\/v2\/product_brand?post=753408"},{"taxonomy":"product_cat","embeddable":true,"href":"https:\/\/roveyayinevi.com.tr\/index.php\/wp-json\/wp\/v2\/product_cat?post=753408"},{"taxonomy":"product_tag","embeddable":true,"href":"https:\/\/roveyayinevi.com.tr\/index.php\/wp-json\/wp\/v2\/product_tag?post=753408"}],"curies":[{"name":"wp","href":"https:\/\/api.w.org\/{rel}","templated":true}]}}